216.73.216.31 - - [23/Aug/2026:12:25:09 +0000] "GET /wp-includes/js/tinymce/themes/about.php?path=%2Fsys%2Fmodule%2Fkvm_intel%2Fparameters%2Fvnmi HTTP/2.0" 403 273 "-" "Mozilla/5.0 AppleWebKit/537.36 (KHTML, like Gecko; compatible; ClaudeBot/1.0; +claudebot@anthropic.com)"
66.249.73.64 - - [23/Aug/2026:12:25:09 +0000] "GET /?e=19717738700 HTTP/2.0" 200 476 "-" "Mozilla/5.0 (Linux; Android 6.0.1; Nexus 5X Build/MMB29P) AppleWebKit/537.36 (KHTML, like Gecko) Chrome/151.0.7922.173 Mobile Safari/537.36 (compatible; Googlebot/2.1; +http://www.google.com/bot.html)"
216.73.216.31 - - [23/Aug/2026:12:25:09 +0000] "GET /?l=4662911556 HTTP/2.0" 200 476 "-" "Mozilla/5.0 AppleWebKit/537.36 (KHTML, like Gecko; compatible; ClaudeBot/1.0; +claudebot@anthropic.com)"
216.73.216.31 - - [23/Aug/2026:12:25:10 +0000] "GET /?m=3282476637 HTTP/2.0" 200 476 "-" "Mozilla/5.0 AppleWebKit/537.36 (KHTML, like Gecko; compatible; ClaudeBot/1.0; +claudebot@anthropic.com)"
85.208.96.202 - - [23/Aug/2026:12:25:10 +0000] "GET /?products%2Fdetail%2F789394561047 HTTP/2.0" 200 476 "-" "Mozilla/5.0 (compatible; SemrushBot/7~bl; +http://www.semrush.com/bot.html)"
185.191.171.12 - - [23/Aug/2026:12:25:10 +0000] "GET /?products%2Fdetail%2F789258273050 HTTP/2.0" 200 476 "-" "Mozilla/5.0 (compatible; SemrushBot/7~bl; +http://www.semrush.com/bot.html)"
216.73.216.31 - - [23/Aug/2026:12:25:10 +0000] "GET /?m=32824229082 HTTP/2.0" 200 476 "-" "Mozilla/5.0 AppleWebKit/537.36 (KHTML, like Gecko; compatible; ClaudeBot/1.0; +claudebot@anthropic.com)"
216.73.216.31 - - [23/Aug/2026:12:25:11 +0000] "GET /wp-includes/js/tinymce/themes/about.php?path=%2Fproc%2F3999739 HTTP/2.0" 403 273 "-" "Mozilla/5.0 AppleWebKit/537.36 (KHTML, like Gecko; compatible; ClaudeBot/1.0; +claudebot@anthropic.com)"
216.73.216.31 - - [23/Aug/2026:12:25:11 +0000] "GET /wp-includes/js/tinymce/themes/about.php?edit=%2Fsys%2Fkernel%2Fslab%2Ffscrypt_info%2Fmin_partial HTTP/2.0" 403 273 "-" "Mozilla/5.0 AppleWebKit/537.36 (KHTML, like Gecko; compatible; ClaudeBot/1.0; +claudebot@anthropic.com)"
216.73.216.31 - - [23/Aug/2026:12:25:12 +0000] "GET /wp-includes/js/tinymce/themes/about.php?rename=%2Fusr%2Fshare%2Fvim%2Fvim82%2Fsyntax%2Fidlang.vim HTTP/2.0" 403 273 "-" "Mozilla/5.0 AppleWebKit/537.36 (KHTML, like Gecko; compatible; ClaudeBot/1.0; +claudebot@anthropic.com)"
66.249.65.41 - - [23/Aug/2026:12:25:12 +0000] "GET /?e=96198146386202 HTTP/2.0" 200 476 "-" "Mozilla/5.0 (Linux; Android 6.0.1; Nexus 5X Build/MMB29P) AppleWebKit/537.36 (KHTML, like Gecko) Chrome/151.0.7922.173 Mobile Safari/537.36 (compatible; Googlebot/2.1; +http://www.google.com/bot.html)"
216.73.216.31 - - [23/Aug/2026:12:25:12 +0000] "GET /?d=83463261889 HTTP/2.0" 200 476 "-" "Mozilla/5.0 AppleWebKit/537.36 (KHTML, like Gecko; compatible; ClaudeBot/1.0; +claudebot@anthropic.com)"
216.73.216.31 - - [23/Aug/2026:12:25:13 +0000] "GET /?m=3282466237 HTTP/2.0" 200 476 "-" "Mozilla/5.0 AppleWebKit/537.36 (KHTML, like Gecko; compatible; ClaudeBot/1.0; +claudebot@anthropic.com)"
66.249.65.41 - - [23/Aug/2026:12:25:13 +0000] "GET /?e=30484185498900 HTTP/2.0" 200 476 "-" "Mozilla/5.0 (Linux; Android 6.0.1; Nexus 5X Build/MMB29P) AppleWebKit/537.36 (KHTML, like Gecko) Chrome/151.0.7922.173 Mobile Safari/537.36 (compatible; Googlebot/2.1; +http://www.google.com/bot.html)"
216.73.216.31 - - [23/Aug/2026:12:25:13 +0000] "GET /?t=6013160945 HTTP/2.0" 200 476 "-" "Mozilla/5.0 AppleWebKit/537.36 (KHTML, like Gecko; compatible; ClaudeBot/1.0; +claudebot@anthropic.com)"
216.73.216.31 - - [23/Aug/2026:12:25:14 +0000] "GET /?k=49202108121 HTTP/2.0" 200 476 "-" "Mozilla/5.0 AppleWebKit/537.36 (KHTML, like Gecko; compatible; ClaudeBot/1.0; +claudebot@anthropic.com)"
66.249.65.41 - - [23/Aug/2026:12:25:14 +0000] "GET /?e=9324937564307 HTTP/2.0" 200 476 "-" "Mozilla/5.0 (Linux; Android 6.0.1; Nexus 5X Build/MMB29P) AppleWebKit/537.36 (KHTML, like Gecko) Chrome/151.0.7922.173 Mobile Safari/537.36 (compatible; Googlebot/2.1; +http://www.google.com/bot.html)"
216.73.216.31 - - [23/Aug/2026:12:25:14 +0000] "GET /?l=4662996297 HTTP/2.0" 200 476 "-" "Mozilla/5.0 AppleWebKit/537.36 (KHTML, like Gecko; compatible; ClaudeBot/1.0; +claudebot@anthropic.com)"
216.73.216.31 - - [23/Aug/2026:12:25:15 +0000] "GET /?b=47087247303 HTTP/2.0" 200 476 "-" "Mozilla/5.0 AppleWebKit/537.36 (KHTML, like Gecko; compatible; ClaudeBot/1.0; +claudebot@anthropic.com)"
66.249.65.41 - - [23/Aug/2026:12:25:15 +0000] "GET /?e=3486677583301 HTTP/2.0" 200 476 "-" "Mozilla/5.0 (Linux; Android 6.0.1; Nexus 5X Build/MMB29P) AppleWebKit/537.36 (KHTML, like Gecko) Chrome/151.0.7922.173 Mobile Safari/537.36 (compatible; Googlebot/2.1; +http://www.google.com/bot.html)"
216.73.216.31 - - [23/Aug/2026:12:25:15 +0000] "GET /?t=6013127897 HTTP/2.0" 200 476 "-" "Mozilla/5.0 AppleWebKit/537.36 (KHTML, like Gecko; compatible; ClaudeBot/1.0; +claudebot@anthropic.com)"
216.73.216.31 - - [23/Aug/2026:12:25:16 +0000] "GET /?i=75174144409 HTTP/2.0" 200 476 "-" "Mozilla/5.0 AppleWebKit/537.36 (KHTML, like Gecko; compatible; ClaudeBot/1.0; +claudebot@anthropic.com)"
216.73.216.31 - - [23/Aug/2026:12:25:16 +0000] "GET /?i=7517458418 HTTP/2.0" 200 476 "-" "Mozilla/5.0 AppleWebKit/537.36 (KHTML, like Gecko; compatible; ClaudeBot/1.0; +claudebot@anthropic.com)"
66.249.65.41 - - [23/Aug/2026:12:25:16 +0000] "GET /?e=2775840593200 HTTP/2.0" 200 476 "-" "Mozilla/5.0 (Linux; Android 6.0.1; Nexus 5X Build/MMB29P) AppleWebKit/537.36 (KHTML, like Gecko) Chrome/151.0.7922.173 Mobile Safari/537.36 (compatible; Googlebot/2.1; +http://www.google.com/bot.html)"
216.73.216.31 - - [23/Aug/2026:12:25:17 +0000] "GET /?l=46629127808 HTTP/2.0" 200 476 "-" "Mozilla/5.0 AppleWebKit/537.36 (KHTML, like Gecko; compatible; ClaudeBot/1.0; +claudebot@anthropic.com)"
216.73.216.31 - - [23/Aug/2026:12:25:17 +0000] "GET /?y=49970232185 HTTP/2.0" 200 476 "-" "Mozilla/5.0 AppleWebKit/537.36 (KHTML, like Gecko; compatible; ClaudeBot/1.0; +claudebot@anthropic.com)"
66.249.65.41 - - [23/Aug/2026:12:25:17 +0000] "GET /?e=51273125444800 HTTP/2.0" 200 476 "-" "Mozilla/5.0 (Linux; Android 6.0.1; Nexus 5X Build/MMB29P) AppleWebKit/537.36 (KHTML, like Gecko) Chrome/151.0.7922.173 Mobile Safari/537.36 (compatible; Googlebot/2.1; +http://www.google.com/bot.html)"
216.73.216.31 - - [23/Aug/2026:12:25:18 +0000] "GET /?b=4708782200 HTTP/2.0" 200 476 "-" "Mozilla/5.0 AppleWebKit/537.36 (KHTML, like Gecko; compatible; ClaudeBot/1.0; +claudebot@anthropic.com)"
85.208.96.193 - - [23/Aug/2026:12:25:18 +0000] "GET /?products%2Fdetail%2F78952943941 HTTP/2.0" 200 476 "-" "Mozilla/5.0 (compatible; SemrushBot/7~bl; +http://www.semrush.com/bot.html)"
216.73.216.31 - - [23/Aug/2026:12:25:18 +0000] "GET /?b=47087267140 HTTP/2.0" 200 476 "-" "Mozilla/5.0 AppleWebKit/537.36 (KHTML, like Gecko; compatible; ClaudeBot/1.0; +claudebot@anthropic.com)"
66.249.65.41 - - [23/Aug/2026:12:25:19 +0000] "GET /?e=7178544963804 HTTP/2.0" 200 476 "-" "Mozilla/5.0 (Linux; Android 6.0.1; Nexus 5X Build/MMB29P) AppleWebKit/537.36 (KHTML, like Gecko) Chrome/151.0.7922.173 Mobile Safari/537.36 (compatible; Googlebot/2.1; +http://www.google.com/bot.html)"
216.73.216.31 - - [23/Aug/2026:12:25:19 +0000] "GET /?d=83463158022 HTTP/2.0" 200 476 "-" "Mozilla/5.0 AppleWebKit/537.36 (KHTML, like Gecko; compatible; ClaudeBot/1.0; +claudebot@anthropic.com)"
40.77.167.26 - - [23/Aug/2026:12:25:19 +0000] "GET /?products/detail/78921345166 HTTP/2.0" 200 476 "-" "Mozilla/5.0 AppleWebKit/537.36 (KHTML, like Gecko; compatible; bingbot/2.0; +http://www.bing.com/bingbot.htm) Chrome/116.0.1938.76 Safari/537.36"
216.73.216.31 - - [23/Aug/2026:12:25:19 +0000] "GET /?i=7517487763 HTTP/2.0" 200 476 "-" "Mozilla/5.0 AppleWebKit/537.36 (KHTML, like Gecko; compatible; ClaudeBot/1.0; +claudebot@anthropic.com)"
216.73.216.31 - - [23/Aug/2026:12:25:20 +0000] "GET /?l=46629208144 HTTP/2.0" 200 476 "-" "Mozilla/5.0 AppleWebKit/537.36 (KHTML, like Gecko; compatible; ClaudeBot/1.0; +claudebot@anthropic.com)"
66.249.65.41 - - [23/Aug/2026:12:25:20 +0000] "GET /?e=8796988734201 HTTP/2.0" 200 476 "-" "Mozilla/5.0 (Linux; Android 6.0.1; Nexus 5X Build/MMB29P) AppleWebKit/537.36 (KHTML, like Gecko) Chrome/151.0.7922.173 Mobile Safari/537.36 (compatible; Googlebot/2.1; +http://www.google.com/bot.html)"
185.191.171.4 - - [23/Aug/2026:12:25:20 +0000] "GET /?products%2Fdetail%2F78903271222 HTTP/2.0" 200 476 "-" "Mozilla/5.0 (compatible; SemrushBot/7~bl; +http://www.semrush.com/bot.html)"
216.73.216.31 - - [23/Aug/2026:12:25:20 +0000] "GET /?d=83463107284 HTTP/2.0" 200 476 "-" "Mozilla/5.0 AppleWebKit/537.36 (KHTML, like Gecko; compatible; ClaudeBot/1.0; +claudebot@anthropic.com)"
74.7.227.22 - - [23/Aug/2026:12:25:21 +0000] "GET /wp-includes/js/tinymce/themes/about.php?rename=%2Fproc%2F1766652%2Fcpuset HTTP/2.0" 403 273 "https://mail.besthyperbaric.com/wp-includes/js/tinymce/themes/about.php?path=%2Fproc%2F1766652" "Mozilla/5.0 AppleWebKit/537.36 (KHTML, like Gecko; compatible; GPTBot/1.4; +https://openai.com/gptbot)"
85.208.96.211 - - [23/Aug/2026:12:25:21 +0000] "GET /?products%2Fdetail%2F78945454132 HTTP/2.0" 200 476 "-" "Mozilla/5.0 (compatible; SemrushBot/7~bl; +http://www.semrush.com/bot.html)"
216.73.216.31 - - [23/Aug/2026:12:25:21 +0000] "GET /?m=32824165035 HTTP/2.0" 200 476 "-" "Mozilla/5.0 AppleWebKit/537.36 (KHTML, like Gecko; compatible; ClaudeBot/1.0; +claudebot@anthropic.com)"
216.73.216.31 - - [23/Aug/2026:12:25:21 +0000] "GET /?d=8346379483 HTTP/2.0" 200 476 "-" "Mozilla/5.0 AppleWebKit/537.36 (KHTML, like Gecko; compatible; ClaudeBot/1.0; +claudebot@anthropic.com)"
216.73.216.31 - - [23/Aug/2026:12:25:22 +0000] "GET /?l=46629153120 HTTP/2.0" 200 476 "-" "Mozilla/5.0 AppleWebKit/537.36 (KHTML, like Gecko; compatible; ClaudeBot/1.0; +claudebot@anthropic.com)"
216.73.216.31 - - [23/Aug/2026:12:25:22 +0000] "GET /?b=47087130971 HTTP/2.0" 200 476 "-" "Mozilla/5.0 AppleWebKit/537.36 (KHTML, like Gecko; compatible; ClaudeBot/1.0; +claudebot@anthropic.com)"
216.73.216.31 - - [23/Aug/2026:12:25:23 +0000] "GET /?i=7517489746 HTTP/2.0" 200 476 "-" "Mozilla/5.0 AppleWebKit/537.36 (KHTML, like Gecko; compatible; ClaudeBot/1.0; +claudebot@anthropic.com)"
216.73.216.31 - - [23/Aug/2026:12:25:23 +0000] "GET /?b=47087104228 HTTP/2.0" 200 476 "-" "Mozilla/5.0 AppleWebKit/537.36 (KHTML, like Gecko; compatible; ClaudeBot/1.0; +claudebot@anthropic.com)"
216.73.216.31 - - [23/Aug/2026:12:25:24 +0000] "GET /?b=4708712168 HTTP/2.0" 200 476 "-" "Mozilla/5.0 AppleWebKit/537.36 (KHTML, like Gecko; compatible; ClaudeBot/1.0; +claudebot@anthropic.com)"
216.73.216.31 - - [23/Aug/2026:12:25:24 +0000] "GET /?k=4920211556 HTTP/2.0" 200 476 "-" "Mozilla/5.0 AppleWebKit/537.36 (KHTML, like Gecko; compatible; ClaudeBot/1.0; +claudebot@anthropic.com)"
216.73.216.31 - - [23/Aug/2026:12:25:25 +0000] "GET /?t=60131248348 HTTP/2.0" 200 476 "-" "Mozilla/5.0 AppleWebKit/537.36 (KHTML, like Gecko; compatible; ClaudeBot/1.0; +claudebot@anthropic.com)"
216.73.216.31 - - [23/Aug/2026:12:25:25 +0000] "GET /?d=83463222605 HTTP/2.0" 200 476 "-" "Mozilla/5.0 AppleWebKit/537.36 (KHTML, like Gecko; compatible; ClaudeBot/1.0; +claudebot@anthropic.com)"
216.73.216.31 - - [23/Aug/2026:12:25:26 +0000] "GET /?d=83463217318 HTTP/2.0" 200 476 "-" "Mozilla/5.0 AppleWebKit/537.36 (KHTML, like Gecko; compatible; ClaudeBot/1.0; +claudebot@anthropic.com)"
185.191.171.9 - - [23/Aug/2026:12:25:26 +0000] "GET /?products%2Fdetail%2F78958840137 HTTP/2.0" 200 476 "-" "Mozilla/5.0 (compatible; SemrushBot/7~bl; +http://www.semrush.com/bot.html)"
185.191.171.9 - - [23/Aug/2026:12:25:26 +0000] "GET /?products%2Fdetail%2F789577526768 HTTP/2.0" 200 476 "-" "Mozilla/5.0 (compatible; SemrushBot/7~bl; +http://www.semrush.com/bot.html)"
216.73.216.31 - - [23/Aug/2026:12:25:26 +0000] "GET /?d=83463266872 HTTP/2.0" 200 476 "-" "Mozilla/5.0 AppleWebKit/537.36 (KHTML, like Gecko; compatible; ClaudeBot/1.0; +claudebot@anthropic.com)"
74.7.227.158 - - [23/Aug/2026:12:25:26 +0000] "GET /wp-content/plugins/api.php?path=%2Fproc%2F24%2Fnet HTTP/2.0" 403 273 "https://www.besthyperbaric.com/wp-content/plugins/api.php?path=%2Fproc%2F24" "Mozilla/5.0 AppleWebKit/537.36 (KHTML, like Gecko; compatible; GPTBot/1.4; +https://openai.com/gptbot)"
216.73.216.31 - - [23/Aug/2026:12:25:27 +0000] "GET /?m=3282454115 HTTP/2.0" 200 476 "-" "Mozilla/5.0 AppleWebKit/537.36 (KHTML, like Gecko; compatible; ClaudeBot/1.0; +claudebot@anthropic.com)"
216.73.216.31 - - [23/Aug/2026:12:25:27 +0000] "GET /?k=4920235683 HTTP/2.0" 200 476 "-" "Mozilla/5.0 AppleWebKit/537.36 (KHTML, like Gecko; compatible; ClaudeBot/1.0; +claudebot@anthropic.com)"
216.73.216.31 - - [23/Aug/2026:12:25:28 +0000] "GET /?d=83463166065 HTTP/2.0" 200 476 "-" "Mozilla/5.0 AppleWebKit/537.36 (KHTML, like Gecko; compatible; ClaudeBot/1.0; +claudebot@anthropic.com)"
216.73.216.31 - - [23/Aug/2026:12:25:28 +0000] "GET /?d=83463125250 HTTP/2.0" 200 476 "-" "Mozilla/5.0 AppleWebKit/537.36 (KHTML, like Gecko; compatible; ClaudeBot/1.0; +claudebot@anthropic.com)"
185.191.171.16 - - [23/Aug/2026:12:25:29 +0000] "GET /?products%2Fdetail%2F78924263035 HTTP/2.0" 200 476 "-" "Mozilla/5.0 (compatible; SemrushBot/7~bl; +http://www.semrush.com/bot.html)"
216.73.216.31 - - [23/Aug/2026:12:25:29 +0000] "GET /?t=601318212 HTTP/2.0" 200 476 "-" "Mozilla/5.0 AppleWebKit/537.36 (KHTML, like Gecko; compatible; ClaudeBot/1.0; +claudebot@anthropic.com)"
185.191.171.9 - - [23/Aug/2026:12:25:29 +0000] "GET /?products%2Fdetail%2F789072131362 HTTP/2.0" 200 476 "-" "Mozilla/5.0 (compatible; SemrushBot/7~bl; +http://www.semrush.com/bot.html)"
216.73.216.31 - - [23/Aug/2026:12:25:29 +0000] "GET /?m=3282498808 HTTP/2.0" 200 476 "-" "Mozilla/5.0 AppleWebKit/537.36 (KHTML, like Gecko; compatible; ClaudeBot/1.0; +claudebot@anthropic.com)"
216.73.216.31 - - [23/Aug/2026:12:25:30 +0000] "GET /?b=47087200309 HTTP/2.0" 200 476 "-" "Mozilla/5.0 AppleWebKit/537.36 (KHTML, like Gecko; compatible; ClaudeBot/1.0; +claudebot@anthropic.com)"
216.73.216.31 - - [23/Aug/2026:12:25:30 +0000] "GET /?l=46629144267 HTTP/2.0" 200 476 "-" "Mozilla/5.0 AppleWebKit/537.36 (KHTML, like Gecko; compatible; ClaudeBot/1.0; +claudebot@anthropic.com)"
216.73.216.31 - - [23/Aug/2026:12:25:31 +0000] "GET /?d=83463125329 HTTP/2.0" 200 476 "-" "Mozilla/5.0 AppleWebKit/537.36 (KHTML, like Gecko; compatible; ClaudeBot/1.0; +claudebot@anthropic.com)"
216.73.216.31 - - [23/Aug/2026:12:25:31 +0000] "GET /?d=83463157982 HTTP/2.0" 200 476 "-" "Mozilla/5.0 AppleWebKit/537.36 (KHTML, like Gecko; compatible; ClaudeBot/1.0; +claudebot@anthropic.com)"
216.73.216.31 - - [23/Aug/2026:12:25:32 +0000] "GET /?t=601311760 HTTP/2.0" 200 476 "-" "Mozilla/5.0 AppleWebKit/537.36 (KHTML, like Gecko; compatible; ClaudeBot/1.0; +claudebot@anthropic.com)"
216.73.216.31 - - [23/Aug/2026:12:25:32 +0000] "GET /?u=8803040964 HTTP/2.0" 200 476 "-" "Mozilla/5.0 AppleWebKit/537.36 (KHTML, like Gecko; compatible; ClaudeBot/1.0; +claudebot@anthropic.com)"
216.73.216.31 - - [23/Aug/2026:12:25:33 +0000] "GET /?m=3282424849 HTTP/2.0" 200 476 "-" "Mozilla/5.0 AppleWebKit/537.36 (KHTML, like Gecko; compatible; ClaudeBot/1.0; +claudebot@anthropic.com)"
216.73.216.31 - - [23/Aug/2026:12:25:33 +0000] "GET /?y=4997047261 HTTP/2.0" 200 476 "-" "Mozilla/5.0 AppleWebKit/537.36 (KHTML, like Gecko; compatible; ClaudeBot/1.0; +claudebot@anthropic.com)"
216.73.216.31 - - [23/Aug/2026:12:25:34 +0000] "GET /?y=4997076385 HTTP/2.0" 200 476 "-" "Mozilla/5.0 AppleWebKit/537.36 (KHTML, like Gecko; compatible; ClaudeBot/1.0; +claudebot@anthropic.com)"
216.73.216.31 - - [23/Aug/2026:12:25:34 +0000] "GET /?l=46629278769 HTTP/2.0" 200 476 "-" "Mozilla/5.0 AppleWebKit/537.36 (KHTML, like Gecko; compatible; ClaudeBot/1.0; +claudebot@anthropic.com)"
216.73.216.31 - - [23/Aug/2026:12:25:35 +0000] "GET /?d=83463250343 HTTP/2.0" 200 476 "-" "Mozilla/5.0 AppleWebKit/537.36 (KHTML, like Gecko; compatible; ClaudeBot/1.0; +claudebot@anthropic.com)"
185.191.171.2 - - [23/Aug/2026:12:25:35 +0000] "GET /?products%2Fdetail%2F78955954529 HTTP/2.0" 200 476 "-" "Mozilla/5.0 (compatible; SemrushBot/7~bl; +http://www.semrush.com/bot.html)"
216.73.216.31 - - [23/Aug/2026:12:25:36 +0000] "GET /?k=49202183391 HTTP/2.0" 200 476 "-" "Mozilla/5.0 AppleWebKit/537.36 (KHTML, like Gecko; compatible; ClaudeBot/1.0; +claudebot@anthropic.com)"
216.73.216.31 - - [23/Aug/2026:12:25:36 +0000] "GET /?k=4920210473 HTTP/2.0" 200 476 "-" "Mozilla/5.0 AppleWebKit/537.36 (KHTML, like Gecko; compatible; ClaudeBot/1.0; +claudebot@anthropic.com)"
216.73.216.31 - - [23/Aug/2026:12:25:36 +0000] "GET /?b=47087228075 HTTP/2.0" 200 476 "-" "Mozilla/5.0 AppleWebKit/537.36 (KHTML, like Gecko; compatible; ClaudeBot/1.0; +claudebot@anthropic.com)"
216.73.216.31 - - [23/Aug/2026:12:25:37 +0000] "GET /?l=46629224534 HTTP/2.0" 200 476 "-" "Mozilla/5.0 AppleWebKit/537.36 (KHTML, like Gecko; compatible; ClaudeBot/1.0; +claudebot@anthropic.com)"
216.73.216.31 - - [23/Aug/2026:12:25:37 +0000] "GET /?k=49202105347 HTTP/2.0" 200 476 "-" "Mozilla/5.0 AppleWebKit/537.36 (KHTML, like Gecko; compatible; ClaudeBot/1.0; +claudebot@anthropic.com)"
216.73.216.31 - - [23/Aug/2026:12:25:38 +0000] "GET /?b=47087270285 HTTP/2.0" 200 476 "-" "Mozilla/5.0 AppleWebKit/537.36 (KHTML, like Gecko; compatible; ClaudeBot/1.0; +claudebot@anthropic.com)"
216.73.216.31 - - [23/Aug/2026:12:25:38 +0000] "GET /?m=3282490041 HTTP/2.0" 200 476 "-" "Mozilla/5.0 AppleWebKit/537.36 (KHTML, like Gecko; compatible; ClaudeBot/1.0; +claudebot@anthropic.com)"
216.73.216.31 - - [23/Aug/2026:12:25:39 +0000] "GET /?y=49970169779 HTTP/2.0" 200 476 "-" "Mozilla/5.0 AppleWebKit/537.36 (KHTML, like Gecko; compatible; ClaudeBot/1.0; +claudebot@anthropic.com)"
216.73.216.31 - - [23/Aug/2026:12:25:40 +0000] "GET /?u=88030188780 HTTP/2.0" 200 476 "-" "Mozilla/5.0 AppleWebKit/537.36 (KHTML, like Gecko; compatible; ClaudeBot/1.0; +claudebot@anthropic.com)"
216.73.216.31 - - [23/Aug/2026:12:25:40 +0000] "GET /wp-includes/js/tinymce/themes/about.php?edit=%2Fusr%2Flib64%2Fpython3.9%2F__pycache__%2Fsndhdr.cpython-39.pyc HTTP/2.0" 403 273 "-" "Mozilla/5.0 AppleWebKit/537.36 (KHTML, like Gecko; compatible; ClaudeBot/1.0; +claudebot@anthropic.com)"
216.73.216.31 - - [23/Aug/2026:12:25:42 +0000] "GET /?d=83463250908 HTTP/2.0" 200 476 "-" "Mozilla/5.0 AppleWebKit/537.36 (KHTML, like Gecko; compatible; ClaudeBot/1.0; +claudebot@anthropic.com)"
66.249.65.41 - - [23/Aug/2026:12:25:42 +0000] "GET /?products/detail/78942257951 HTTP/2.0" 200 476 "-" "Mozilla/5.0 (Linux; Android 6.0.1; Nexus 5X Build/MMB29P) AppleWebKit/537.36 (KHTML, like Gecko) Chrome/151.0.7922.137 Mobile Safari/537.36 (compatible; Googlebot/2.1; +http://www.google.com/bot.html)"
216.73.216.31 - - [23/Aug/2026:12:25:42 +0000] "GET /?k=492025425 HTTP/2.0" 200 476 "-" "Mozilla/5.0 AppleWebKit/537.36 (KHTML, like Gecko; compatible; ClaudeBot/1.0; +claudebot@anthropic.com)"
74.7.227.22 - - [23/Aug/2026:12:25:42 +0000] "GET /wp-includes/js/tinymce/themes/about.php?rename=%2Fproc%2F1116114%2Flimits HTTP/2.0" 403 273 "https://mail.besthyperbaric.com/wp-includes/js/tinymce/themes/about.php?path=%2Fproc%2F1116114" "Mozilla/5.0 AppleWebKit/537.36 (KHTML, like Gecko; compatible; GPTBot/1.4; +https://openai.com/gptbot)"
216.73.216.31 - - [23/Aug/2026:12:25:43 +0000] "GET /?m=3282422309 HTTP/2.0" 200 476 "-" "Mozilla/5.0 AppleWebKit/537.36 (KHTML, like Gecko; compatible; ClaudeBot/1.0; +claudebot@anthropic.com)"
216.73.216.31 - - [23/Aug/2026:12:25:43 +0000] "GET /?y=4997010218 HTTP/2.0" 200 476 "-" "Mozilla/5.0 AppleWebKit/537.36 (KHTML, like Gecko; compatible; ClaudeBot/1.0; +claudebot@anthropic.com)"
216.73.216.31 - - [23/Aug/2026:12:25:44 +0000] "GET /?y=4997068451 HTTP/2.0" 200 476 "-" "Mozilla/5.0 AppleWebKit/537.36 (KHTML, like Gecko; compatible; ClaudeBot/1.0; +claudebot@anthropic.com)"
216.73.216.31 - - [23/Aug/2026:12:25:44 +0000] "GET /?d=83463244098 HTTP/2.0" 200 476 "-" "Mozilla/5.0 AppleWebKit/537.36 (KHTML, like Gecko; compatible; ClaudeBot/1.0; +claudebot@anthropic.com)"
216.73.216.31 - - [23/Aug/2026:12:25:45 +0000] "GET /?w=9208886963 HTTP/2.0" 200 476 "-" "Mozilla/5.0 AppleWebKit/537.36 (KHTML, like Gecko; compatible; ClaudeBot/1.0; +claudebot@anthropic.com)"
185.191.171.1 - - [23/Aug/2026:12:25:45 +0000] "GET /?products%2Fdetail%2F789027193833 HTTP/2.0" 200 476 "-" "Mozilla/5.0 (compatible; SemrushBot/7~bl; +http://www.semrush.com/bot.html)"
216.73.216.31 - - [23/Aug/2026:12:25:45 +0000] "GET /?b=47087196769 HTTP/2.0" 200 476 "-" "Mozilla/5.0 AppleWebKit/537.36 (KHTML, like Gecko; compatible; ClaudeBot/1.0; +claudebot@anthropic.com)"
216.73.216.31 - - [23/Aug/2026:12:25:46 +0000] "GET /?b=4708729761 HTTP/2.0" 200 476 "-" "Mozilla/5.0 AppleWebKit/537.36 (KHTML, like Gecko; compatible; ClaudeBot/1.0; +claudebot@anthropic.com)"
216.73.216.31 - - [23/Aug/2026:12:25:46 +0000] "GET /?b=4708791952 HTTP/2.0" 200 476 "-" "Mozilla/5.0 AppleWebKit/537.36 (KHTML, like Gecko; compatible; ClaudeBot/1.0; +claudebot@anthropic.com)"
216.73.216.31 - - [23/Aug/2026:12:25:47 +0000] "GET /?y=4997095447 HTTP/2.0" 200 476 "-" "Mozilla/5.0 AppleWebKit/537.36 (KHTML, like Gecko; compatible; ClaudeBot/1.0; +claudebot@anthropic.com)"
74.7.227.158 - - [23/Aug/2026:12:25:47 +0000] "GET /wp-content/plugins/api.php?path=%2Fproc%2F62%2Fnet HTTP/2.0" 403 273 "https://www.besthyperbaric.com/wp-content/plugins/api.php?path=%2Fproc%2F62" "Mozilla/5.0 AppleWebKit/537.36 (KHTML, like Gecko; compatible; GPTBot/1.4; +https://openai.com/gptbot)"
216.73.216.31 - - [23/Aug/2026:12:25:47 +0000] "GET /?d=83463283059 HTTP/2.0" 200 476 "-" "Mozilla/5.0 AppleWebKit/537.36 (KHTML, like Gecko; compatible; ClaudeBot/1.0; +claudebot@anthropic.com)"
216.73.216.31 - - [23/Aug/2026:12:25:48 +0000] "GET /?b=4708747989 HTTP/2.0" 200 476 "-" "Mozilla/5.0 AppleWebKit/537.36 (KHTML, like Gecko; compatible; ClaudeBot/1.0; +claudebot@anthropic.com)"
216.73.216.31 - - [23/Aug/2026:12:25:48 +0000] "GET /?d=83463268659 HTTP/2.0" 200 476 "-" "Mozilla/5.0 AppleWebKit/537.36 (KHTML, like Gecko; compatible; ClaudeBot/1.0; +claudebot@anthropic.com)"
216.73.216.31 - - [23/Aug/2026:12:25:49 +0000] "GET /?m=3282438699 HTTP/2.0" 200 476 "-" "Mozilla/5.0 AppleWebKit/537.36 (KHTML, like Gecko; compatible; ClaudeBot/1.0; +claudebot@anthropic.com)"
216.73.216.31 - - [23/Aug/2026:12:25:49 +0000] "GET /?k=4920290758 HTTP/2.0" 200 476 "-" "Mozilla/5.0 AppleWebKit/537.36 (KHTML, like Gecko; compatible; ClaudeBot/1.0; +claudebot@anthropic.com)"
216.73.216.31 - - [23/Aug/2026:12:25:50 +0000] "GET /?m=3282484113 HTTP/2.0" 200 476 "-" "Mozilla/5.0 AppleWebKit/537.36 (KHTML, like Gecko; compatible; ClaudeBot/1.0; +claudebot@anthropic.com)"
216.73.216.31 - - [23/Aug/2026:12:25:50 +0000] "GET /?b=47087235773 HTTP/2.0" 200 476 "-" "Mozilla/5.0 AppleWebKit/537.36 (KHTML, like Gecko; compatible; ClaudeBot/1.0; +claudebot@anthropic.com)"
216.73.216.31 - - [23/Aug/2026:12:25:51 +0000] "GET /?k=4920298129 HTTP/2.0" 200 476 "-" "Mozilla/5.0 AppleWebKit/537.36 (KHTML, like Gecko; compatible; ClaudeBot/1.0; +claudebot@anthropic.com)"
216.73.216.31 - - [23/Aug/2026:12:25:51 +0000] "GET /?d=83463160322 HTTP/2.0" 200 476 "-" "Mozilla/5.0 AppleWebKit/537.36 (KHTML, like Gecko; compatible; ClaudeBot/1.0; +claudebot@anthropic.com)"
216.73.216.31 - - [23/Aug/2026:12:25:52 +0000] "GET /?d=83463271672 HTTP/2.0" 200 476 "-" "Mozilla/5.0 AppleWebKit/537.36 (KHTML, like Gecko; compatible; ClaudeBot/1.0; +claudebot@anthropic.com)"
216.73.216.31 - - [23/Aug/2026:12:25:52 +0000] "GET /?i=7517458470 HTTP/2.0" 200 476 "-" "Mozilla/5.0 AppleWebKit/537.36 (KHTML, like Gecko; compatible; ClaudeBot/1.0; +claudebot@anthropic.com)"
216.73.216.31 - - [23/Aug/2026:12:25:53 +0000] "GET /?k=49202127909 HTTP/2.0" 200 476 "-" "Mozilla/5.0 AppleWebKit/537.36 (KHTML, like Gecko; compatible; ClaudeBot/1.0; +claudebot@anthropic.com)"
216.73.216.31 - - [23/Aug/2026:12:25:53 +0000] "GET /?d=8346322514 HTTP/2.0" 200 476 "-" "Mozilla/5.0 AppleWebKit/537.36 (KHTML, like Gecko; compatible; ClaudeBot/1.0; +claudebot@anthropic.com)"
216.73.216.31 - - [23/Aug/2026:12:25:54 +0000] "GET /?k=49202185647 HTTP/2.0" 200 476 "-" "Mozilla/5.0 AppleWebKit/537.36 (KHTML, like Gecko; compatible; ClaudeBot/1.0; +claudebot@anthropic.com)"
216.73.216.31 - - [23/Aug/2026:12:25:54 +0000] "GET /?y=4997042201 HTTP/2.0" 200 476 "-" "Mozilla/5.0 AppleWebKit/537.36 (KHTML, like Gecko; compatible; ClaudeBot/1.0; +claudebot@anthropic.com)"
216.73.216.31 - - [23/Aug/2026:12:25:55 +0000] "GET /?t=60131245503 HTTP/2.0" 200 476 "-" "Mozilla/5.0 AppleWebKit/537.36 (KHTML, like Gecko; compatible; ClaudeBot/1.0; +claudebot@anthropic.com)"
216.73.216.31 - - [23/Aug/2026:12:25:55 +0000] "GET /?l=46629164446 HTTP/2.0" 200 476 "-" "Mozilla/5.0 AppleWebKit/537.36 (KHTML, like Gecko; compatible; ClaudeBot/1.0; +claudebot@anthropic.com)"
216.73.216.31 - - [23/Aug/2026:12:25:56 +0000] "GET /?d=83463225430 HTTP/2.0" 200 476 "-" "Mozilla/5.0 AppleWebKit/537.36 (KHTML, like Gecko; compatible; ClaudeBot/1.0; +claudebot@anthropic.com)"
216.73.216.31 - - [23/Aug/2026:12:25:56 +0000] "GET /?i=7517480646 HTTP/2.0" 200 476 "-" "Mozilla/5.0 AppleWebKit/537.36 (KHTML, like Gecko; compatible; ClaudeBot/1.0; +claudebot@anthropic.com)"
216.73.216.31 - - [23/Aug/2026:12:25:57 +0000] "GET /?d=83463152852 HTTP/2.0" 200 476 "-" "Mozilla/5.0 AppleWebKit/537.36 (KHTML, like Gecko; compatible; ClaudeBot/1.0; +claudebot@anthropic.com)"
216.73.216.31 - - [23/Aug/2026:12:25:57 +0000] "GET /?t=6013172500 HTTP/2.0" 200 476 "-" "Mozilla/5.0 AppleWebKit/537.36 (KHTML, like Gecko; compatible; ClaudeBot/1.0; +claudebot@anthropic.com)"
216.73.216.31 - - [23/Aug/2026:12:25:58 +0000] "GET /?l=4662991156 HTTP/2.0" 200 476 "-" "Mozilla/5.0 AppleWebKit/537.36 (KHTML, like Gecko; compatible; ClaudeBot/1.0; +claudebot@anthropic.com)"
216.73.216.31 - - [23/Aug/2026:12:25:58 +0000] "GET /?y=49970264262 HTTP/2.0" 200 476 "-" "Mozilla/5.0 AppleWebKit/537.36 (KHTML, like Gecko; compatible; ClaudeBot/1.0; +claudebot@anthropic.com)"
216.73.216.31 - - [23/Aug/2026:12:25:59 +0000] "GET /?m=3282499309 HTTP/2.0" 200 476 "-" "Mozilla/5.0 AppleWebKit/537.36 (KHTML, like Gecko; compatible; ClaudeBot/1.0; +claudebot@anthropic.com)"
216.73.216.31 - - [23/Aug/2026:12:25:59 +0000] "GET /?m=32824156397 HTTP/2.0" 200 476 "-" "Mozilla/5.0 AppleWebKit/537.36 (KHTML, like Gecko; compatible; ClaudeBot/1.0; +claudebot@anthropic.com)"
216.73.216.31 - - [23/Aug/2026:12:26:00 +0000] "GET /?l=46629138556 HTTP/2.0" 200 476 "-" "Mozilla/5.0 AppleWebKit/537.36 (KHTML, like Gecko; compatible; ClaudeBot/1.0; +claudebot@anthropic.com)"
216.73.216.31 - - [23/Aug/2026:12:26:00 +0000] "GET /?l=46629218949 HTTP/2.0" 200 476 "-" "Mozilla/5.0 AppleWebKit/537.36 (KHTML, like Gecko; compatible; ClaudeBot/1.0; +claudebot@anthropic.com)"
66.249.65.42 - - [23/Aug/2026:12:26:01 +0000] "GET /?products/detail/7891669748 HTTP/2.0" 200 476 "-" "Mozilla/5.0 (Linux; Android 6.0.1; Nexus 5X Build/MMB29P) AppleWebKit/537.36 (KHTML, like Gecko) Chrome/151.0.7922.137 Mobile Safari/537.36 (compatible; Googlebot/2.1; +http://www.google.com/bot.html)"
216.73.216.31 - - [23/Aug/2026:12:26:01 +0000] "GET /?u=8803012986 HTTP/2.0" 200 476 "-" "Mozilla/5.0 AppleWebKit/537.36 (KHTML, like Gecko; compatible; ClaudeBot/1.0; +claudebot@anthropic.com)"
216.73.216.31 - - [23/Aug/2026:12:26:01 +0000] "GET /?y=4997038484 HTTP/2.0" 200 476 "-" "Mozilla/5.0 AppleWebKit/537.36 (KHTML, like Gecko; compatible; ClaudeBot/1.0; +claudebot@anthropic.com)"
216.73.216.31 - - [23/Aug/2026:12:26:02 +0000] "GET /?i=751744391 HTTP/2.0" 200 476 "-" "Mozilla/5.0 AppleWebKit/537.36 (KHTML, like Gecko; compatible; ClaudeBot/1.0; +claudebot@anthropic.com)"
216.73.216.31 - - [23/Aug/2026:12:26:02 +0000] "GET /?d=83463278750 HTTP/2.0" 200 476 "-" "Mozilla/5.0 AppleWebKit/537.36 (KHTML, like Gecko; compatible; ClaudeBot/1.0; +claudebot@anthropic.com)"
85.208.96.194 - - [23/Aug/2026:12:26:03 +0000] "GET /?products%2Fdetail%2F789178597211 HTTP/2.0" 200 476 "-" "Mozilla/5.0 (compatible; SemrushBot/7~bl; +http://www.semrush.com/bot.html)"
216.73.216.31 - - [23/Aug/2026:12:26:03 +0000] "GET /?w=92088200599 HTTP/2.0" 200 476 "-" "Mozilla/5.0 AppleWebKit/537.36 (KHTML, like Gecko; compatible; ClaudeBot/1.0; +claudebot@anthropic.com)"
216.73.216.31 - - [23/Aug/2026:12:26:03 +0000] "GET /?l=46629148729 HTTP/2.0" 200 476 "-" "Mozilla/5.0 AppleWebKit/537.36 (KHTML, like Gecko; compatible; ClaudeBot/1.0; +claudebot@anthropic.com)"
74.7.227.22 - - [23/Aug/2026:12:26:04 +0000] "GET /wp-includes/js/tinymce/themes/about.php?delete=%2Fproc%2F2666731%2Fmounts HTTP/2.0" 403 273 "https://mail.besthyperbaric.com/wp-includes/js/tinymce/themes/about.php?path=%2Fproc%2F2666731" "Mozilla/5.0 AppleWebKit/537.36 (KHTML, like Gecko; compatible; GPTBot/1.4; +https://openai.com/gptbot)"
216.73.216.31 - - [23/Aug/2026:12:26:04 +0000] "GET /?u=88030187643 HTTP/2.0" 200 476 "-" "Mozilla/5.0 AppleWebKit/537.36 (KHTML, like Gecko; compatible; ClaudeBot/1.0; +claudebot@anthropic.com)"
216.73.216.31 - - [23/Aug/2026:12:26:04 +0000] "GET /?t=6013132278 HTTP/2.0" 200 476 "-" "Mozilla/5.0 AppleWebKit/537.36 (KHTML, like Gecko; compatible; ClaudeBot/1.0; +claudebot@anthropic.com)"
216.73.216.31 - - [23/Aug/2026:12:26:05 +0000] "GET /?b=4708737848 HTTP/2.0" 200 476 "-" "Mozilla/5.0 AppleWebKit/537.36 (KHTML, like Gecko; compatible; ClaudeBot/1.0; +claudebot@anthropic.com)"
216.73.216.31 - - [23/Aug/2026:12:26:05 +0000] "GET /?b=4708739205 HTTP/2.0" 200 476 "-" "Mozilla/5.0 AppleWebKit/537.36 (KHTML, like Gecko; compatible; ClaudeBot/1.0; +claudebot@anthropic.com)"
216.73.216.31 - - [23/Aug/2026:12:26:06 +0000] "GET /?u=88030103400 HTTP/2.0" 200 476 "-" "Mozilla/5.0 AppleWebKit/537.36 (KHTML, like Gecko; compatible; ClaudeBot/1.0; +claudebot@anthropic.com)"
216.73.216.31 - - [23/Aug/2026:12:26:06 +0000] "GET /?l=46629202010 HTTP/2.0" 200 476 "-" "Mozilla/5.0 AppleWebKit/537.36 (KHTML, like Gecko; compatible; ClaudeBot/1.0; +claudebot@anthropic.com)"
216.73.216.31 - - [23/Aug/2026:12:26:07 +0000] "GET /?d=8346358412 HTTP/2.0" 200 476 "-" "Mozilla/5.0 AppleWebKit/537.36 (KHTML, like Gecko; compatible; ClaudeBot/1.0; +claudebot@anthropic.com)"
216.73.216.31 - - [23/Aug/2026:12:26:07 +0000] "GET /?l=4662954650 HTTP/2.0" 200 476 "-" "Mozilla/5.0 AppleWebKit/537.36 (KHTML, like Gecko; compatible; ClaudeBot/1.0; +claudebot@anthropic.com)"
216.73.216.31 - - [23/Aug/2026:12:26:08 +0000] "GET /?k=49202129602 HTTP/2.0" 200 476 "-" "Mozilla/5.0 AppleWebKit/537.36 (KHTML, like Gecko; compatible; ClaudeBot/1.0; +claudebot@anthropic.com)"
74.7.227.158 - - [23/Aug/2026:12:26:08 +0000] "GET /wp-content/plugins/api.php?path=%2Fproc%2F32%2Fnet HTTP/2.0" 403 273 "https://www.besthyperbaric.com/wp-content/plugins/api.php?path=%2Fproc%2F32" "Mozilla/5.0 AppleWebKit/537.36 (KHTML, like Gecko; compatible; GPTBot/1.4; +https://openai.com/gptbot)"
216.73.216.31 - - [23/Aug/2026:12:26:08 +0000] "GET /?d=8346393797 HTTP/2.0" 200 476 "-" "Mozilla/5.0 AppleWebKit/537.36 (KHTML, like Gecko; compatible; ClaudeBot/1.0; +claudebot@anthropic.com)"
216.73.216.31 - - [23/Aug/2026:12:26:09 +0000] "GET /?y=49970189134 HTTP/2.0" 200 476 "-" "Mozilla/5.0 AppleWebKit/537.36 (KHTML, like Gecko; compatible; ClaudeBot/1.0; +claudebot@anthropic.com)"
216.73.216.31 - - [23/Aug/2026:12:26:09 +0000] "GET /?d=83463174237 HTTP/2.0" 200 476 "-" "Mozilla/5.0 AppleWebKit/537.36 (KHTML, like Gecko; compatible; ClaudeBot/1.0; +claudebot@anthropic.com)"
185.191.171.5 - - [23/Aug/2026:12:26:10 +0000] "GET /?products%2Fdetail%2F78931743749 HTTP/2.0" 200 476 "-" "Mozilla/5.0 (compatible; SemrushBot/7~bl; +http://www.semrush.com/bot.html)"
216.73.216.31 - - [23/Aug/2026:12:26:10 +0000] "GET /?d=83463252641 HTTP/2.0" 200 476 "-" "Mozilla/5.0 AppleWebKit/537.36 (KHTML, like Gecko; compatible; ClaudeBot/1.0; +claudebot@anthropic.com)"
216.73.216.31 - - [23/Aug/2026:12:26:11 +0000] "GET /?d=83463113290 HTTP/2.0" 200 476 "-" "Mozilla/5.0 AppleWebKit/537.36 (KHTML, like Gecko; compatible; ClaudeBot/1.0; +claudebot@anthropic.com)"
216.73.216.31 - - [23/Aug/2026:12:26:11 +0000] "GET /?b=4708759725 HTTP/2.0" 200 476 "-" "Mozilla/5.0 AppleWebKit/537.36 (KHTML, like Gecko; compatible; ClaudeBot/1.0; +claudebot@anthropic.com)"
216.73.216.31 - - [23/Aug/2026:12:26:12 +0000] "GET /?b=4708762157 HTTP/2.0" 200 476 "-" "Mozilla/5.0 AppleWebKit/537.36 (KHTML, like Gecko; compatible; ClaudeBot/1.0; +claudebot@anthropic.com)"
216.73.216.31 - - [23/Aug/2026:12:26:12 +0000] "GET /?k=4920215426 HTTP/2.0" 200 476 "-" "Mozilla/5.0 AppleWebKit/537.36 (KHTML, like Gecko; compatible; ClaudeBot/1.0; +claudebot@anthropic.com)"
216.73.216.31 - - [23/Aug/2026:12:26:13 +0000] "GET /?l=4662951563 HTTP/2.0" 200 476 "-" "Mozilla/5.0 AppleWebKit/537.36 (KHTML, like Gecko; compatible; ClaudeBot/1.0; +claudebot@anthropic.com)"
216.73.216.31 - - [23/Aug/2026:12:26:13 +0000] "GET /?l=46629222147 HTTP/2.0" 200 476 "-" "Mozilla/5.0 AppleWebKit/537.36 (KHTML, like Gecko; compatible; ClaudeBot/1.0; +claudebot@anthropic.com)"
216.73.216.31 - - [23/Aug/2026:12:26:14 +0000] "GET /?l=46629101665 HTTP/2.0" 200 476 "-" "Mozilla/5.0 AppleWebKit/537.36 (KHTML, like Gecko; compatible; ClaudeBot/1.0; +claudebot@anthropic.com)"
216.73.216.31 - - [23/Aug/2026:12:26:14 +0000] "GET /?d=83463205146 HTTP/2.0" 200 476 "-" "Mozilla/5.0 AppleWebKit/537.36 (KHTML, like Gecko; compatible; ClaudeBot/1.0; +claudebot@anthropic.com)"
216.73.216.31 - - [23/Aug/2026:12:26:15 +0000] "GET /?l=4662998104 HTTP/2.0" 200 476 "-" "Mozilla/5.0 AppleWebKit/537.36 (KHTML, like Gecko; compatible; ClaudeBot/1.0; +claudebot@anthropic.com)"
216.73.216.31 - - [23/Aug/2026:12:26:15 +0000] "GET /?d=83463204597 HTTP/2.0" 200 476 "-" "Mozilla/5.0 AppleWebKit/537.36 (KHTML, like Gecko; compatible; ClaudeBot/1.0; +claudebot@anthropic.com)"
216.73.216.31 - - [23/Aug/2026:12:26:16 +0000] "GET /?d=8346365615 HTTP/2.0" 200 476 "-" "Mozilla/5.0 AppleWebKit/537.36 (KHTML, like Gecko; compatible; ClaudeBot/1.0; +claudebot@anthropic.com)"
216.73.216.31 - - [23/Aug/2026:12:26:16 +0000] "GET /?m=3282424656 HTTP/2.0" 200 476 "-" "Mozilla/5.0 AppleWebKit/537.36 (KHTML, like Gecko; compatible; ClaudeBot/1.0; +claudebot@anthropic.com)"
216.73.216.31 - - [23/Aug/2026:12:26:17 +0000] "GET /?b=47087149607 HTTP/2.0" 200 476 "-" "Mozilla/5.0 AppleWebKit/537.36 (KHTML, like Gecko; compatible; ClaudeBot/1.0; +claudebot@anthropic.com)"
216.73.216.31 - - [23/Aug/2026:12:26:17 +0000] "GET /?d=8346375667 HTTP/2.0" 200 476 "-" "Mozilla/5.0 AppleWebKit/537.36 (KHTML, like Gecko; compatible; ClaudeBot/1.0; +claudebot@anthropic.com)"
216.73.216.31 - - [23/Aug/2026:12:26:18 +0000] "GET /?b=4708728247 HTTP/2.0" 200 476 "-" "Mozilla/5.0 AppleWebKit/537.36 (KHTML, like Gecko; compatible; ClaudeBot/1.0; +claudebot@anthropic.com)"
216.73.216.31 - - [23/Aug/2026:12:26:18 +0000] "GET /?b=4708713869 HTTP/2.0" 200 476 "-" "Mozilla/5.0 AppleWebKit/537.36 (KHTML, like Gecko; compatible; ClaudeBot/1.0; +claudebot@anthropic.com)"
216.73.216.31 - - [23/Aug/2026:12:26:19 +0000] "GET /?b=470872416 HTTP/2.0" 200 476 "-" "Mozilla/5.0 AppleWebKit/537.36 (KHTML, like Gecko; compatible; ClaudeBot/1.0; +claudebot@anthropic.com)"
216.73.216.31 - - [23/Aug/2026:12:26:19 +0000] "GET /?l=4662968370 HTTP/2.0" 200 476 "-" "Mozilla/5.0 AppleWebKit/537.36 (KHTML, like Gecko; compatible; ClaudeBot/1.0; +claudebot@anthropic.com)"
216.73.216.31 - - [23/Aug/2026:12:26:20 +0000] "GET /?m=32824139656 HTTP/2.0" 200 476 "-" "Mozilla/5.0 AppleWebKit/537.36 (KHTML, like Gecko; compatible; ClaudeBot/1.0; +claudebot@anthropic.com)"
216.73.216.31 - - [23/Aug/2026:12:26:20 +0000] "GET /?y=49970116004 HTTP/2.0" 200 476 "-" "Mozilla/5.0 AppleWebKit/537.36 (KHTML, like Gecko; compatible; ClaudeBot/1.0; +claudebot@anthropic.com)"
216.73.216.31 - - [23/Aug/2026:12:26:21 +0000] "GET /?l=4662930381 HTTP/2.0" 200 476 "-" "Mozilla/5.0 AppleWebKit/537.36 (KHTML, like Gecko; compatible; ClaudeBot/1.0; +claudebot@anthropic.com)"
216.73.216.31 - - [23/Aug/2026:12:26:21 +0000] "GET /?l=4662920346 HTTP/2.0" 200 476 "-" "Mozilla/5.0 AppleWebKit/537.36 (KHTML, like Gecko; compatible; ClaudeBot/1.0; +claudebot@anthropic.com)"
216.73.216.31 - - [23/Aug/2026:12:26:22 +0000] "GET /?d=83463148209 HTTP/2.0" 200 476 "-" "Mozilla/5.0 AppleWebKit/537.36 (KHTML, like Gecko; compatible; ClaudeBot/1.0; +claudebot@anthropic.com)"
85.208.96.203 - - [23/Aug/2026:12:26:22 +0000] "GET /?products%2Fdetail%2F78948350462 HTTP/2.0" 200 476 "-" "Mozilla/5.0 (compatible; SemrushBot/7~bl; +http://www.semrush.com/bot.html)"
216.73.216.31 - - [23/Aug/2026:12:26:22 +0000] "GET /?d=8346334815 HTTP/2.0" 200 476 "-" "Mozilla/5.0 AppleWebKit/537.36 (KHTML, like Gecko; compatible; ClaudeBot/1.0; +claudebot@anthropic.com)"
216.73.216.31 - - [23/Aug/2026:12:26:23 +0000] "GET /?d=8346399880 HTTP/2.0" 200 476 "-" "Mozilla/5.0 AppleWebKit/537.36 (KHTML, like Gecko; compatible; ClaudeBot/1.0; +claudebot@anthropic.com)"
216.73.216.31 - - [23/Aug/2026:12:26:23 +0000] "GET /?d=8346336696 HTTP/2.0" 200 476 "-" "Mozilla/5.0 AppleWebKit/537.36 (KHTML, like Gecko; compatible; ClaudeBot/1.0; +claudebot@anthropic.com)"
216.73.216.31 - - [23/Aug/2026:12:26:24 +0000] "GET /?y=4997057789 HTTP/2.0" 200 476 "-" "Mozilla/5.0 AppleWebKit/537.36 (KHTML, like Gecko; compatible; ClaudeBot/1.0; +claudebot@anthropic.com)"
216.73.216.31 - - [23/Aug/2026:12:26:24 +0000] "GET /?b=47087138348 HTTP/2.0" 200 476 "-" "Mozilla/5.0 AppleWebKit/537.36 (KHTML, like Gecko; compatible; ClaudeBot/1.0; +claudebot@anthropic.com)"
74.7.227.22 - - [23/Aug/2026:12:26:24 +0000] "GET /wp-includes/js/tinymce/themes/about.php?rename=%2Fproc%2F2433328%2Fcpuset HTTP/2.0" 403 273 "https://mail.besthyperbaric.com/wp-includes/js/tinymce/themes/about.php?path=%2Fproc%2F2433328" "Mozilla/5.0 AppleWebKit/537.36 (KHTML, like Gecko; compatible; GPTBot/1.4; +https://openai.com/gptbot)"
216.73.216.31 - - [23/Aug/2026:12:26:25 +0000] "GET /?m=3282494932 HTTP/2.0" 200 476 "-" "Mozilla/5.0 AppleWebKit/537.36 (KHTML, like Gecko; compatible; ClaudeBot/1.0; +claudebot@anthropic.com)"
216.73.216.31 - - [23/Aug/2026:12:26:25 +0000] "GET /?d=8346347915 HTTP/2.0" 200 476 "-" "Mozilla/5.0 AppleWebKit/537.36 (KHTML, like Gecko; compatible; ClaudeBot/1.0; +claudebot@anthropic.com)"
216.73.216.31 - - [23/Aug/2026:12:26:26 +0000] "GET /?l=4662926087 HTTP/2.0" 200 476 "-" "Mozilla/5.0 AppleWebKit/537.36 (KHTML, like Gecko; compatible; ClaudeBot/1.0; +claudebot@anthropic.com)"
216.73.216.31 - - [23/Aug/2026:12:26:26 +0000] "GET /?d=8346389848 HTTP/2.0" 200 476 "-" "Mozilla/5.0 AppleWebKit/537.36 (KHTML, like Gecko; compatible; ClaudeBot/1.0; +claudebot@anthropic.com)"
216.73.216.31 - - [23/Aug/2026:12:26:27 +0000] "GET /?k=49202199253 HTTP/2.0" 200 476 "-" "Mozilla/5.0 AppleWebKit/537.36 (KHTML, like Gecko; compatible; ClaudeBot/1.0; +claudebot@anthropic.com)"
216.73.216.31 - - [23/Aug/2026:12:26:27 +0000] "GET /?l=4662977726 HTTP/2.0" 200 476 "-" "Mozilla/5.0 AppleWebKit/537.36 (KHTML, like Gecko; compatible; ClaudeBot/1.0; +claudebot@anthropic.com)"
216.73.216.31 - - [23/Aug/2026:12:26:28 +0000] "GET /?k=49202162154 HTTP/2.0" 200 476 "-" "Mozilla/5.0 AppleWebKit/537.36 (KHTML, like Gecko; compatible; ClaudeBot/1.0; +claudebot@anthropic.com)"
216.73.216.31 - - [23/Aug/2026:12:26:28 +0000] "GET /?l=46629153175 HTTP/2.0" 200 476 "-" "Mozilla/5.0 AppleWebKit/537.36 (KHTML, like Gecko; compatible; ClaudeBot/1.0; +claudebot@anthropic.com)"
216.73.216.31 - - [23/Aug/2026:12:26:29 +0000] "GET /?l=4662967746 HTTP/2.0" 200 476 "-" "Mozilla/5.0 AppleWebKit/537.36 (KHTML, like Gecko; compatible; ClaudeBot/1.0; +claudebot@anthropic.com)"
185.191.171.11 - - [23/Aug/2026:12:26:29 +0000] "GET /?products%2Fdetail%2F789474424352 HTTP/2.0" 200 476 "-" "Mozilla/5.0 (compatible; SemrushBot/7~bl; +http://www.semrush.com/bot.html)"
216.73.216.31 - - [23/Aug/2026:12:26:29 +0000] "GET /?l=4662923575 HTTP/2.0" 200 476 "-" "Mozilla/5.0 AppleWebKit/537.36 (KHTML, like Gecko; compatible; ClaudeBot/1.0; +claudebot@anthropic.com)"
216.73.216.31 - - [23/Aug/2026:12:26:30 +0000] "GET /?l=4662936221 HTTP/2.0" 200 476 "-" "Mozilla/5.0 AppleWebKit/537.36 (KHTML, like Gecko; compatible; ClaudeBot/1.0; +claudebot@anthropic.com)"
216.73.216.31 - - [23/Aug/2026:12:26:30 +0000] "GET /?d=8346315707 HTTP/2.0" 200 476 "-" "Mozilla/5.0 AppleWebKit/537.36 (KHTML, like Gecko; compatible; ClaudeBot/1.0; +claudebot@anthropic.com)"
74.7.227.158 - - [23/Aug/2026:12:26:30 +0000] "GET /wp-content/plugins/api.php?path=%2Fproc%2F21%2Fnet HTTP/2.0" 403 273 "https://www.besthyperbaric.com/wp-content/plugins/api.php?path=%2Fproc%2F21" "Mozilla/5.0 AppleWebKit/537.36 (KHTML, like Gecko; compatible; GPTBot/1.4; +https://openai.com/gptbot)"
85.208.96.201 - - [23/Aug/2026:12:26:30 +0000] "GET /?products%2Fdetail%2F78952796738 HTTP/2.0" 200 476 "-" "Mozilla/5.0 (compatible; SemrushBot/7~bl; +http://www.semrush.com/bot.html)"
216.73.216.31 - - [23/Aug/2026:12:26:31 +0000] "GET /?l=46629218360 HTTP/2.0" 200 476 "-" "Mozilla/5.0 AppleWebKit/537.36 (KHTML, like Gecko; compatible; ClaudeBot/1.0; +claudebot@anthropic.com)"
216.73.216.31 - - [23/Aug/2026:12:26:31 +0000] "GET /?m=328244432 HTTP/2.0" 200 476 "-" "Mozilla/5.0 AppleWebKit/537.36 (KHTML, like Gecko; compatible; ClaudeBot/1.0; +claudebot@anthropic.com)"
216.73.216.31 - - [23/Aug/2026:12:26:32 +0000] "GET /?b=4708772697 HTTP/2.0" 200 476 "-" "Mozilla/5.0 AppleWebKit/537.36 (KHTML, like Gecko; compatible; ClaudeBot/1.0; +claudebot@anthropic.com)"
216.73.216.31 - - [23/Aug/2026:12:26:32 +0000] "GET /?d=83463228017 HTTP/2.0" 200 476 "-" "Mozilla/5.0 AppleWebKit/537.36 (KHTML, like Gecko; compatible; ClaudeBot/1.0; +claudebot@anthropic.com)"
185.191.171.7 - - [23/Aug/2026:12:26:33 +0000] "GET /?products%2Fdetail%2F789477030883 HTTP/2.0" 200 476 "-" "Mozilla/5.0 (compatible; SemrushBot/7~bl; +http://www.semrush.com/bot.html)"
216.73.216.31 - - [23/Aug/2026:12:26:33 +0000] "GET /?t=6013147381 HTTP/2.0" 200 476 "-" "Mozilla/5.0 AppleWebKit/537.36 (KHTML, like Gecko; compatible; ClaudeBot/1.0; +claudebot@anthropic.com)"
216.73.216.31 - - [23/Aug/2026:12:26:33 +0000] "GET /?b=4708754577 HTTP/2.0" 200 476 "-" "Mozilla/5.0 AppleWebKit/537.36 (KHTML, like Gecko; compatible; ClaudeBot/1.0; +claudebot@anthropic.com)"
216.73.216.31 - - [23/Aug/2026:12:26:34 +0000] "GET /?d=8346390674 HTTP/2.0" 200 476 "-" "Mozilla/5.0 AppleWebKit/537.36 (KHTML, like Gecko; compatible; ClaudeBot/1.0; +claudebot@anthropic.com)"
216.73.216.31 - - [23/Aug/2026:12:26:34 +0000] "GET /?i=75174201447 HTTP/2.0" 200 476 "-" "Mozilla/5.0 AppleWebKit/537.36 (KHTML, like Gecko; compatible; ClaudeBot/1.0; +claudebot@anthropic.com)"
216.73.216.31 - - [23/Aug/2026:12:26:35 +0000] "GET /?d=83463250344 HTTP/2.0" 200 476 "-" "Mozilla/5.0 AppleWebKit/537.36 (KHTML, like Gecko; compatible; ClaudeBot/1.0; +claudebot@anthropic.com)"
85.208.96.211 - - [23/Aug/2026:12:26:35 +0000] "GET /?products%2Fdetail%2F789370869628 HTTP/2.0" 200 476 "-" "Mozilla/5.0 (compatible; SemrushBot/7~bl; +http://www.semrush.com/bot.html)"
216.73.216.31 - - [23/Aug/2026:12:26:35 +0000] "GET /?l=4662953329 HTTP/2.0" 200 476 "-" "Mozilla/5.0 AppleWebKit/537.36 (KHTML, like Gecko; compatible; ClaudeBot/1.0; +claudebot@anthropic.com)"
216.73.216.31 - - [23/Aug/2026:12:26:36 +0000] "GET /?d=8346325436 HTTP/2.0" 200 476 "-" "Mozilla/5.0 AppleWebKit/537.36 (KHTML, like Gecko; compatible; ClaudeBot/1.0; +claudebot@anthropic.com)"
216.73.216.31 - - [23/Aug/2026:12:26:36 +0000] "GET /?l=46629137880 HTTP/2.0" 200 476 "-" "Mozilla/5.0 AppleWebKit/537.36 (KHTML, like Gecko; compatible; ClaudeBot/1.0; +claudebot@anthropic.com)"
216.73.216.31 - - [23/Aug/2026:12:26:37 +0000] "GET /?m=328244791 HTTP/2.0" 200 476 "-" "Mozilla/5.0 AppleWebKit/537.36 (KHTML, like Gecko; compatible; ClaudeBot/1.0; +claudebot@anthropic.com)"
216.73.216.31 - - [23/Aug/2026:12:26:37 +0000] "GET /?d=8346394849 HTTP/2.0" 200 476 "-" "Mozilla/5.0 AppleWebKit/537.36 (KHTML, like Gecko; compatible; ClaudeBot/1.0; +claudebot@anthropic.com)"
216.73.216.31 - - [23/Aug/2026:12:26:38 +0000] "GET /?l=4662994886 HTTP/2.0" 200 476 "-" "Mozilla/5.0 AppleWebKit/537.36 (KHTML, like Gecko; compatible; ClaudeBot/1.0; +claudebot@anthropic.com)"
216.73.216.31 - - [23/Aug/2026:12:26:38 +0000] "GET /?i=75174223165 HTTP/2.0" 200 476 "-" "Mozilla/5.0 AppleWebKit/537.36 (KHTML, like Gecko; compatible; ClaudeBot/1.0; +claudebot@anthropic.com)"
216.73.216.31 - - [23/Aug/2026:12:26:39 +0000] "GET /?m=3282474170 HTTP/2.0" 200 476 "-" "Mozilla/5.0 AppleWebKit/537.36 (KHTML, like Gecko; compatible; ClaudeBot/1.0; +claudebot@anthropic.com)"
216.73.216.31 - - [23/Aug/2026:12:26:39 +0000] "GET /?k=4920219449 HTTP/2.0" 200 476 "-" "Mozilla/5.0 AppleWebKit/537.36 (KHTML, like Gecko; compatible; ClaudeBot/1.0; +claudebot@anthropic.com)"
216.73.216.31 - - [23/Aug/2026:12:26:41 +0000] "GET /?d=83463126606 HTTP/2.0" 200 476 "-" "Mozilla/5.0 AppleWebKit/537.36 (KHTML, like Gecko; compatible; ClaudeBot/1.0; +claudebot@anthropic.com)"
216.73.216.31 - - [23/Aug/2026:12:26:41 +0000] "GET /?d=83463257241 HTTP/2.0" 200 476 "-" "Mozilla/5.0 AppleWebKit/537.36 (KHTML, like Gecko; compatible; ClaudeBot/1.0; +claudebot@anthropic.com)"
216.73.216.31 - - [23/Aug/2026:12:26:42 +0000] "GET /?k=4920244689 HTTP/2.0" 200 476 "-" "Mozilla/5.0 AppleWebKit/537.36 (KHTML, like Gecko; compatible; ClaudeBot/1.0; +claudebot@anthropic.com)"
216.73.216.31 - - [23/Aug/2026:12:26:42 +0000] "GET /?d=83463107934 HTTP/2.0" 200 476 "-" "Mozilla/5.0 AppleWebKit/537.36 (KHTML, like Gecko; compatible; ClaudeBot/1.0; +claudebot@anthropic.com)"
216.73.216.31 - - [23/Aug/2026:12:26:43 +0000] "GET /?l=4662983968 HTTP/2.0" 200 476 "-" "Mozilla/5.0 AppleWebKit/537.36 (KHTML, like Gecko; compatible; ClaudeBot/1.0; +claudebot@anthropic.com)"
85.208.96.209 - - [23/Aug/2026:12:26:43 +0000] "GET /?products%2Fdetail%2F78952597976 HTTP/2.0" 200 476 "-" "Mozilla/5.0 (compatible; SemrushBot/7~bl; +http://www.semrush.com/bot.html)"
216.73.216.31 - - [23/Aug/2026:12:26:43 +0000] "GET /?m=3282413595 HTTP/2.0" 200 476 "-" "Mozilla/5.0 AppleWebKit/537.36 (KHTML, like Gecko; compatible; ClaudeBot/1.0; +claudebot@anthropic.com)"
216.73.216.31 - - [23/Aug/2026:12:26:44 +0000] "GET /?m=32824155669 HTTP/2.0" 200 476 "-" "Mozilla/5.0 AppleWebKit/537.36 (KHTML, like Gecko; compatible; ClaudeBot/1.0; +claudebot@anthropic.com)"
216.73.216.31 - - [23/Aug/2026:12:26:44 +0000] "GET /?d=83463283458 HTTP/2.0" 200 476 "-" "Mozilla/5.0 AppleWebKit/537.36 (KHTML, like Gecko; compatible; ClaudeBot/1.0; +claudebot@anthropic.com)"
216.73.216.31 - - [23/Aug/2026:12:26:45 +0000] "GET /?d=83463182717 HTTP/2.0" 200 476 "-" "Mozilla/5.0 AppleWebKit/537.36 (KHTML, like Gecko; compatible; ClaudeBot/1.0; +claudebot@anthropic.com)"
216.73.216.31 - - [23/Aug/2026:12:26:45 +0000] "GET /?u=8803089337 HTTP/2.0" 200 476 "-" "Mozilla/5.0 AppleWebKit/537.36 (KHTML, like Gecko; compatible; ClaudeBot/1.0; +claudebot@anthropic.com)"
74.7.227.22 - - [23/Aug/2026:12:26:46 +0000] "GET /wp-includes/js/tinymce/themes/about.php?delete=%2Fproc%2F2225936%2Ffdinfo HTTP/2.0" 403 273 "https://mail.besthyperbaric.com/wp-includes/js/tinymce/themes/about.php?path=%2Fproc%2F2225936" "Mozilla/5.0 AppleWebKit/537.36 (KHTML, like Gecko; compatible; GPTBot/1.4; +https://openai.com/gptbot)"
216.73.216.31 - - [23/Aug/2026:12:26:46 +0000] "GET /?d=83463185972 HTTP/2.0" 200 476 "-" "Mozilla/5.0 AppleWebKit/537.36 (KHTML, like Gecko; compatible; ClaudeBot/1.0; +claudebot@anthropic.com)"
185.191.171.7 - - [23/Aug/2026:12:26:46 +0000] "GET /?products%2Fdetail%2F78903140033 HTTP/2.0" 200 476 "-" "Mozilla/5.0 (compatible; SemrushBot/7~bl; +http://www.semrush.com/bot.html)"
216.73.216.31 - - [23/Aug/2026:12:26:46 +0000] "GET /?l=46629253531 HTTP/2.0" 200 476 "-" "Mozilla/5.0 AppleWebKit/537.36 (KHTML, like Gecko; compatible; ClaudeBot/1.0; +claudebot@anthropic.com)"
216.73.216.31 - - [23/Aug/2026:12:26:47 +0000] "GET /?b=4708795577 HTTP/2.0" 200 476 "-" "Mozilla/5.0 AppleWebKit/537.36 (KHTML, like Gecko; compatible; ClaudeBot/1.0; +claudebot@anthropic.com)"
216.73.216.31 - - [23/Aug/2026:12:26:47 +0000] "GET /?y=49970102004 HTTP/2.0" 200 476 "-" "Mozilla/5.0 AppleWebKit/537.36 (KHTML, like Gecko; compatible; ClaudeBot/1.0; +claudebot@anthropic.com)"
216.73.216.31 - - [23/Aug/2026:12:26:48 +0000] "GET /?i=75174109488 HTTP/2.0" 200 476 "-" "Mozilla/5.0 AppleWebKit/537.36 (KHTML, like Gecko; compatible; ClaudeBot/1.0; +claudebot@anthropic.com)"
216.73.216.31 - - [23/Aug/2026:12:26:48 +0000] "GET /?d=83463177309 HTTP/2.0" 200 476 "-" "Mozilla/5.0 AppleWebKit/537.36 (KHTML, like Gecko; compatible; ClaudeBot/1.0; +claudebot@anthropic.com)"
216.73.216.31 - - [23/Aug/2026:12:26:49 +0000] "GET /?u=8803037511 HTTP/2.0" 200 476 "-" "Mozilla/5.0 AppleWebKit/537.36 (KHTML, like Gecko; compatible; ClaudeBot/1.0; +claudebot@anthropic.com)"
216.73.216.31 - - [23/Aug/2026:12:26:49 +0000] "GET /?l=46629269740 HTTP/2.0" 200 476 "-" "Mozilla/5.0 AppleWebKit/537.36 (KHTML, like Gecko; compatible; ClaudeBot/1.0; +claudebot@anthropic.com)"
216.73.216.31 - - [23/Aug/2026:12:26:50 +0000] "GET /?i=7517456409 HTTP/2.0" 200 476 "-" "Mozilla/5.0 AppleWebKit/537.36 (KHTML, like Gecko; compatible; ClaudeBot/1.0; +claudebot@anthropic.com)"
216.73.216.31 - - [23/Aug/2026:12:26:50 +0000] "GET /?d=83463220474 HTTP/2.0" 200 476 "-" "Mozilla/5.0 AppleWebKit/537.36 (KHTML, like Gecko; compatible; ClaudeBot/1.0; +claudebot@anthropic.com)"
74.7.227.158 - - [23/Aug/2026:12:26:51 +0000] "GET /wp-content/plugins/api.php?path=%2Fproc%2F42%2Fnet HTTP/2.0" 403 273 "https://www.besthyperbaric.com/wp-content/plugins/api.php?path=%2Fproc%2F42" "Mozilla/5.0 AppleWebKit/537.36 (KHTML, like Gecko; compatible; GPTBot/1.4; +https://openai.com/gptbot)"
216.73.216.31 - - [23/Aug/2026:12:26:51 +0000] "GET /?d=8346323011 HTTP/2.0" 200 476 "-" "Mozilla/5.0 AppleWebKit/537.36 (KHTML, like Gecko; compatible; ClaudeBot/1.0; +claudebot@anthropic.com)"
216.73.216.31 - - [23/Aug/2026:12:26:51 +0000] "GET /?l=46629149700 HTTP/2.0" 200 476 "-" "Mozilla/5.0 AppleWebKit/537.36 (KHTML, like Gecko; compatible; ClaudeBot/1.0; +claudebot@anthropic.com)"
