66.249.73.72 - - [23/Aug/2026:12:08:13 +0000] "GET /?e=05930163918800 HTTP/2.0" 200 476 "-" "Mozilla/5.0 (Linux; Android 6.0.1; Nexus 5X Build/MMB29P) AppleWebKit/537.36 (KHTML, like Gecko) Chrome/151.0.7922.173 Mobile Safari/537.36 (compatible; Googlebot/2.1; +http://www.google.com/bot.html)"
216.73.216.31 - - [23/Aug/2026:12:08:13 +0000] "GET /?b=4708740297 HTTP/2.0" 200 476 "-" "Mozilla/5.0 AppleWebKit/537.36 (KHTML, like Gecko; compatible; ClaudeBot/1.0; +claudebot@anthropic.com)"
216.73.216.31 - - [23/Aug/2026:12:08:14 +0000] "GET /?m=3282477704 HTTP/2.0" 200 476 "-" "Mozilla/5.0 AppleWebKit/537.36 (KHTML, like Gecko; compatible; ClaudeBot/1.0; +claudebot@anthropic.com)"
185.191.171.9 - - [23/Aug/2026:12:08:14 +0000] "GET /?products%2Fdetail%2F789423455179 HTTP/2.0" 200 476 "-" "Mozilla/5.0 (compatible; SemrushBot/7~bl; +http://www.semrush.com/bot.html)"
66.249.73.72 - - [23/Aug/2026:12:08:14 +0000] "GET /?e=10951144942000 HTTP/2.0" 200 476 "-" "Mozilla/5.0 (Linux; Android 6.0.1; Nexus 5X Build/MMB29P) AppleWebKit/537.36 (KHTML, like Gecko) Chrome/151.0.7922.173 Mobile Safari/537.36 (compatible; Googlebot/2.1; +http://www.google.com/bot.html)"
216.73.216.31 - - [23/Aug/2026:12:08:14 +0000] "GET /?d=83463124664 HTTP/2.0" 200 476 "-" "Mozilla/5.0 AppleWebKit/537.36 (KHTML, like Gecko; compatible; ClaudeBot/1.0; +claudebot@anthropic.com)"
216.73.216.31 - - [23/Aug/2026:12:08:15 +0000] "GET /?m=3282496374 HTTP/2.0" 200 476 "-" "Mozilla/5.0 AppleWebKit/537.36 (KHTML, like Gecko; compatible; ClaudeBot/1.0; +claudebot@anthropic.com)"
85.208.96.208 - - [23/Aug/2026:12:08:15 +0000] "GET /robots.txt HTTP/2.0" 404 265 "-" "Mozilla/5.0 (compatible; SemrushBot/7~bl; +http://www.semrush.com/bot.html)"
216.73.216.31 - - [23/Aug/2026:12:08:15 +0000] "GET /?u=8803073785 HTTP/2.0" 200 476 "-" "Mozilla/5.0 AppleWebKit/537.36 (KHTML, like Gecko; compatible; ClaudeBot/1.0; +claudebot@anthropic.com)"
66.249.73.72 - - [23/Aug/2026:12:08:16 +0000] "GET /?e=9811357950204 HTTP/2.0" 200 476 "-" "Mozilla/5.0 (Linux; Android 6.0.1; Nexus 5X Build/MMB29P) AppleWebKit/537.36 (KHTML, like Gecko) Chrome/151.0.7922.173 Mobile Safari/537.36 (compatible; Googlebot/2.1; +http://www.google.com/bot.html)"
216.73.216.31 - - [23/Aug/2026:12:08:16 +0000] "GET /wp-includes/js/tinymce/themes/about.php?path=%2Fproc%2F615%2Fstatm HTTP/2.0" 403 273 "-" "Mozilla/5.0 AppleWebKit/537.36 (KHTML, like Gecko; compatible; ClaudeBot/1.0; +claudebot@anthropic.com)"
66.249.73.72 - - [23/Aug/2026:12:08:17 +0000] "GET /?e=86596127251006 HTTP/2.0" 200 476 "-" "Mozilla/5.0 (Linux; Android 6.0.1; Nexus 5X Build/MMB29P) AppleWebKit/537.36 (KHTML, like Gecko) Chrome/151.0.7922.173 Mobile Safari/537.36 (compatible; Googlebot/2.1; +http://www.google.com/bot.html)"
216.73.216.31 - - [23/Aug/2026:12:08:17 +0000] "GET /wp-includes/js/tinymce/themes/about.php?path=%2Fusr%2Flib64%2Fgio HTTP/2.0" 403 273 "-" "Mozilla/5.0 AppleWebKit/537.36 (KHTML, like Gecko; compatible; ClaudeBot/1.0; +claudebot@anthropic.com)"
216.73.216.31 - - [23/Aug/2026:12:08:17 +0000] "GET /wp-includes/js/tinymce/themes/about.php?edit=%2Fproc%2F320886 HTTP/2.0" 403 273 "-" "Mozilla/5.0 AppleWebKit/537.36 (KHTML, like Gecko; compatible; ClaudeBot/1.0; +claudebot@anthropic.com)"
216.73.216.31 - - [23/Aug/2026:12:08:18 +0000] "GET /wp-includes/js/tinymce/themes/about.php?path=%2F%2Fopt%2Falt%2Fpython311%2Flib64%2Fpython3.11%2Fdistutils%2F__pycache__%2Fversion.cpython-311.opt-1.pyc HTTP/2.0" 403 273 "-" "Mozilla/5.0 AppleWebKit/537.36 (KHTML, like Gecko; compatible; ClaudeBot/1.0; +claudebot@anthropic.com)"
66.249.73.72 - - [23/Aug/2026:12:08:18 +0000] "GET /?e=41464117762600 HTTP/2.0" 200 476 "-" "Mozilla/5.0 (Linux; Android 6.0.1; Nexus 5X Build/MMB29P) AppleWebKit/537.36 (KHTML, like Gecko) Chrome/151.0.7922.173 Mobile Safari/537.36 (compatible; Googlebot/2.1; +http://www.google.com/bot.html)"
216.73.216.31 - - [23/Aug/2026:12:08:18 +0000] "GET /wp-includes/js/tinymce/themes/about.php?path=%2Fusr%2Fbin%2Fsha512hmac HTTP/2.0" 403 273 "-" "Mozilla/5.0 AppleWebKit/537.36 (KHTML, like Gecko; compatible; ClaudeBot/1.0; +claudebot@anthropic.com)"
216.73.216.31 - - [23/Aug/2026:12:08:19 +0000] "GET /wp-includes/js/tinymce/themes/about.php?delete=%2Fsys%2Fmodule%2Fintel_cstate%2Fsections%2F.rodata HTTP/2.0" 403 273 "-" "Mozilla/5.0 AppleWebKit/537.36 (KHTML, like Gecko; compatible; ClaudeBot/1.0; +claudebot@anthropic.com)"
66.249.73.72 - - [23/Aug/2026:12:08:19 +0000] "GET /?e=94060194689604 HTTP/2.0" 200 476 "-" "Mozilla/5.0 (Linux; Android 6.0.1; Nexus 5X Build/MMB29P) AppleWebKit/537.36 (KHTML, like Gecko) Chrome/151.0.7922.173 Mobile Safari/537.36 (compatible; Googlebot/2.1; +http://www.google.com/bot.html)"
74.7.227.158 - - [23/Aug/2026:12:08:19 +0000] "GET /wp-content/plugins/api.php?rename=%2Fhome%2Fgodaofbq%2Fbesthyperbaric.com%2Fwp-content%2Fplugins%2Fwordpress-seo%2Fsrc%2Finitializers%2Finitializer-interface.php HTTP/2.0" 403 273 "https://www.besthyperbaric.com/wp-content/plugins/api.php?path=%2Fhome%2Fgodaofbq%2Fbesthyperbaric.com%2Fwp-content%2Fplugins%2Fwordpress-seo%2Fsrc%2Finitializers" "Mozilla/5.0 AppleWebKit/537.36 (KHTML, like Gecko; compatible; GPTBot/1.4; +https://openai.com/gptbot)"
216.73.216.31 - - [23/Aug/2026:12:08:20 +0000] "GET /wp-includes/js/tinymce/themes/about.php?delete=%2Fsys%2Fmodule%2Fip_set%2Fsections%2F.data HTTP/2.0" 403 273 "-" "Mozilla/5.0 AppleWebKit/537.36 (KHTML, like Gecko; compatible; ClaudeBot/1.0; +claudebot@anthropic.com)"
185.191.171.9 - - [23/Aug/2026:12:08:20 +0000] "GET /?products%2Fdetail%2F78913504651 HTTP/2.0" 200 476 "-" "Mozilla/5.0 (compatible; SemrushBot/7~bl; +http://www.semrush.com/bot.html)"
66.249.73.72 - - [23/Aug/2026:12:08:20 +0000] "GET /?e=98026127827400 HTTP/2.0" 200 476 "-" "Mozilla/5.0 (Linux; Android 6.0.1; Nexus 5X Build/MMB29P) AppleWebKit/537.36 (KHTML, like Gecko) Chrome/151.0.7922.173 Mobile Safari/537.36 (compatible; Googlebot/2.1; +http://www.google.com/bot.html)"
216.73.216.31 - - [23/Aug/2026:12:08:21 +0000] "GET /?l=46629234446 HTTP/2.0" 200 476 "-" "Mozilla/5.0 AppleWebKit/537.36 (KHTML, like Gecko; compatible; ClaudeBot/1.0; +claudebot@anthropic.com)"
216.73.216.31 - - [23/Aug/2026:12:08:21 +0000] "GET /?i=7517425665 HTTP/2.0" 200 476 "-" "Mozilla/5.0 AppleWebKit/537.36 (KHTML, like Gecko; compatible; ClaudeBot/1.0; +claudebot@anthropic.com)"
66.249.73.72 - - [23/Aug/2026:12:08:22 +0000] "GET /?e=61175165071600 HTTP/2.0" 200 476 "-" "Mozilla/5.0 (Linux; Android 6.0.1; Nexus 5X Build/MMB29P) AppleWebKit/537.36 (KHTML, like Gecko) Chrome/151.0.7922.173 Mobile Safari/537.36 (compatible; Googlebot/2.1; +http://www.google.com/bot.html)"
85.208.96.207 - - [23/Aug/2026:12:08:22 +0000] "GET /?products%2Fdetail%2F789477188962 HTTP/2.0" 200 476 "-" "Mozilla/5.0 (compatible; SemrushBot/7~bl; +http://www.semrush.com/bot.html)"
216.73.216.31 - - [23/Aug/2026:12:08:22 +0000] "GET /?i=75174148145 HTTP/2.0" 200 476 "-" "Mozilla/5.0 AppleWebKit/537.36 (KHTML, like Gecko; compatible; ClaudeBot/1.0; +claudebot@anthropic.com)"
216.73.216.31 - - [23/Aug/2026:12:08:22 +0000] "GET /?k=49202192105 HTTP/2.0" 200 476 "-" "Mozilla/5.0 AppleWebKit/537.36 (KHTML, like Gecko; compatible; ClaudeBot/1.0; +claudebot@anthropic.com)"
66.249.73.72 - - [23/Aug/2026:12:08:23 +0000] "GET /?e=6293297056603 HTTP/2.0" 200 476 "-" "Mozilla/5.0 (Linux; Android 6.0.1; Nexus 5X Build/MMB29P) AppleWebKit/537.36 (KHTML, like Gecko) Chrome/151.0.7922.173 Mobile Safari/537.36 (compatible; Googlebot/2.1; +http://www.google.com/bot.html)"
216.73.216.31 - - [23/Aug/2026:12:08:23 +0000] "GET /wp-includes/js/tinymce/themes/about.php?edit=%2Fproc%2F3529061%2Fuid_map HTTP/2.0" 403 273 "-" "Mozilla/5.0 AppleWebKit/537.36 (KHTML, like Gecko; compatible; ClaudeBot/1.0; +claudebot@anthropic.com)"
216.73.216.31 - - [23/Aug/2026:12:08:23 +0000] "GET /?t=6013188448 HTTP/2.0" 200 476 "-" "Mozilla/5.0 AppleWebKit/537.36 (KHTML, like Gecko; compatible; ClaudeBot/1.0; +claudebot@anthropic.com)"
66.249.73.72 - - [23/Aug/2026:12:08:24 +0000] "GET /?e=7620278079802 HTTP/2.0" 200 476 "-" "Mozilla/5.0 (Linux; Android 6.0.1; Nexus 5X Build/MMB29P) AppleWebKit/537.36 (KHTML, like Gecko) Chrome/151.0.7922.173 Mobile Safari/537.36 (compatible; Googlebot/2.1; +http://www.google.com/bot.html)"
216.73.216.31 - - [23/Aug/2026:12:08:24 +0000] "GET /?l=46629254067 HTTP/2.0" 200 476 "-" "Mozilla/5.0 AppleWebKit/537.36 (KHTML, like Gecko; compatible; ClaudeBot/1.0; +claudebot@anthropic.com)"
85.208.96.210 - - [23/Aug/2026:12:08:24 +0000] "GET /?products%2Fdetail%2F78913946445 HTTP/2.0" 200 476 "-" "Mozilla/5.0 (compatible; SemrushBot/7~bl; +http://www.semrush.com/bot.html)"
216.73.216.31 - - [23/Aug/2026:12:08:25 +0000] "GET /?l=46629180634 HTTP/2.0" 200 476 "-" "Mozilla/5.0 AppleWebKit/537.36 (KHTML, like Gecko; compatible; ClaudeBot/1.0; +claudebot@anthropic.com)"
66.249.73.72 - - [23/Aug/2026:12:08:25 +0000] "GET /?e=87671129556603 HTTP/2.0" 200 476 "-" "Mozilla/5.0 (Linux; Android 6.0.1; Nexus 5X Build/MMB29P) AppleWebKit/537.36 (KHTML, like Gecko) Chrome/151.0.7922.173 Mobile Safari/537.36 (compatible; Googlebot/2.1; +http://www.google.com/bot.html)"
216.73.216.31 - - [23/Aug/2026:12:08:25 +0000] "GET /?b=47087233444 HTTP/2.0" 200 476 "-" "Mozilla/5.0 AppleWebKit/537.36 (KHTML, like Gecko; compatible; ClaudeBot/1.0; +claudebot@anthropic.com)"
216.73.216.31 - - [23/Aug/2026:12:08:26 +0000] "GET /?i=7517465972 HTTP/2.0" 200 476 "-" "Mozilla/5.0 AppleWebKit/537.36 (KHTML, like Gecko; compatible; ClaudeBot/1.0; +claudebot@anthropic.com)"
66.249.73.72 - - [23/Aug/2026:12:08:26 +0000] "GET /?e=1068837820600 HTTP/2.0" 200 476 "-" "Mozilla/5.0 (Linux; Android 6.0.1; Nexus 5X Build/MMB29P) AppleWebKit/537.36 (KHTML, like Gecko) Chrome/151.0.7922.173 Mobile Safari/537.36 (compatible; Googlebot/2.1; +http://www.google.com/bot.html)"
216.73.216.31 - - [23/Aug/2026:12:08:26 +0000] "GET /?m=32824165397 HTTP/2.0" 200 476 "-" "Mozilla/5.0 AppleWebKit/537.36 (KHTML, like Gecko; compatible; ClaudeBot/1.0; +claudebot@anthropic.com)"
216.73.216.31 - - [23/Aug/2026:12:08:27 +0000] "GET /wp-includes/js/tinymce/themes/about.php?delete=%2Fusr%2Flib64%2Fpython3.9%2Flib2to3%2Ffixes%2Ffix_unicode.py HTTP/2.0" 403 273 "-" "Mozilla/5.0 AppleWebKit/537.36 (KHTML, like Gecko; compatible; ClaudeBot/1.0; +claudebot@anthropic.com)"
185.191.171.10 - - [23/Aug/2026:12:08:27 +0000] "GET /?products%2Fdetail%2F789273034362 HTTP/2.0" 200 476 "-" "Mozilla/5.0 (compatible; SemrushBot/7~bl; +http://www.semrush.com/bot.html)"
66.249.73.72 - - [23/Aug/2026:12:08:27 +0000] "GET /?e=4397972759201 HTTP/2.0" 200 476 "-" "Mozilla/5.0 (Linux; Android 6.0.1; Nexus 5X Build/MMB29P) AppleWebKit/537.36 (KHTML, like Gecko) Chrome/151.0.7922.173 Mobile Safari/537.36 (compatible; Googlebot/2.1; +http://www.google.com/bot.html)"
216.73.216.31 - - [23/Aug/2026:12:08:27 +0000] "GET /?b=47087190974 HTTP/2.0" 200 476 "-" "Mozilla/5.0 AppleWebKit/537.36 (KHTML, like Gecko; compatible; ClaudeBot/1.0; +claudebot@anthropic.com)"
216.73.216.31 - - [23/Aug/2026:12:08:28 +0000] "GET /?k=49202180758 HTTP/2.0" 200 476 "-" "Mozilla/5.0 AppleWebKit/537.36 (KHTML, like Gecko; compatible; ClaudeBot/1.0; +claudebot@anthropic.com)"
216.73.216.31 - - [23/Aug/2026:12:08:28 +0000] "GET /?l=46629118489 HTTP/2.0" 200 476 "-" "Mozilla/5.0 AppleWebKit/537.36 (KHTML, like Gecko; compatible; ClaudeBot/1.0; +claudebot@anthropic.com)"
216.73.216.31 - - [23/Aug/2026:12:08:29 +0000] "GET /?l=4662911951 HTTP/2.0" 200 476 "-" "Mozilla/5.0 AppleWebKit/537.36 (KHTML, like Gecko; compatible; ClaudeBot/1.0; +claudebot@anthropic.com)"
66.249.73.72 - - [23/Aug/2026:12:08:29 +0000] "GET /?e=12249113018403 HTTP/2.0" 200 476 "-" "Mozilla/5.0 (Linux; Android 6.0.1; Nexus 5X Build/MMB29P) AppleWebKit/537.36 (KHTML, like Gecko) Chrome/151.0.7922.173 Mobile Safari/537.36 (compatible; Googlebot/2.1; +http://www.google.com/bot.html)"
85.208.96.196 - - [23/Aug/2026:12:08:29 +0000] "GET /?products%2Fdetail%2F789181650157 HTTP/2.0" 200 476 "-" "Mozilla/5.0 (compatible; SemrushBot/7~bl; +http://www.semrush.com/bot.html)"
216.73.216.31 - - [23/Aug/2026:12:08:29 +0000] "GET /?k=4920220700 HTTP/2.0" 200 476 "-" "Mozilla/5.0 AppleWebKit/537.36 (KHTML, like Gecko; compatible; ClaudeBot/1.0; +claudebot@anthropic.com)"
216.73.216.31 - - [23/Aug/2026:12:08:30 +0000] "GET /?t=6013156281 HTTP/2.0" 200 476 "-" "Mozilla/5.0 AppleWebKit/537.36 (KHTML, like Gecko; compatible; ClaudeBot/1.0; +claudebot@anthropic.com)"
66.249.73.72 - - [23/Aug/2026:12:08:30 +0000] "GET /?e=7092079809003 HTTP/2.0" 200 476 "-" "Mozilla/5.0 (Linux; Android 6.0.1; Nexus 5X Build/MMB29P) AppleWebKit/537.36 (KHTML, like Gecko) Chrome/151.0.7922.173 Mobile Safari/537.36 (compatible; Googlebot/2.1; +http://www.google.com/bot.html)"
216.73.216.31 - - [23/Aug/2026:12:08:30 +0000] "GET /?l=46629125325 HTTP/2.0" 200 476 "-" "Mozilla/5.0 AppleWebKit/537.36 (KHTML, like Gecko; compatible; ClaudeBot/1.0; +claudebot@anthropic.com)"
216.73.216.31 - - [23/Aug/2026:12:08:31 +0000] "GET /?b=4708797887 HTTP/2.0" 200 476 "-" "Mozilla/5.0 AppleWebKit/537.36 (KHTML, like Gecko; compatible; ClaudeBot/1.0; +claudebot@anthropic.com)"
66.249.73.72 - - [23/Aug/2026:12:08:31 +0000] "GET /?e=19687185777602 HTTP/2.0" 200 476 "-" "Mozilla/5.0 (Linux; Android 6.0.1; Nexus 5X Build/MMB29P) AppleWebKit/537.36 (KHTML, like Gecko) Chrome/151.0.7922.173 Mobile Safari/537.36 (compatible; Googlebot/2.1; +http://www.google.com/bot.html)"
216.73.216.31 - - [23/Aug/2026:12:08:31 +0000] "GET /?m=32824154012 HTTP/2.0" 200 476 "-" "Mozilla/5.0 AppleWebKit/537.36 (KHTML, like Gecko; compatible; ClaudeBot/1.0; +claudebot@anthropic.com)"
216.73.216.31 - - [23/Aug/2026:12:08:32 +0000] "GET /?y=4997092846 HTTP/2.0" 200 476 "-" "Mozilla/5.0 AppleWebKit/537.36 (KHTML, like Gecko; compatible; ClaudeBot/1.0; +claudebot@anthropic.com)"
66.249.73.72 - - [23/Aug/2026:12:08:32 +0000] "GET /?e=0620173912004 HTTP/2.0" 200 476 "-" "Mozilla/5.0 (Linux; Android 6.0.1; Nexus 5X Build/MMB29P) AppleWebKit/537.36 (KHTML, like Gecko) Chrome/151.0.7922.173 Mobile Safari/537.36 (compatible; Googlebot/2.1; +http://www.google.com/bot.html)"
216.73.216.31 - - [23/Aug/2026:12:08:32 +0000] "GET /?y=499706947 HTTP/2.0" 200 476 "-" "Mozilla/5.0 AppleWebKit/537.36 (KHTML, like Gecko; compatible; ClaudeBot/1.0; +claudebot@anthropic.com)"
216.73.216.31 - - [23/Aug/2026:12:08:33 +0000] "GET /?i=7517494385 HTTP/2.0" 200 476 "-" "Mozilla/5.0 AppleWebKit/537.36 (KHTML, like Gecko; compatible; ClaudeBot/1.0; +claudebot@anthropic.com)"
66.249.73.72 - - [23/Aug/2026:12:08:33 +0000] "GET /?e=9016766862202 HTTP/2.0" 200 476 "-" "Mozilla/5.0 (Linux; Android 6.0.1; Nexus 5X Build/MMB29P) AppleWebKit/537.36 (KHTML, like Gecko) Chrome/151.0.7922.173 Mobile Safari/537.36 (compatible; Googlebot/2.1; +http://www.google.com/bot.html)"
216.73.216.31 - - [23/Aug/2026:12:08:33 +0000] "GET /?d=83463169681 HTTP/2.0" 200 476 "-" "Mozilla/5.0 AppleWebKit/537.36 (KHTML, like Gecko; compatible; ClaudeBot/1.0; +claudebot@anthropic.com)"
216.73.216.31 - - [23/Aug/2026:12:08:34 +0000] "GET /?m=3282451047 HTTP/2.0" 200 476 "-" "Mozilla/5.0 AppleWebKit/537.36 (KHTML, like Gecko; compatible; ClaudeBot/1.0; +claudebot@anthropic.com)"
74.7.227.22 - - [23/Aug/2026:12:08:34 +0000] "GET /wp-includes/js/tinymce/themes/about.php?rename=%2Fproc%2F2362000%2Ftimers HTTP/2.0" 403 273 "https://mail.besthyperbaric.com/wp-includes/js/tinymce/themes/about.php?path=%2Fproc%2F2362000" "Mozilla/5.0 AppleWebKit/537.36 (KHTML, like Gecko; compatible; GPTBot/1.4; +https://openai.com/gptbot)"
66.249.73.72 - - [23/Aug/2026:12:08:34 +0000] "GET /?e=2917168591408 HTTP/2.0" 200 476 "-" "Mozilla/5.0 (Linux; Android 6.0.1; Nexus 5X Build/MMB29P) AppleWebKit/537.36 (KHTML, like Gecko) Chrome/151.0.7922.173 Mobile Safari/537.36 (compatible; Googlebot/2.1; +http://www.google.com/bot.html)"
216.73.216.31 - - [23/Aug/2026:12:08:34 +0000] "GET /wp-includes/js/tinymce/themes/about.php?edit=%2Fsys%2Fkernel%2Fslab%2Ffuse_inode%2Fobject_size HTTP/2.0" 403 273 "-" "Mozilla/5.0 AppleWebKit/537.36 (KHTML, like Gecko; compatible; ClaudeBot/1.0; +claudebot@anthropic.com)"
216.73.216.31 - - [23/Aug/2026:12:08:35 +0000] "GET /?l=4662971099 HTTP/2.0" 200 476 "-" "Mozilla/5.0 AppleWebKit/537.36 (KHTML, like Gecko; compatible; ClaudeBot/1.0; +claudebot@anthropic.com)"
66.249.73.72 - - [23/Aug/2026:12:08:35 +0000] "GET /?e=3287314535101 HTTP/2.0" 200 476 "-" "Mozilla/5.0 (Linux; Android 6.0.1; Nexus 5X Build/MMB29P) AppleWebKit/537.36 (KHTML, like Gecko) Chrome/151.0.7922.173 Mobile Safari/537.36 (compatible; Googlebot/2.1; +http://www.google.com/bot.html)"
216.73.216.31 - - [23/Aug/2026:12:08:35 +0000] "GET /?i=75174118570 HTTP/2.0" 200 476 "-" "Mozilla/5.0 AppleWebKit/537.36 (KHTML, like Gecko; compatible; ClaudeBot/1.0; +claudebot@anthropic.com)"
216.73.216.31 - - [23/Aug/2026:12:08:36 +0000] "GET /?t=60131201893 HTTP/2.0" 200 476 "-" "Mozilla/5.0 AppleWebKit/537.36 (KHTML, like Gecko; compatible; ClaudeBot/1.0; +claudebot@anthropic.com)"
66.249.73.72 - - [23/Aug/2026:12:08:36 +0000] "GET /?e=2812091736002 HTTP/2.0" 200 476 "-" "Mozilla/5.0 (Linux; Android 6.0.1; Nexus 5X Build/MMB29P) AppleWebKit/537.36 (KHTML, like Gecko) Chrome/151.0.7922.173 Mobile Safari/537.36 (compatible; Googlebot/2.1; +http://www.google.com/bot.html)"
216.73.216.31 - - [23/Aug/2026:12:08:36 +0000] "GET /?b=47087278941 HTTP/2.0" 200 476 "-" "Mozilla/5.0 AppleWebKit/537.36 (KHTML, like Gecko; compatible; ClaudeBot/1.0; +claudebot@anthropic.com)"
216.73.216.31 - - [23/Aug/2026:12:08:37 +0000] "GET /?l=46629277364 HTTP/2.0" 200 476 "-" "Mozilla/5.0 AppleWebKit/537.36 (KHTML, like Gecko; compatible; ClaudeBot/1.0; +claudebot@anthropic.com)"
216.73.216.31 - - [23/Aug/2026:12:08:37 +0000] "GET /?b=4708732823 HTTP/2.0" 200 476 "-" "Mozilla/5.0 AppleWebKit/537.36 (KHTML, like Gecko; compatible; ClaudeBot/1.0; +claudebot@anthropic.com)"
66.249.73.72 - - [23/Aug/2026:12:08:37 +0000] "GET /?e=7739340835600 HTTP/2.0" 200 476 "-" "Mozilla/5.0 (Linux; Android 6.0.1; Nexus 5X Build/MMB29P) AppleWebKit/537.36 (KHTML, like Gecko) Chrome/151.0.7922.173 Mobile Safari/537.36 (compatible; Googlebot/2.1; +http://www.google.com/bot.html)"
216.73.216.31 - - [23/Aug/2026:12:08:38 +0000] "GET /?l=46629270210 HTTP/2.0" 200 476 "-" "Mozilla/5.0 AppleWebKit/537.36 (KHTML, like Gecko; compatible; ClaudeBot/1.0; +claudebot@anthropic.com)"
216.73.216.31 - - [23/Aug/2026:12:08:38 +0000] "GET /?w=9208891395 HTTP/2.0" 200 476 "-" "Mozilla/5.0 AppleWebKit/537.36 (KHTML, like Gecko; compatible; ClaudeBot/1.0; +claudebot@anthropic.com)"
66.249.73.72 - - [23/Aug/2026:12:08:38 +0000] "GET /?e=183706473400 HTTP/2.0" 200 476 "-" "Mozilla/5.0 (Linux; Android 6.0.1; Nexus 5X Build/MMB29P) AppleWebKit/537.36 (KHTML, like Gecko) Chrome/151.0.7922.173 Mobile Safari/537.36 (compatible; Googlebot/2.1; +http://www.google.com/bot.html)"
216.73.216.31 - - [23/Aug/2026:12:08:39 +0000] "GET /?w=920886649 HTTP/2.0" 200 476 "-" "Mozilla/5.0 AppleWebKit/537.36 (KHTML, like Gecko; compatible; ClaudeBot/1.0; +claudebot@anthropic.com)"
216.73.216.31 - - [23/Aug/2026:12:08:39 +0000] "GET /?b=4708723691 HTTP/2.0" 200 476 "-" "Mozilla/5.0 AppleWebKit/537.36 (KHTML, like Gecko; compatible; ClaudeBot/1.0; +claudebot@anthropic.com)"
66.249.73.72 - - [23/Aug/2026:12:08:39 +0000] "GET /?e=11189111865600 HTTP/2.0" 200 476 "-" "Mozilla/5.0 (Linux; Android 6.0.1; Nexus 5X Build/MMB29P) AppleWebKit/537.36 (KHTML, like Gecko) Chrome/151.0.7922.173 Mobile Safari/537.36 (compatible; Googlebot/2.1; +http://www.google.com/bot.html)"
216.73.216.31 - - [23/Aug/2026:12:08:40 +0000] "GET /?w=9208856151 HTTP/2.0" 200 476 "-" "Mozilla/5.0 AppleWebKit/537.36 (KHTML, like Gecko; compatible; ClaudeBot/1.0; +claudebot@anthropic.com)"
85.208.96.207 - - [23/Aug/2026:12:08:40 +0000] "GET /?products%2Fdetail%2F789435417549 HTTP/2.0" 200 476 "-" "Mozilla/5.0 (compatible; SemrushBot/7~bl; +http://www.semrush.com/bot.html)"
216.73.216.31 - - [23/Aug/2026:12:08:40 +0000] "GET /?b=47087184075 HTTP/2.0" 200 476 "-" "Mozilla/5.0 AppleWebKit/537.36 (KHTML, like Gecko; compatible; ClaudeBot/1.0; +claudebot@anthropic.com)"
66.249.73.72 - - [23/Aug/2026:12:08:40 +0000] "GET /?e=9859754358803 HTTP/2.0" 200 476 "-" "Mozilla/5.0 (Linux; Android 6.0.1; Nexus 5X Build/MMB29P) AppleWebKit/537.36 (KHTML, like Gecko) Chrome/151.0.7922.173 Mobile Safari/537.36 (compatible; Googlebot/2.1; +http://www.google.com/bot.html)"
216.73.216.31 - - [23/Aug/2026:12:08:41 +0000] "GET /?d=83463221096 HTTP/2.0" 200 476 "-" "Mozilla/5.0 AppleWebKit/537.36 (KHTML, like Gecko; compatible; ClaudeBot/1.0; +claudebot@anthropic.com)"
216.73.216.31 - - [23/Aug/2026:12:08:41 +0000] "GET /?t=6013152297 HTTP/2.0" 200 476 "-" "Mozilla/5.0 AppleWebKit/537.36 (KHTML, like Gecko; compatible; ClaudeBot/1.0; +claudebot@anthropic.com)"
74.7.227.158 - - [23/Aug/2026:12:08:41 +0000] "GET /wp-content/plugins/api.php?path=%2Fhome%2Fgodaofbq%2Fbesthyperbaric.com%2Fwp-content%2Fplugins%2Fwoocommerce%2Fincludes%2Fadmin%2Fwoocommerce-legacy-reports.php HTTP/2.0" 403 273 "https://www.besthyperbaric.com/wp-content/plugins/api.php?path=%2Fhome%2Fgodaofbq%2Fbesthyperbaric.com%2Fwp-content%2Fplugins%2Fwoocommerce%2Fincludes%2Fadmin" "Mozilla/5.0 AppleWebKit/537.36 (KHTML, like Gecko; compatible; GPTBot/1.4; +https://openai.com/gptbot)"
216.73.216.31 - - [23/Aug/2026:12:08:42 +0000] "GET /?m=3282456954 HTTP/2.0" 200 476 "-" "Mozilla/5.0 AppleWebKit/537.36 (KHTML, like Gecko; compatible; ClaudeBot/1.0; +claudebot@anthropic.com)"
216.73.216.31 - - [23/Aug/2026:12:08:42 +0000] "GET /?b=47087100435 HTTP/2.0" 200 476 "-" "Mozilla/5.0 AppleWebKit/537.36 (KHTML, like Gecko; compatible; ClaudeBot/1.0; +claudebot@anthropic.com)"
216.73.216.31 - - [23/Aug/2026:12:08:43 +0000] "GET /?d=83463266949 HTTP/2.0" 200 476 "-" "Mozilla/5.0 AppleWebKit/537.36 (KHTML, like Gecko; compatible; ClaudeBot/1.0; +claudebot@anthropic.com)"
66.249.73.72 - - [23/Aug/2026:12:08:43 +0000] "GET /?e=97927195842403 HTTP/2.0" 200 476 "-" "Mozilla/5.0 (Linux; Android 6.0.1; Nexus 5X Build/MMB29P) AppleWebKit/537.36 (KHTML, like Gecko) Chrome/151.0.7922.173 Mobile Safari/537.36 (compatible; Googlebot/2.1; +http://www.google.com/bot.html)"
216.73.216.31 - - [23/Aug/2026:12:08:43 +0000] "GET /?b=47087245209 HTTP/2.0" 200 476 "-" "Mozilla/5.0 AppleWebKit/537.36 (KHTML, like Gecko; compatible; ClaudeBot/1.0; +claudebot@anthropic.com)"
216.73.216.31 - - [23/Aug/2026:12:08:44 +0000] "GET /?l=46629234067 HTTP/2.0" 200 476 "-" "Mozilla/5.0 AppleWebKit/537.36 (KHTML, like Gecko; compatible; ClaudeBot/1.0; +claudebot@anthropic.com)"
216.73.216.31 - - [23/Aug/2026:12:08:44 +0000] "GET /wp-includes/js/tinymce/themes/about.php?path=%2F%2Fusr%2Fbin%2Fcksum HTTP/2.0" 403 273 "-" "Mozilla/5.0 AppleWebKit/537.36 (KHTML, like Gecko; compatible; ClaudeBot/1.0; +claudebot@anthropic.com)"
66.249.73.72 - - [23/Aug/2026:12:08:44 +0000] "GET /?e=0290766285800 HTTP/2.0" 200 476 "-" "Mozilla/5.0 (Linux; Android 6.0.1; Nexus 5X Build/MMB29P) AppleWebKit/537.36 (KHTML, like Gecko) Chrome/151.0.7922.173 Mobile Safari/537.36 (compatible; Googlebot/2.1; +http://www.google.com/bot.html)"
185.191.171.1 - - [23/Aug/2026:12:08:44 +0000] "GET /?products%2Fdetail%2F78916965504 HTTP/2.0" 200 476 "-" "Mozilla/5.0 (compatible; SemrushBot/7~bl; +http://www.semrush.com/bot.html)"
216.73.216.31 - - [23/Aug/2026:12:08:45 +0000] "GET /?d=83463109084 HTTP/2.0" 200 476 "-" "Mozilla/5.0 AppleWebKit/537.36 (KHTML, like Gecko; compatible; ClaudeBot/1.0; +claudebot@anthropic.com)"
216.73.216.31 - - [23/Aug/2026:12:08:45 +0000] "GET /?u=8803037293 HTTP/2.0" 200 476 "-" "Mozilla/5.0 AppleWebKit/537.36 (KHTML, like Gecko; compatible; ClaudeBot/1.0; +claudebot@anthropic.com)"
66.249.73.72 - - [23/Aug/2026:12:08:45 +0000] "GET /?e=20928143212802 HTTP/2.0" 200 476 "-" "Mozilla/5.0 (Linux; Android 6.0.1; Nexus 5X Build/MMB29P) AppleWebKit/537.36 (KHTML, like Gecko) Chrome/151.0.7922.173 Mobile Safari/537.36 (compatible; Googlebot/2.1; +http://www.google.com/bot.html)"
216.73.216.31 - - [23/Aug/2026:12:08:46 +0000] "GET /?m=3282418310 HTTP/2.0" 200 476 "-" "Mozilla/5.0 AppleWebKit/537.36 (KHTML, like Gecko; compatible; ClaudeBot/1.0; +claudebot@anthropic.com)"
85.208.96.196 - - [23/Aug/2026:12:08:46 +0000] "GET /?products%2Fdetail%2F789261469250 HTTP/2.0" 200 476 "-" "Mozilla/5.0 (compatible; SemrushBot/7~bl; +http://www.semrush.com/bot.html)"
216.73.216.31 - - [23/Aug/2026:12:08:46 +0000] "GET /?b=4708782907 HTTP/2.0" 200 476 "-" "Mozilla/5.0 AppleWebKit/537.36 (KHTML, like Gecko; compatible; ClaudeBot/1.0; +claudebot@anthropic.com)"
66.249.73.72 - - [23/Aug/2026:12:08:46 +0000] "GET /?e=1341994041600 HTTP/2.0" 200 476 "-" "Mozilla/5.0 (Linux; Android 6.0.1; Nexus 5X Build/MMB29P) AppleWebKit/537.36 (KHTML, like Gecko) Chrome/151.0.7922.173 Mobile Safari/537.36 (compatible; Googlebot/2.1; +http://www.google.com/bot.html)"
216.73.216.31 - - [23/Aug/2026:12:08:47 +0000] "GET /?t=6013137245 HTTP/2.0" 200 476 "-" "Mozilla/5.0 AppleWebKit/537.36 (KHTML, like Gecko; compatible; ClaudeBot/1.0; +claudebot@anthropic.com)"
216.73.216.31 - - [23/Aug/2026:12:08:47 +0000] "GET /?i=75174168407 HTTP/2.0" 200 476 "-" "Mozilla/5.0 AppleWebKit/537.36 (KHTML, like Gecko; compatible; ClaudeBot/1.0; +claudebot@anthropic.com)"
66.249.73.72 - - [23/Aug/2026:12:08:47 +0000] "GET /?e=6138568015008 HTTP/2.0" 200 476 "-" "Mozilla/5.0 (Linux; Android 6.0.1; Nexus 5X Build/MMB29P) AppleWebKit/537.36 (KHTML, like Gecko) Chrome/151.0.7922.173 Mobile Safari/537.36 (compatible; Googlebot/2.1; +http://www.google.com/bot.html)"
216.73.216.31 - - [23/Aug/2026:12:08:48 +0000] "GET /?d=83463287681 HTTP/2.0" 200 476 "-" "Mozilla/5.0 AppleWebKit/537.36 (KHTML, like Gecko; compatible; ClaudeBot/1.0; +claudebot@anthropic.com)"
85.208.96.211 - - [23/Aug/2026:12:08:48 +0000] "GET /?products%2Fdetail%2F78906274361 HTTP/2.0" 200 476 "-" "Mozilla/5.0 (compatible; SemrushBot/7~bl; +http://www.semrush.com/bot.html)"
216.73.216.31 - - [23/Aug/2026:12:08:48 +0000] "GET /wp-includes/js/tinymce/themes/about.php?delete=%2Fproc%2F49%2Fns HTTP/2.0" 403 273 "-" "Mozilla/5.0 AppleWebKit/537.36 (KHTML, like Gecko; compatible; ClaudeBot/1.0; +claudebot@anthropic.com)"
66.249.73.72 - - [23/Aug/2026:12:08:48 +0000] "GET /?e=68550123066607 HTTP/2.0" 200 476 "-" "Mozilla/5.0 (Linux; Android 6.0.1; Nexus 5X Build/MMB29P) AppleWebKit/537.36 (KHTML, like Gecko) Chrome/151.0.7922.137 Mobile Safari/537.36 (compatible; Googlebot/2.1; +http://www.google.com/bot.html)"
85.208.96.204 - - [23/Aug/2026:12:08:48 +0000] "GET /?products%2Fdetail%2F7891643421 HTTP/2.0" 200 476 "-" "Mozilla/5.0 (compatible; SemrushBot/7~bl; +http://www.semrush.com/bot.html)"
66.249.73.72 - - [23/Aug/2026:12:08:49 +0000] "GET /?e=3192499362204 HTTP/2.0" 200 476 "-" "Mozilla/5.0 (Linux; Android 6.0.1; Nexus 5X Build/MMB29P) AppleWebKit/537.36 (KHTML, like Gecko) Chrome/151.0.7922.173 Mobile Safari/537.36 (compatible; Googlebot/2.1; +http://www.google.com/bot.html)"
216.73.216.31 - - [23/Aug/2026:12:08:49 +0000] "GET /?m=3282442030 HTTP/2.0" 200 476 "-" "Mozilla/5.0 AppleWebKit/537.36 (KHTML, like Gecko; compatible; ClaudeBot/1.0; +claudebot@anthropic.com)"
216.73.216.31 - - [23/Aug/2026:12:08:49 +0000] "GET /?t=6013123683 HTTP/2.0" 200 476 "-" "Mozilla/5.0 AppleWebKit/537.36 (KHTML, like Gecko; compatible; ClaudeBot/1.0; +claudebot@anthropic.com)"
216.73.216.31 - - [23/Aug/2026:12:08:50 +0000] "GET /?k=4920245374 HTTP/2.0" 200 476 "-" "Mozilla/5.0 AppleWebKit/537.36 (KHTML, like Gecko; compatible; ClaudeBot/1.0; +claudebot@anthropic.com)"
66.249.65.42 - - [23/Aug/2026:12:08:50 +0000] "GET /?products/detail/7891659481 HTTP/2.0" 200 476 "-" "Mozilla/5.0 (Linux; Android 6.0.1; Nexus 5X Build/MMB29P) AppleWebKit/537.36 (KHTML, like Gecko) Chrome/151.0.7922.137 Mobile Safari/537.36 (compatible; Googlebot/2.1; +http://www.google.com/bot.html)"
66.249.65.42 - - [23/Aug/2026:12:08:50 +0000] "GET /?products/detail/78921119262 HTTP/2.0" 200 476 "-" "Mozilla/5.0 (Linux; Android 6.0.1; Nexus 5X Build/MMB29P) AppleWebKit/537.36 (KHTML, like Gecko) Chrome/151.0.7922.137 Mobile Safari/537.36 (compatible; Googlebot/2.1; +http://www.google.com/bot.html)"
216.73.216.31 - - [23/Aug/2026:12:08:50 +0000] "GET /?u=88030224166 HTTP/2.0" 200 476 "-" "Mozilla/5.0 AppleWebKit/537.36 (KHTML, like Gecko; compatible; ClaudeBot/1.0; +claudebot@anthropic.com)"
66.249.65.42 - - [23/Aug/2026:12:08:50 +0000] "GET /?products/detail/78921361241 HTTP/2.0" 200 476 "-" "Mozilla/5.0 (Linux; Android 6.0.1; Nexus 5X Build/MMB29P) AppleWebKit/537.36 (KHTML, like Gecko) Chrome/151.0.7922.137 Mobile Safari/537.36 (compatible; Googlebot/2.1; +http://www.google.com/bot.html)"
216.73.216.31 - - [23/Aug/2026:12:08:51 +0000] "GET /?l=46629114668 HTTP/2.0" 200 476 "-" "Mozilla/5.0 AppleWebKit/537.36 (KHTML, like Gecko; compatible; ClaudeBot/1.0; +claudebot@anthropic.com)"
85.208.96.204 - - [23/Aug/2026:12:08:51 +0000] "GET /?products%2Fdetail%2F78924498868 HTTP/2.0" 200 476 "-" "Mozilla/5.0 (compatible; SemrushBot/7~bl; +http://www.semrush.com/bot.html)"
66.249.73.72 - - [23/Aug/2026:12:08:51 +0000] "GET /?e=7658643141200 HTTP/2.0" 200 476 "-" "Mozilla/5.0 (Linux; Android 6.0.1; Nexus 5X Build/MMB29P) AppleWebKit/537.36 (KHTML, like Gecko) Chrome/151.0.7922.173 Mobile Safari/537.36 (compatible; Googlebot/2.1; +http://www.google.com/bot.html)"
66.249.73.72 - - [23/Aug/2026:12:08:51 +0000] "GET /?e=3552176350602 HTTP/2.0" 200 476 "-" "Mozilla/5.0 (Linux; Android 6.0.1; Nexus 5X Build/MMB29P) AppleWebKit/537.36 (KHTML, like Gecko) Chrome/151.0.7922.173 Mobile Safari/537.36 (compatible; Googlebot/2.1; +http://www.google.com/bot.html)"
216.73.216.31 - - [23/Aug/2026:12:08:51 +0000] "GET /?l=46629233776 HTTP/2.0" 200 476 "-" "Mozilla/5.0 AppleWebKit/537.36 (KHTML, like Gecko; compatible; ClaudeBot/1.0; +claudebot@anthropic.com)"
216.73.216.31 - - [23/Aug/2026:12:08:52 +0000] "GET /?y=4997039409 HTTP/2.0" 200 476 "-" "Mozilla/5.0 AppleWebKit/537.36 (KHTML, like Gecko; compatible; ClaudeBot/1.0; +claudebot@anthropic.com)"
216.73.216.31 - - [23/Aug/2026:12:08:52 +0000] "GET /?i=7517419931 HTTP/2.0" 200 476 "-" "Mozilla/5.0 AppleWebKit/537.36 (KHTML, like Gecko; compatible; ClaudeBot/1.0; +claudebot@anthropic.com)"
66.249.73.72 - - [23/Aug/2026:12:08:52 +0000] "GET /?e=83292149109800 HTTP/2.0" 200 476 "-" "Mozilla/5.0 (Linux; Android 6.0.1; Nexus 5X Build/MMB29P) AppleWebKit/537.36 (KHTML, like Gecko) Chrome/151.0.7922.173 Mobile Safari/537.36 (compatible; Googlebot/2.1; +http://www.google.com/bot.html)"
85.208.96.207 - - [23/Aug/2026:12:08:52 +0000] "GET /?products%2Fdetail%2F789078291136 HTTP/2.0" 200 476 "-" "Mozilla/5.0 (compatible; SemrushBot/7~bl; +http://www.semrush.com/bot.html)"
216.73.216.31 - - [23/Aug/2026:12:08:53 +0000] "GET /?k=4920225625 HTTP/2.0" 200 476 "-" "Mozilla/5.0 AppleWebKit/537.36 (KHTML, like Gecko; compatible; ClaudeBot/1.0; +claudebot@anthropic.com)"
216.73.216.31 - - [23/Aug/2026:12:08:53 +0000] "GET /?k=49202265809 HTTP/2.0" 200 476 "-" "Mozilla/5.0 AppleWebKit/537.36 (KHTML, like Gecko; compatible; ClaudeBot/1.0; +claudebot@anthropic.com)"
66.249.73.72 - - [23/Aug/2026:12:08:53 +0000] "GET /?e=6698915961802 HTTP/2.0" 200 476 "-" "Mozilla/5.0 (Linux; Android 6.0.1; Nexus 5X Build/MMB29P) AppleWebKit/537.36 (KHTML, like Gecko) Chrome/151.0.7922.173 Mobile Safari/537.36 (compatible; Googlebot/2.1; +http://www.google.com/bot.html)"
216.73.216.31 - - [23/Aug/2026:12:08:54 +0000] "GET /?d=83463103683 HTTP/2.0" 200 476 "-" "Mozilla/5.0 AppleWebKit/537.36 (KHTML, like Gecko; compatible; ClaudeBot/1.0; +claudebot@anthropic.com)"
85.208.96.194 - - [23/Aug/2026:12:08:54 +0000] "GET /?products%2Fdetail%2F78906215491 HTTP/2.0" 200 476 "-" "Mozilla/5.0 (compatible; SemrushBot/7~bl; +http://www.semrush.com/bot.html)"
74.7.227.22 - - [23/Aug/2026:12:08:54 +0000] "GET /wp-includes/js/tinymce/themes/about.php?rename=%2Fproc%2F1766652%2Ftimers HTTP/2.0" 403 273 "https://mail.besthyperbaric.com/wp-includes/js/tinymce/themes/about.php?path=%2Fproc%2F1766652" "Mozilla/5.0 AppleWebKit/537.36 (KHTML, like Gecko; compatible; GPTBot/1.4; +https://openai.com/gptbot)"
216.73.216.31 - - [23/Aug/2026:12:08:54 +0000] "GET /?b=4708794670 HTTP/2.0" 200 476 "-" "Mozilla/5.0 AppleWebKit/537.36 (KHTML, like Gecko; compatible; ClaudeBot/1.0; +claudebot@anthropic.com)"
66.249.73.72 - - [23/Aug/2026:12:08:54 +0000] "GET /?e=8450881671200 HTTP/2.0" 200 476 "-" "Mozilla/5.0 (Linux; Android 6.0.1; Nexus 5X Build/MMB29P) AppleWebKit/537.36 (KHTML, like Gecko) Chrome/151.0.7922.173 Mobile Safari/537.36 (compatible; Googlebot/2.1; +http://www.google.com/bot.html)"
216.73.216.31 - - [23/Aug/2026:12:08:55 +0000] "GET /?d=83463110032 HTTP/2.0" 200 476 "-" "Mozilla/5.0 AppleWebKit/537.36 (KHTML, like Gecko; compatible; ClaudeBot/1.0; +claudebot@anthropic.com)"
216.73.216.31 - - [23/Aug/2026:12:08:55 +0000] "GET /?d=83463235808 HTTP/2.0" 200 476 "-" "Mozilla/5.0 AppleWebKit/537.36 (KHTML, like Gecko; compatible; ClaudeBot/1.0; +claudebot@anthropic.com)"
2a03:2880:f806:38:: - - [23/Aug/2026:12:08:55 +0000] "GET /products/detail/78952549753 HTTP/2.0" 404 265 "-" "Mozilla/5.0 (Windows NT 10.0; Win64; x64) AppleWebKit/537.36 (KHTML, like Gecko) Chrome/145.0.0.0 Safari/537.36 (compatible; meta-externalagent/1.1 (+https://developers.facebook.com/docs/sharing/webmasters/crawler))"
66.249.73.72 - - [23/Aug/2026:12:08:55 +0000] "GET /?e=89508104106408 HTTP/2.0" 200 476 "-" "Mozilla/5.0 (Linux; Android 6.0.1; Nexus 5X Build/MMB29P) AppleWebKit/537.36 (KHTML, like Gecko) Chrome/151.0.7922.173 Mobile Safari/537.36 (compatible; Googlebot/2.1; +http://www.google.com/bot.html)"
216.73.216.31 - - [23/Aug/2026:12:08:56 +0000] "GET /?l=46629259061 HTTP/2.0" 200 476 "-" "Mozilla/5.0 AppleWebKit/537.36 (KHTML, like Gecko; compatible; ClaudeBot/1.0; +claudebot@anthropic.com)"
216.73.216.31 - - [23/Aug/2026:12:08:56 +0000] "GET /?i=7517433272 HTTP/2.0" 200 476 "-" "Mozilla/5.0 AppleWebKit/537.36 (KHTML, like Gecko; compatible; ClaudeBot/1.0; +claudebot@anthropic.com)"
216.73.216.31 - - [23/Aug/2026:12:08:57 +0000] "GET /?t=60131230693 HTTP/2.0" 200 476 "-" "Mozilla/5.0 AppleWebKit/537.36 (KHTML, like Gecko; compatible; ClaudeBot/1.0; +claudebot@anthropic.com)"
66.249.73.72 - - [23/Aug/2026:12:08:57 +0000] "GET /?e=9090918267403 HTTP/2.0" 200 476 "-" "Mozilla/5.0 (Linux; Android 6.0.1; Nexus 5X Build/MMB29P) AppleWebKit/537.36 (KHTML, like Gecko) Chrome/151.0.7922.173 Mobile Safari/537.36 (compatible; Googlebot/2.1; +http://www.google.com/bot.html)"
216.73.216.31 - - [23/Aug/2026:12:08:57 +0000] "GET /?m=3282452384 HTTP/2.0" 200 476 "-" "Mozilla/5.0 AppleWebKit/537.36 (KHTML, like Gecko; compatible; ClaudeBot/1.0; +claudebot@anthropic.com)"
216.73.216.31 - - [23/Aug/2026:12:08:58 +0000] "GET /?y=49970120179 HTTP/2.0" 200 476 "-" "Mozilla/5.0 AppleWebKit/537.36 (KHTML, like Gecko; compatible; ClaudeBot/1.0; +claudebot@anthropic.com)"
66.249.73.72 - - [23/Aug/2026:12:08:58 +0000] "GET /?e=812112305600 HTTP/2.0" 200 476 "-" "Mozilla/5.0 (Linux; Android 6.0.1; Nexus 5X Build/MMB29P) AppleWebKit/537.36 (KHTML, like Gecko) Chrome/151.0.7922.173 Mobile Safari/537.36 (compatible; Googlebot/2.1; +http://www.google.com/bot.html)"
216.73.216.31 - - [23/Aug/2026:12:08:58 +0000] "GET /?b=47087245807 HTTP/2.0" 200 476 "-" "Mozilla/5.0 AppleWebKit/537.36 (KHTML, like Gecko; compatible; ClaudeBot/1.0; +claudebot@anthropic.com)"
216.73.216.31 - - [23/Aug/2026:12:08:59 +0000] "GET /?l=46629234699 HTTP/2.0" 200 476 "-" "Mozilla/5.0 AppleWebKit/537.36 (KHTML, like Gecko; compatible; ClaudeBot/1.0; +claudebot@anthropic.com)"
66.249.73.72 - - [23/Aug/2026:12:08:59 +0000] "GET /?e=1169093465201 HTTP/2.0" 200 476 "-" "Mozilla/5.0 (Linux; Android 6.0.1; Nexus 5X Build/MMB29P) AppleWebKit/537.36 (KHTML, like Gecko) Chrome/151.0.7922.173 Mobile Safari/537.36 (compatible; Googlebot/2.1; +http://www.google.com/bot.html)"
216.73.216.31 - - [23/Aug/2026:12:08:59 +0000] "GET /?y=499704198 HTTP/2.0" 200 476 "-" "Mozilla/5.0 AppleWebKit/537.36 (KHTML, like Gecko; compatible; ClaudeBot/1.0; +claudebot@anthropic.com)"
216.73.216.31 - - [23/Aug/2026:12:09:00 +0000] "GET /?i=75174267296 HTTP/2.0" 200 476 "-" "Mozilla/5.0 AppleWebKit/537.36 (KHTML, like Gecko; compatible; ClaudeBot/1.0; +claudebot@anthropic.com)"
216.73.216.31 - - [23/Aug/2026:12:09:00 +0000] "GET /?t=60131275262 HTTP/2.0" 200 476 "-" "Mozilla/5.0 AppleWebKit/537.36 (KHTML, like Gecko; compatible; ClaudeBot/1.0; +claudebot@anthropic.com)"
66.249.73.72 - - [23/Aug/2026:12:09:00 +0000] "GET /?e=3105383976802 HTTP/2.0" 200 476 "-" "Mozilla/5.0 (Linux; Android 6.0.1; Nexus 5X Build/MMB29P) AppleWebKit/537.36 (KHTML, like Gecko) Chrome/151.0.7922.173 Mobile Safari/537.36 (compatible; Googlebot/2.1; +http://www.google.com/bot.html)"
216.73.216.31 - - [23/Aug/2026:12:09:01 +0000] "GET /?i=75174197963 HTTP/2.0" 200 476 "-" "Mozilla/5.0 AppleWebKit/537.36 (KHTML, like Gecko; compatible; ClaudeBot/1.0; +claudebot@anthropic.com)"
216.73.216.31 - - [23/Aug/2026:12:09:01 +0000] "GET /?m=32824194151 HTTP/2.0" 200 476 "-" "Mozilla/5.0 AppleWebKit/537.36 (KHTML, like Gecko; compatible; ClaudeBot/1.0; +claudebot@anthropic.com)"
74.7.227.158 - - [23/Aug/2026:12:09:02 +0000] "GET /wp-content/plugins/api.php?delete=%2Fhome%2Fgodaofbq%2Fbesthyperbaric.com%2Fwp-content%2Fplugins%2Fanalyticswp%2FLib%2FIntegrations%2FIntegrationInterface.php HTTP/2.0" 403 273 "https://www.besthyperbaric.com/wp-content/plugins/api.php?path=%2Fhome%2Fgodaofbq%2Fbesthyperbaric.com%2Fwp-content%2Fplugins%2Fanalyticswp%2FLib%2FIntegrations" "Mozilla/5.0 AppleWebKit/537.36 (KHTML, like Gecko; compatible; GPTBot/1.4; +https://openai.com/gptbot)"
66.249.73.72 - - [23/Aug/2026:12:09:02 +0000] "GET /?e=40834145518400 HTTP/2.0" 200 476 "-" "Mozilla/5.0 (Linux; Android 6.0.1; Nexus 5X Build/MMB29P) AppleWebKit/537.36 (KHTML, like Gecko) Chrome/151.0.7922.173 Mobile Safari/537.36 (compatible; Googlebot/2.1; +http://www.google.com/bot.html)"
216.73.216.31 - - [23/Aug/2026:12:09:02 +0000] "GET /?m=3282481207 HTTP/2.0" 200 476 "-" "Mozilla/5.0 AppleWebKit/537.36 (KHTML, like Gecko; compatible; ClaudeBot/1.0; +claudebot@anthropic.com)"
66.249.73.72 - - [23/Aug/2026:12:09:02 +0000] "GET /?e=70011122506803 HTTP/2.0" 200 476 "-" "Mozilla/5.0 (Linux; Android 6.0.1; Nexus 5X Build/MMB29P) AppleWebKit/537.36 (KHTML, like Gecko) Chrome/151.0.7922.173 Mobile Safari/537.36 (compatible; Googlebot/2.1; +http://www.google.com/bot.html)"
216.73.216.31 - - [23/Aug/2026:12:09:02 +0000] "GET /?d=83463281037 HTTP/2.0" 200 476 "-" "Mozilla/5.0 AppleWebKit/537.36 (KHTML, like Gecko; compatible; ClaudeBot/1.0; +claudebot@anthropic.com)"
216.73.216.31 - - [23/Aug/2026:12:09:03 +0000] "GET /?b=47087258122 HTTP/2.0" 200 476 "-" "Mozilla/5.0 AppleWebKit/537.36 (KHTML, like Gecko; compatible; ClaudeBot/1.0; +claudebot@anthropic.com)"
216.73.216.31 - - [23/Aug/2026:12:09:03 +0000] "GET /?i=751748584 HTTP/2.0" 200 476 "-" "Mozilla/5.0 AppleWebKit/537.36 (KHTML, like Gecko; compatible; ClaudeBot/1.0; +claudebot@anthropic.com)"
85.208.96.199 - - [23/Aug/2026:12:09:03 +0000] "GET /?products%2Fdetail%2F789471285350 HTTP/2.0" 200 476 "-" "Mozilla/5.0 (compatible; SemrushBot/7~bl; +http://www.semrush.com/bot.html)"
66.249.73.72 - - [23/Aug/2026:12:09:04 +0000] "GET /?e=37892194113204 HTTP/2.0" 200 476 "-" "Mozilla/5.0 (Linux; Android 6.0.1; Nexus 5X Build/MMB29P) AppleWebKit/537.36 (KHTML, like Gecko) Chrome/151.0.7922.173 Mobile Safari/537.36 (compatible; Googlebot/2.1; +http://www.google.com/bot.html)"
216.73.216.31 - - [23/Aug/2026:12:09:04 +0000] "GET /?b=47087128309 HTTP/2.0" 200 476 "-" "Mozilla/5.0 AppleWebKit/537.36 (KHTML, like Gecko; compatible; ClaudeBot/1.0; +claudebot@anthropic.com)"
216.73.216.31 - - [23/Aug/2026:12:09:04 +0000] "GET /?d=83463241993 HTTP/2.0" 200 476 "-" "Mozilla/5.0 AppleWebKit/537.36 (KHTML, like Gecko; compatible; ClaudeBot/1.0; +claudebot@anthropic.com)"
185.191.171.6 - - [23/Aug/2026:12:09:04 +0000] "GET /?products%2Fdetail%2F789237396219 HTTP/2.0" 200 476 "-" "Mozilla/5.0 (compatible; SemrushBot/7~bl; +http://www.semrush.com/bot.html)"
216.73.216.31 - - [23/Aug/2026:12:09:05 +0000] "GET /?m=32824154646 HTTP/2.0" 200 476 "-" "Mozilla/5.0 AppleWebKit/537.36 (KHTML, like Gecko; compatible; ClaudeBot/1.0; +claudebot@anthropic.com)"
66.249.73.72 - - [23/Aug/2026:12:09:05 +0000] "GET /?e=7974647309000 HTTP/2.0" 200 476 "-" "Mozilla/5.0 (Linux; Android 6.0.1; Nexus 5X Build/MMB29P) AppleWebKit/537.36 (KHTML, like Gecko) Chrome/151.0.7922.173 Mobile Safari/537.36 (compatible; Googlebot/2.1; +http://www.google.com/bot.html)"
216.73.216.31 - - [23/Aug/2026:12:09:05 +0000] "GET /?l=46629247909 HTTP/2.0" 200 476 "-" "Mozilla/5.0 AppleWebKit/537.36 (KHTML, like Gecko; compatible; ClaudeBot/1.0; +claudebot@anthropic.com)"
185.191.171.2 - - [23/Aug/2026:12:09:06 +0000] "GET /?products%2Fdetail%2F78942245773 HTTP/2.0" 200 476 "-" "Mozilla/5.0 (compatible; SemrushBot/7~bl; +http://www.semrush.com/bot.html)"
216.73.216.31 - - [23/Aug/2026:12:09:06 +0000] "GET /?i=7517444086 HTTP/2.0" 200 476 "-" "Mozilla/5.0 AppleWebKit/537.36 (KHTML, like Gecko; compatible; ClaudeBot/1.0; +claudebot@anthropic.com)"
66.249.73.72 - - [23/Aug/2026:12:09:06 +0000] "GET /?e=11028170968600 HTTP/2.0" 200 476 "-" "Mozilla/5.0 (Linux; Android 6.0.1; Nexus 5X Build/MMB29P) AppleWebKit/537.36 (KHTML, like Gecko) Chrome/151.0.7922.173 Mobile Safari/537.36 (compatible; Googlebot/2.1; +http://www.google.com/bot.html)"
216.73.216.31 - - [23/Aug/2026:12:09:06 +0000] "GET /?b=4708761740 HTTP/2.0" 200 476 "-" "Mozilla/5.0 AppleWebKit/537.36 (KHTML, like Gecko; compatible; ClaudeBot/1.0; +claudebot@anthropic.com)"
85.208.96.201 - - [23/Aug/2026:12:09:06 +0000] "GET /?products%2Fdetail%2F78913533075 HTTP/2.0" 200 476 "-" "Mozilla/5.0 (compatible; SemrushBot/7~bl; +http://www.semrush.com/bot.html)"
216.73.216.31 - - [23/Aug/2026:12:09:07 +0000] "GET /?b=4708730603 HTTP/2.0" 200 476 "-" "Mozilla/5.0 AppleWebKit/537.36 (KHTML, like Gecko; compatible; ClaudeBot/1.0; +claudebot@anthropic.com)"
66.249.73.72 - - [23/Aug/2026:12:09:07 +0000] "GET /?e=49668102377216 HTTP/2.0" 200 476 "-" "Mozilla/5.0 (Linux; Android 6.0.1; Nexus 5X Build/MMB29P) AppleWebKit/537.36 (KHTML, like Gecko) Chrome/151.0.7922.173 Mobile Safari/537.36 (compatible; Googlebot/2.1; +http://www.google.com/bot.html)"
216.73.216.31 - - [23/Aug/2026:12:09:07 +0000] "GET /?t=60131119682 HTTP/2.0" 200 476 "-" "Mozilla/5.0 AppleWebKit/537.36 (KHTML, like Gecko; compatible; ClaudeBot/1.0; +claudebot@anthropic.com)"
216.73.216.31 - - [23/Aug/2026:12:09:08 +0000] "GET /?d=83463229360 HTTP/2.0" 200 476 "-" "Mozilla/5.0 AppleWebKit/537.36 (KHTML, like Gecko; compatible; ClaudeBot/1.0; +claudebot@anthropic.com)"
66.249.73.72 - - [23/Aug/2026:12:09:08 +0000] "GET /?e=23382168086605 HTTP/2.0" 200 476 "-" "Mozilla/5.0 (Linux; Android 6.0.1; Nexus 5X Build/MMB29P) AppleWebKit/537.36 (KHTML, like Gecko) Chrome/151.0.7922.173 Mobile Safari/537.36 (compatible; Googlebot/2.1; +http://www.google.com/bot.html)"
216.73.216.31 - - [23/Aug/2026:12:09:08 +0000] "GET /?d=83463133728 HTTP/2.0" 200 476 "-" "Mozilla/5.0 AppleWebKit/537.36 (KHTML, like Gecko; compatible; ClaudeBot/1.0; +claudebot@anthropic.com)"
216.73.216.31 - - [23/Aug/2026:12:09:09 +0000] "GET /?d=83463113952 HTTP/2.0" 200 476 "-" "Mozilla/5.0 AppleWebKit/537.36 (KHTML, like Gecko; compatible; ClaudeBot/1.0; +claudebot@anthropic.com)"
66.249.73.72 - - [23/Aug/2026:12:09:09 +0000] "GET /?e=07286173983604 HTTP/2.0" 200 476 "-" "Mozilla/5.0 (Linux; Android 6.0.1; Nexus 5X Build/MMB29P) AppleWebKit/537.36 (KHTML, like Gecko) Chrome/151.0.7922.173 Mobile Safari/537.36 (compatible; Googlebot/2.1; +http://www.google.com/bot.html)"
216.73.216.31 - - [23/Aug/2026:12:09:09 +0000] "GET /?d=83463118713 HTTP/2.0" 200 476 "-" "Mozilla/5.0 AppleWebKit/537.36 (KHTML, like Gecko; compatible; ClaudeBot/1.0; +claudebot@anthropic.com)"
216.73.216.31 - - [23/Aug/2026:12:09:10 +0000] "GET /?d=83463123642 HTTP/2.0" 200 476 "-" "Mozilla/5.0 AppleWebKit/537.36 (KHTML, like Gecko; compatible; ClaudeBot/1.0; +claudebot@anthropic.com)"
66.249.73.72 - - [23/Aug/2026:12:09:10 +0000] "GET /?e=9383714593802 HTTP/2.0" 200 476 "-" "Mozilla/5.0 (Linux; Android 6.0.1; Nexus 5X Build/MMB29P) AppleWebKit/537.36 (KHTML, like Gecko) Chrome/151.0.7922.173 Mobile Safari/537.36 (compatible; Googlebot/2.1; +http://www.google.com/bot.html)"
216.73.216.31 - - [23/Aug/2026:12:09:10 +0000] "GET /?d=83463270200 HTTP/2.0" 200 476 "-" "Mozilla/5.0 AppleWebKit/537.36 (KHTML, like Gecko; compatible; ClaudeBot/1.0; +claudebot@anthropic.com)"
216.73.216.31 - - [23/Aug/2026:12:09:11 +0000] "GET /?i=75174256155 HTTP/2.0" 200 476 "-" "Mozilla/5.0 AppleWebKit/537.36 (KHTML, like Gecko; compatible; ClaudeBot/1.0; +claudebot@anthropic.com)"
216.73.216.31 - - [23/Aug/2026:12:09:11 +0000] "GET /?d=83463189896 HTTP/2.0" 200 476 "-" "Mozilla/5.0 AppleWebKit/537.36 (KHTML, like Gecko; compatible; ClaudeBot/1.0; +claudebot@anthropic.com)"
66.249.73.72 - - [23/Aug/2026:12:09:12 +0000] "GET /?e=7222386991800 HTTP/2.0" 200 476 "-" "Mozilla/5.0 (Linux; Android 6.0.1; Nexus 5X Build/MMB29P) AppleWebKit/537.36 (KHTML, like Gecko) Chrome/151.0.7922.173 Mobile Safari/537.36 (compatible; Googlebot/2.1; +http://www.google.com/bot.html)"
216.73.216.31 - - [23/Aug/2026:12:09:12 +0000] "GET /?t=60131250883 HTTP/2.0" 200 476 "-" "Mozilla/5.0 AppleWebKit/537.36 (KHTML, like Gecko; compatible; ClaudeBot/1.0; +claudebot@anthropic.com)"
216.73.216.31 - - [23/Aug/2026:12:09:12 +0000] "GET /?i=75174199236 HTTP/2.0" 200 476 "-" "Mozilla/5.0 AppleWebKit/537.36 (KHTML, like Gecko; compatible; ClaudeBot/1.0; +claudebot@anthropic.com)"
216.73.216.31 - - [23/Aug/2026:12:09:13 +0000] "GET /?d=83463226766 HTTP/2.0" 200 476 "-" "Mozilla/5.0 AppleWebKit/537.36 (KHTML, like Gecko; compatible; ClaudeBot/1.0; +claudebot@anthropic.com)"
66.249.73.72 - - [23/Aug/2026:12:09:13 +0000] "GET /?e=2097827755806 HTTP/2.0" 200 476 "-" "Mozilla/5.0 (Linux; Android 6.0.1; Nexus 5X Build/MMB29P) AppleWebKit/537.36 (KHTML, like Gecko) Chrome/151.0.7922.173 Mobile Safari/537.36 (compatible; Googlebot/2.1; +http://www.google.com/bot.html)"
216.73.216.31 - - [23/Aug/2026:12:09:13 +0000] "GET /?d=83463101198 HTTP/2.0" 200 476 "-" "Mozilla/5.0 AppleWebKit/537.36 (KHTML, like Gecko; compatible; ClaudeBot/1.0; +claudebot@anthropic.com)"
216.73.216.31 - - [23/Aug/2026:12:09:14 +0000] "GET /?m=3282467645 HTTP/2.0" 200 476 "-" "Mozilla/5.0 AppleWebKit/537.36 (KHTML, like Gecko; compatible; ClaudeBot/1.0; +claudebot@anthropic.com)"
66.249.73.72 - - [23/Aug/2026:12:09:14 +0000] "GET /?e=2291014569600 HTTP/2.0" 200 476 "-" "Mozilla/5.0 (Linux; Android 6.0.1; Nexus 5X Build/MMB29P) AppleWebKit/537.36 (KHTML, like Gecko) Chrome/151.0.7922.173 Mobile Safari/537.36 (compatible; Googlebot/2.1; +http://www.google.com/bot.html)"
74.7.227.22 - - [23/Aug/2026:12:09:14 +0000] "GET /wp-includes/js/tinymce/themes/about.php?delete=%2Fproc%2F1693338%2Flimits HTTP/2.0" 403 273 "https://mail.besthyperbaric.com/wp-includes/js/tinymce/themes/about.php?path=%2Fproc%2F1693338" "Mozilla/5.0 AppleWebKit/537.36 (KHTML, like Gecko; compatible; GPTBot/1.4; +https://openai.com/gptbot)"
216.73.216.31 - - [23/Aug/2026:12:09:14 +0000] "GET /?b=47087106543 HTTP/2.0" 200 476 "-" "Mozilla/5.0 AppleWebKit/537.36 (KHTML, like Gecko; compatible; ClaudeBot/1.0; +claudebot@anthropic.com)"
216.73.216.31 - - [23/Aug/2026:12:09:15 +0000] "GET /?b=47087139002 HTTP/2.0" 200 476 "-" "Mozilla/5.0 AppleWebKit/537.36 (KHTML, like Gecko; compatible; ClaudeBot/1.0; +claudebot@anthropic.com)"
66.249.73.72 - - [23/Aug/2026:12:09:15 +0000] "GET /?e=4017552053201 HTTP/2.0" 200 476 "-" "Mozilla/5.0 (Linux; Android 6.0.1; Nexus 5X Build/MMB29P) AppleWebKit/537.36 (KHTML, like Gecko) Chrome/151.0.7922.173 Mobile Safari/537.36 (compatible; Googlebot/2.1; +http://www.google.com/bot.html)"
216.73.216.31 - - [23/Aug/2026:12:09:15 +0000] "GET /?m=3282456644 HTTP/2.0" 200 476 "-" "Mozilla/5.0 AppleWebKit/537.36 (KHTML, like Gecko; compatible; ClaudeBot/1.0; +claudebot@anthropic.com)"
216.73.216.31 - - [23/Aug/2026:12:09:16 +0000] "GET /?l=46629104406 HTTP/2.0" 200 476 "-" "Mozilla/5.0 AppleWebKit/537.36 (KHTML, like Gecko; compatible; ClaudeBot/1.0; +claudebot@anthropic.com)"
66.249.73.72 - - [23/Aug/2026:12:09:16 +0000] "GET /?e=8499017114600 HTTP/2.0" 200 476 "-" "Mozilla/5.0 (Linux; Android 6.0.1; Nexus 5X Build/MMB29P) AppleWebKit/537.36 (KHTML, like Gecko) Chrome/151.0.7922.173 Mobile Safari/537.36 (compatible; Googlebot/2.1; +http://www.google.com/bot.html)"
216.73.216.31 - - [23/Aug/2026:12:09:16 +0000] "GET /?b=4708762769 HTTP/2.0" 200 476 "-" "Mozilla/5.0 AppleWebKit/537.36 (KHTML, like Gecko; compatible; ClaudeBot/1.0; +claudebot@anthropic.com)"
216.73.216.31 - - [23/Aug/2026:12:09:17 +0000] "GET /?i=7517490389 HTTP/2.0" 200 476 "-" "Mozilla/5.0 AppleWebKit/537.36 (KHTML, like Gecko; compatible; ClaudeBot/1.0; +claudebot@anthropic.com)"
66.249.73.72 - - [23/Aug/2026:12:09:17 +0000] "GET /?e=89541123083200 HTTP/2.0" 200 476 "-" "Mozilla/5.0 (Linux; Android 6.0.1; Nexus 5X Build/MMB29P) AppleWebKit/537.36 (KHTML, like Gecko) Chrome/151.0.7922.173 Mobile Safari/537.36 (compatible; Googlebot/2.1; +http://www.google.com/bot.html)"
216.73.216.31 - - [23/Aug/2026:12:09:17 +0000] "GET /?b=47087238405 HTTP/2.0" 200 476 "-" "Mozilla/5.0 AppleWebKit/537.36 (KHTML, like Gecko; compatible; ClaudeBot/1.0; +claudebot@anthropic.com)"
216.73.216.31 - - [23/Aug/2026:12:09:18 +0000] "GET /?k=49202105258 HTTP/2.0" 200 476 "-" "Mozilla/5.0 AppleWebKit/537.36 (KHTML, like Gecko; compatible; ClaudeBot/1.0; +claudebot@anthropic.com)"
66.249.73.72 - - [23/Aug/2026:12:09:18 +0000] "GET /products/detail/7891510626 HTTP/2.0" 404 265 "-" "Mozilla/5.0 (Linux; Android 6.0.1; Nexus 5X Build/MMB29P) AppleWebKit/537.36 (KHTML, like Gecko) Chrome/151.0.7922.137 Mobile Safari/537.36 (compatible; Googlebot/2.1; +http://www.google.com/bot.html)"
