66.249.65.41 - - [23/Aug/2026:12:03:45 +0000] "GET /?products/detail/78942090983 HTTP/2.0" 200 476 "-" "Mozilla/5.0 (Linux; Android 6.0.1; Nexus 5X Build/MMB29P) AppleWebKit/537.36 (KHTML, like Gecko) Chrome/151.0.7922.137 Mobile Safari/537.36 (compatible; Googlebot/2.1; +http://www.google.com/bot.html)"
74.7.227.158 - - [23/Aug/2026:12:03:45 +0000] "GET /wp-content/plugins/api.php?path=%2Fopt%2Fimunify360%2Fvenv%2Flib%2Fpython3.11%2Fsite-packages%2Fclcommon%2Fpublic_hooks%2Fbin%2Fpost_modify_user.py HTTP/2.0" 403 273 "https://www.besthyperbaric.com/wp-content/plugins/api.php?path=%2Fopt%2Fimunify360%2Fvenv%2Flib%2Fpython3.11%2Fsite-packages%2Fclcommon%2Fpublic_hooks%2Fbin" "Mozilla/5.0 AppleWebKit/537.36 (KHTML, like Gecko; compatible; GPTBot/1.4; +https://openai.com/gptbot)"
85.208.96.202 - - [23/Aug/2026:12:03:46 +0000] "GET /?products%2Fdetail%2F78921062314 HTTP/2.0" 200 476 "-" "Mozilla/5.0 (compatible; SemrushBot/7~bl; +http://www.semrush.com/bot.html)"
66.249.73.72 - - [23/Aug/2026:12:03:46 +0000] "GET /?e=5217118690300 HTTP/2.0" 200 476 "-" "Mozilla/5.0 (Linux; Android 6.0.1; Nexus 5X Build/MMB29P) AppleWebKit/537.36 (KHTML, like Gecko) Chrome/151.0.7922.173 Mobile Safari/537.36 (compatible; Googlebot/2.1; +http://www.google.com/bot.html)"
66.249.73.72 - - [23/Aug/2026:12:03:46 +0000] "GET /?e=702181832902 HTTP/2.0" 200 476 "-" "Mozilla/5.0 (Linux; Android 6.0.1; Nexus 5X Build/MMB29P) AppleWebKit/537.36 (KHTML, like Gecko) Chrome/151.0.7922.173 Mobile Safari/537.36 (compatible; Googlebot/2.1; +http://www.google.com/bot.html)"
85.208.96.200 - - [23/Aug/2026:12:03:46 +0000] "GET /?products%2Fdetail%2F789012045817 HTTP/2.0" 200 476 "-" "Mozilla/5.0 (compatible; SemrushBot/7~bl; +http://www.semrush.com/bot.html)"
2a03:2880:f806:f:: - - [23/Aug/2026:12:03:47 +0000] "GET /products/detail/78903151905 HTTP/2.0" 404 265 "-" "Mozilla/5.0 (Macintosh; Intel Mac OS X 10_15_7) AppleWebKit/537.36 (KHTML, like Gecko) Chrome/145.0.0.0 Safari/537.36 (compatible; meta-externalagent/1.1 (+https://developers.facebook.com/docs/sharing/webmasters/crawler))"
66.249.73.72 - - [23/Aug/2026:12:03:47 +0000] "GET /?e=2099756081201 HTTP/2.0" 200 476 "-" "Mozilla/5.0 (Linux; Android 6.0.1; Nexus 5X Build/MMB29P) AppleWebKit/537.36 (KHTML, like Gecko) Chrome/151.0.7922.173 Mobile Safari/537.36 (compatible; Googlebot/2.1; +http://www.google.com/bot.html)"
216.73.216.31 - - [23/Aug/2026:12:03:47 +0000] "GET /wp-includes/js/tinymce/themes/about.php?path=%2F%2Fusr%2Fshare%2Fvim%2Fvim82%2Fcompiler%2Fmodelsim_vcom.vim HTTP/2.0" 403 273 "-" "Mozilla/5.0 AppleWebKit/537.36 (KHTML, like Gecko; compatible; ClaudeBot/1.0; +claudebot@anthropic.com)"
216.73.216.31 - - [23/Aug/2026:12:03:47 +0000] "GET /?t=601319659 HTTP/2.0" 200 476 "-" "Mozilla/5.0 AppleWebKit/537.36 (KHTML, like Gecko; compatible; ClaudeBot/1.0; +claudebot@anthropic.com)"
216.73.216.31 - - [23/Aug/2026:12:03:47 +0000] "GET /?l=46629184740 HTTP/2.0" 200 476 "-" "Mozilla/5.0 AppleWebKit/537.36 (KHTML, like Gecko; compatible; ClaudeBot/1.0; +claudebot@anthropic.com)"
216.73.216.31 - - [23/Aug/2026:12:03:48 +0000] "GET /?b=47087165071 HTTP/2.0" 200 476 "-" "Mozilla/5.0 AppleWebKit/537.36 (KHTML, like Gecko; compatible; ClaudeBot/1.0; +claudebot@anthropic.com)"
66.249.73.72 - - [23/Aug/2026:12:03:48 +0000] "GET /?e=2753967078601 HTTP/2.0" 200 476 "-" "Mozilla/5.0 (Linux; Android 6.0.1; Nexus 5X Build/MMB29P) AppleWebKit/537.36 (KHTML, like Gecko) Chrome/151.0.7922.173 Mobile Safari/537.36 (compatible; Googlebot/2.1; +http://www.google.com/bot.html)"
216.73.216.31 - - [23/Aug/2026:12:03:48 +0000] "GET /?l=46629262252 HTTP/2.0" 200 476 "-" "Mozilla/5.0 AppleWebKit/537.36 (KHTML, like Gecko; compatible; ClaudeBot/1.0; +claudebot@anthropic.com)"
185.191.171.13 - - [23/Aug/2026:12:03:49 +0000] "GET /?products%2Fdetail%2F78906381090 HTTP/2.0" 200 476 "-" "Mozilla/5.0 (compatible; SemrushBot/7~bl; +http://www.semrush.com/bot.html)"
216.73.216.31 - - [23/Aug/2026:12:03:49 +0000] "GET /?m=3282416708 HTTP/2.0" 200 476 "-" "Mozilla/5.0 AppleWebKit/537.36 (KHTML, like Gecko; compatible; ClaudeBot/1.0; +claudebot@anthropic.com)"
66.249.73.72 - - [23/Aug/2026:12:03:49 +0000] "GET /?e=2044056819900 HTTP/2.0" 200 476 "-" "Mozilla/5.0 (Linux; Android 6.0.1; Nexus 5X Build/MMB29P) AppleWebKit/537.36 (KHTML, like Gecko) Chrome/151.0.7922.173 Mobile Safari/537.36 (compatible; Googlebot/2.1; +http://www.google.com/bot.html)"
185.191.171.16 - - [23/Aug/2026:12:03:49 +0000] "GET /?products%2Fdetail%2F78924150685 HTTP/2.0" 200 476 "-" "Mozilla/5.0 (compatible; SemrushBot/7~bl; +http://www.semrush.com/bot.html)"
216.73.216.31 - - [23/Aug/2026:12:03:49 +0000] "GET /?d=83463276482 HTTP/2.0" 200 476 "-" "Mozilla/5.0 AppleWebKit/537.36 (KHTML, like Gecko; compatible; ClaudeBot/1.0; +claudebot@anthropic.com)"
216.73.216.31 - - [23/Aug/2026:12:03:50 +0000] "GET /?l=46629251609 HTTP/2.0" 200 476 "-" "Mozilla/5.0 AppleWebKit/537.36 (KHTML, like Gecko; compatible; ClaudeBot/1.0; +claudebot@anthropic.com)"
66.249.73.72 - - [23/Aug/2026:12:03:50 +0000] "GET /?e=43331171170704 HTTP/2.0" 200 476 "-" "Mozilla/5.0 (Linux; Android 6.0.1; Nexus 5X Build/MMB29P) AppleWebKit/537.36 (KHTML, like Gecko) Chrome/151.0.7922.173 Mobile Safari/537.36 (compatible; Googlebot/2.1; +http://www.google.com/bot.html)"
216.73.216.31 - - [23/Aug/2026:12:03:50 +0000] "GET /wp-includes/js/tinymce/themes/about.php?delete=%2Fproc%2F5%2Foom_score HTTP/2.0" 403 273 "-" "Mozilla/5.0 AppleWebKit/537.36 (KHTML, like Gecko; compatible; ClaudeBot/1.0; +claudebot@anthropic.com)"
216.73.216.31 - - [23/Aug/2026:12:03:51 +0000] "GET /?l=4662921102 HTTP/2.0" 200 476 "-" "Mozilla/5.0 AppleWebKit/537.36 (KHTML, like Gecko; compatible; ClaudeBot/1.0; +claudebot@anthropic.com)"
185.191.171.8 - - [23/Aug/2026:12:03:51 +0000] "GET /?products%2Fdetail%2F789438477194 HTTP/2.0" 200 476 "-" "Mozilla/5.0 (compatible; SemrushBot/7~bl; +http://www.semrush.com/bot.html)"
216.73.216.31 - - [23/Aug/2026:12:03:51 +0000] "GET /?b=470879721 HTTP/2.0" 200 476 "-" "Mozilla/5.0 AppleWebKit/537.36 (KHTML, like Gecko; compatible; ClaudeBot/1.0; +claudebot@anthropic.com)"
66.249.73.72 - - [23/Aug/2026:12:03:51 +0000] "GET /?e=30720136345600 HTTP/2.0" 200 476 "-" "Mozilla/5.0 (Linux; Android 6.0.1; Nexus 5X Build/MMB29P) AppleWebKit/537.36 (KHTML, like Gecko) Chrome/151.0.7922.173 Mobile Safari/537.36 (compatible; Googlebot/2.1; +http://www.google.com/bot.html)"
185.191.171.1 - - [23/Aug/2026:12:03:51 +0000] "GET /?products%2Fdetail%2F789276278118 HTTP/2.0" 200 476 "-" "Mozilla/5.0 (compatible; SemrushBot/7~bl; +http://www.semrush.com/bot.html)"
216.73.216.31 - - [23/Aug/2026:12:03:52 +0000] "GET /?d=83463218939 HTTP/2.0" 200 476 "-" "Mozilla/5.0 AppleWebKit/537.36 (KHTML, like Gecko; compatible; ClaudeBot/1.0; +claudebot@anthropic.com)"
216.73.216.31 - - [23/Aug/2026:12:03:52 +0000] "GET /?y=4997046129 HTTP/2.0" 200 476 "-" "Mozilla/5.0 AppleWebKit/537.36 (KHTML, like Gecko; compatible; ClaudeBot/1.0; +claudebot@anthropic.com)"
66.249.73.72 - - [23/Aug/2026:12:03:53 +0000] "GET /?e=2910825660601 HTTP/2.0" 200 476 "-" "Mozilla/5.0 (Linux; Android 6.0.1; Nexus 5X Build/MMB29P) AppleWebKit/537.36 (KHTML, like Gecko) Chrome/151.0.7922.173 Mobile Safari/537.36 (compatible; Googlebot/2.1; +http://www.google.com/bot.html)"
216.73.216.31 - - [23/Aug/2026:12:03:53 +0000] "GET /?m=32824237353 HTTP/2.0" 200 476 "-" "Mozilla/5.0 AppleWebKit/537.36 (KHTML, like Gecko; compatible; ClaudeBot/1.0; +claudebot@anthropic.com)"
216.73.216.31 - - [23/Aug/2026:12:03:53 +0000] "GET /wp-includes/js/tinymce/themes/about.php?edit=%2Fsys%2Fdevices%2Fsystem%2Fmemory%2Fmemory138%2Fremovable HTTP/2.0" 403 273 "-" "Mozilla/5.0 AppleWebKit/537.36 (KHTML, like Gecko; compatible; ClaudeBot/1.0; +claudebot@anthropic.com)"
66.249.73.72 - - [23/Aug/2026:12:03:54 +0000] "GET /?e=07062142938500 HTTP/2.0" 200 476 "-" "Mozilla/5.0 (Linux; Android 6.0.1; Nexus 5X Build/MMB29P) AppleWebKit/537.36 (KHTML, like Gecko) Chrome/151.0.7922.173 Mobile Safari/537.36 (compatible; Googlebot/2.1; +http://www.google.com/bot.html)"
216.73.216.31 - - [23/Aug/2026:12:03:54 +0000] "GET /?b=4708755188 HTTP/2.0" 200 476 "-" "Mozilla/5.0 AppleWebKit/537.36 (KHTML, like Gecko; compatible; ClaudeBot/1.0; +claudebot@anthropic.com)"
216.73.216.31 - - [23/Aug/2026:12:03:54 +0000] "GET /?i=7517432128 HTTP/2.0" 200 476 "-" "Mozilla/5.0 AppleWebKit/537.36 (KHTML, like Gecko; compatible; ClaudeBot/1.0; +claudebot@anthropic.com)"
66.249.73.72 - - [23/Aug/2026:12:03:55 +0000] "GET /?e=72130140750104 HTTP/2.0" 200 476 "-" "Mozilla/5.0 (Linux; Android 6.0.1; Nexus 5X Build/MMB29P) AppleWebKit/537.36 (KHTML, like Gecko) Chrome/151.0.7922.173 Mobile Safari/537.36 (compatible; Googlebot/2.1; +http://www.google.com/bot.html)"
216.73.216.31 - - [23/Aug/2026:12:03:55 +0000] "GET /?b=47087198274 HTTP/2.0" 200 476 "-" "Mozilla/5.0 AppleWebKit/537.36 (KHTML, like Gecko; compatible; ClaudeBot/1.0; +claudebot@anthropic.com)"
216.73.216.31 - - [23/Aug/2026:12:03:55 +0000] "GET /?b=47087259691 HTTP/2.0" 200 476 "-" "Mozilla/5.0 AppleWebKit/537.36 (KHTML, like Gecko; compatible; ClaudeBot/1.0; +claudebot@anthropic.com)"
66.249.73.72 - - [23/Aug/2026:12:03:56 +0000] "GET /?e=9838731898005 HTTP/2.0" 200 476 "-" "Mozilla/5.0 (Linux; Android 6.0.1; Nexus 5X Build/MMB29P) AppleWebKit/537.36 (KHTML, like Gecko) Chrome/151.0.7922.173 Mobile Safari/537.36 (compatible; Googlebot/2.1; +http://www.google.com/bot.html)"
216.73.216.31 - - [23/Aug/2026:12:03:56 +0000] "GET /?l=46629143145 HTTP/2.0" 200 476 "-" "Mozilla/5.0 AppleWebKit/537.36 (KHTML, like Gecko; compatible; ClaudeBot/1.0; +claudebot@anthropic.com)"
85.208.96.194 - - [23/Aug/2026:12:03:56 +0000] "GET /?products%2Fdetail%2F78927122717 HTTP/2.0" 200 476 "-" "Mozilla/5.0 (compatible; SemrushBot/7~bl; +http://www.semrush.com/bot.html)"
216.73.216.31 - - [23/Aug/2026:12:03:56 +0000] "GET /?k=4920237429 HTTP/2.0" 200 476 "-" "Mozilla/5.0 AppleWebKit/537.36 (KHTML, like Gecko; compatible; ClaudeBot/1.0; +claudebot@anthropic.com)"
216.73.216.31 - - [23/Aug/2026:12:03:57 +0000] "GET /?d=83463198304 HTTP/2.0" 200 476 "-" "Mozilla/5.0 AppleWebKit/537.36 (KHTML, like Gecko; compatible; ClaudeBot/1.0; +claudebot@anthropic.com)"
66.249.73.72 - - [23/Aug/2026:12:03:57 +0000] "GET /?e=85673138917202 HTTP/2.0" 200 476 "-" "Mozilla/5.0 (Linux; Android 6.0.1; Nexus 5X Build/MMB29P) AppleWebKit/537.36 (KHTML, like Gecko) Chrome/151.0.7922.173 Mobile Safari/537.36 (compatible; Googlebot/2.1; +http://www.google.com/bot.html)"
216.73.216.31 - - [23/Aug/2026:12:03:57 +0000] "GET /?l=46629281369 HTTP/2.0" 200 476 "-" "Mozilla/5.0 AppleWebKit/537.36 (KHTML, like Gecko; compatible; ClaudeBot/1.0; +claudebot@anthropic.com)"
74.7.227.22 - - [23/Aug/2026:12:03:58 +0000] "GET /wp-includes/js/tinymce/themes/about.php?delete=%2Fproc%2F2866691%2Fstatus HTTP/2.0" 403 273 "https://mail.besthyperbaric.com/wp-includes/js/tinymce/themes/about.php?path=%2Fproc%2F2866691" "Mozilla/5.0 AppleWebKit/537.36 (KHTML, like Gecko; compatible; GPTBot/1.4; +https://openai.com/gptbot)"
216.73.216.31 - - [23/Aug/2026:12:03:58 +0000] "GET /?y=4997043809 HTTP/2.0" 200 476 "-" "Mozilla/5.0 AppleWebKit/537.36 (KHTML, like Gecko; compatible; ClaudeBot/1.0; +claudebot@anthropic.com)"
216.73.216.31 - - [23/Aug/2026:12:03:58 +0000] "GET /?d=83463286717 HTTP/2.0" 200 476 "-" "Mozilla/5.0 AppleWebKit/537.36 (KHTML, like Gecko; compatible; ClaudeBot/1.0; +claudebot@anthropic.com)"
216.73.216.31 - - [23/Aug/2026:12:03:59 +0000] "GET /?d=83463129835 HTTP/2.0" 200 476 "-" "Mozilla/5.0 AppleWebKit/537.36 (KHTML, like Gecko; compatible; ClaudeBot/1.0; +claudebot@anthropic.com)"
66.249.73.72 - - [23/Aug/2026:12:03:59 +0000] "GET /?e=7150285763102 HTTP/2.0" 200 476 "-" "Mozilla/5.0 (Linux; Android 6.0.1; Nexus 5X Build/MMB29P) AppleWebKit/537.36 (KHTML, like Gecko) Chrome/151.0.7922.173 Mobile Safari/537.36 (compatible; Googlebot/2.1; +http://www.google.com/bot.html)"
216.73.216.31 - - [23/Aug/2026:12:03:59 +0000] "GET /?y=4997033871 HTTP/2.0" 200 476 "-" "Mozilla/5.0 AppleWebKit/537.36 (KHTML, like Gecko; compatible; ClaudeBot/1.0; +claudebot@anthropic.com)"
216.73.216.31 - - [23/Aug/2026:12:04:00 +0000] "GET /?y=4997047749 HTTP/2.0" 200 476 "-" "Mozilla/5.0 AppleWebKit/537.36 (KHTML, like Gecko; compatible; ClaudeBot/1.0; +claudebot@anthropic.com)"
66.249.73.72 - - [23/Aug/2026:12:04:00 +0000] "GET /?e=0186239585100 HTTP/2.0" 200 476 "-" "Mozilla/5.0 (Linux; Android 6.0.1; Nexus 5X Build/MMB29P) AppleWebKit/537.36 (KHTML, like Gecko) Chrome/151.0.7922.173 Mobile Safari/537.36 (compatible; Googlebot/2.1; +http://www.google.com/bot.html)"
216.73.216.31 - - [23/Aug/2026:12:04:00 +0000] "GET /?m=3282419281 HTTP/2.0" 200 476 "-" "Mozilla/5.0 AppleWebKit/537.36 (KHTML, like Gecko; compatible; ClaudeBot/1.0; +claudebot@anthropic.com)"
216.73.216.31 - - [23/Aug/2026:12:04:01 +0000] "GET /?u=88030220132 HTTP/2.0" 200 476 "-" "Mozilla/5.0 AppleWebKit/537.36 (KHTML, like Gecko; compatible; ClaudeBot/1.0; +claudebot@anthropic.com)"
66.249.73.72 - - [23/Aug/2026:12:04:01 +0000] "GET /?e=1144948749603 HTTP/2.0" 200 476 "-" "Mozilla/5.0 (Linux; Android 6.0.1; Nexus 5X Build/MMB29P) AppleWebKit/537.36 (KHTML, like Gecko) Chrome/151.0.7922.173 Mobile Safari/537.36 (compatible; Googlebot/2.1; +http://www.google.com/bot.html)"
216.73.216.31 - - [23/Aug/2026:12:04:01 +0000] "GET /?t=6013126774 HTTP/2.0" 200 476 "-" "Mozilla/5.0 AppleWebKit/537.36 (KHTML, like Gecko; compatible; ClaudeBot/1.0; +claudebot@anthropic.com)"
216.73.216.31 - - [23/Aug/2026:12:04:02 +0000] "GET /?b=47087176197 HTTP/2.0" 200 476 "-" "Mozilla/5.0 AppleWebKit/537.36 (KHTML, like Gecko; compatible; ClaudeBot/1.0; +claudebot@anthropic.com)"
66.249.73.72 - - [23/Aug/2026:12:04:02 +0000] "GET /?e=7590219067700 HTTP/2.0" 200 476 "-" "Mozilla/5.0 (Linux; Android 6.0.1; Nexus 5X Build/MMB29P) AppleWebKit/537.36 (KHTML, like Gecko) Chrome/151.0.7922.173 Mobile Safari/537.36 (compatible; Googlebot/2.1; +http://www.google.com/bot.html)"
216.73.216.31 - - [23/Aug/2026:12:04:03 +0000] "GET /?u=880302123 HTTP/2.0" 200 476 "-" "Mozilla/5.0 AppleWebKit/537.36 (KHTML, like Gecko; compatible; ClaudeBot/1.0; +claudebot@anthropic.com)"
216.73.216.31 - - [23/Aug/2026:12:04:03 +0000] "GET /?k=49202180635 HTTP/2.0" 200 476 "-" "Mozilla/5.0 AppleWebKit/537.36 (KHTML, like Gecko; compatible; ClaudeBot/1.0; +claudebot@anthropic.com)"
216.73.216.31 - - [23/Aug/2026:12:04:04 +0000] "GET /?k=49202295488 HTTP/2.0" 200 476 "-" "Mozilla/5.0 AppleWebKit/537.36 (KHTML, like Gecko; compatible; ClaudeBot/1.0; +claudebot@anthropic.com)"
66.249.73.72 - - [23/Aug/2026:12:04:04 +0000] "GET /?e=4943214663201 HTTP/2.0" 200 476 "-" "Mozilla/5.0 (Linux; Android 6.0.1; Nexus 5X Build/MMB29P) AppleWebKit/537.36 (KHTML, like Gecko) Chrome/151.0.7922.173 Mobile Safari/537.36 (compatible; Googlebot/2.1; +http://www.google.com/bot.html)"
216.73.216.31 - - [23/Aug/2026:12:04:04 +0000] "GET /?k=4920283073 HTTP/2.0" 200 476 "-" "Mozilla/5.0 AppleWebKit/537.36 (KHTML, like Gecko; compatible; ClaudeBot/1.0; +claudebot@anthropic.com)"
216.73.216.31 - - [23/Aug/2026:12:04:05 +0000] "GET /?l=46629254050 HTTP/2.0" 200 476 "-" "Mozilla/5.0 AppleWebKit/537.36 (KHTML, like Gecko; compatible; ClaudeBot/1.0; +claudebot@anthropic.com)"
66.249.73.72 - - [23/Aug/2026:12:04:05 +0000] "GET /?e=47899181429400 HTTP/2.0" 200 476 "-" "Mozilla/5.0 (Linux; Android 6.0.1; Nexus 5X Build/MMB29P) AppleWebKit/537.36 (KHTML, like Gecko) Chrome/151.0.7922.173 Mobile Safari/537.36 (compatible; Googlebot/2.1; +http://www.google.com/bot.html)"
216.73.216.31 - - [23/Aug/2026:12:04:05 +0000] "GET /?y=499703972 HTTP/2.0" 200 476 "-" "Mozilla/5.0 AppleWebKit/537.36 (KHTML, like Gecko; compatible; ClaudeBot/1.0; +claudebot@anthropic.com)"
216.73.216.31 - - [23/Aug/2026:12:04:06 +0000] "GET /?d=83463175245 HTTP/2.0" 200 476 "-" "Mozilla/5.0 AppleWebKit/537.36 (KHTML, like Gecko; compatible; ClaudeBot/1.0; +claudebot@anthropic.com)"
74.7.227.158 - - [23/Aug/2026:12:04:06 +0000] "GET /wp-content/plugins/api.php?path=%2F%2Fusr%2Flocal%2Fcpanel%2F3rdparty%2Fwp-toolkit%2Fplib%2Fvendor%2Fsymfony%2Fvar-exporter%2FHydrator.php HTTP/2.0" 403 273 "https://www.besthyperbaric.com/wp-content/plugins/api.php?path=%2Fusr%2Flocal%2Fcpanel%2F3rdparty%2Fwp-toolkit%2Fplib%2Fvendor%2Fsymfony%2Fvar-exporter%2FHydrator.php" "Mozilla/5.0 AppleWebKit/537.36 (KHTML, like Gecko; compatible; GPTBot/1.4; +https://openai.com/gptbot)"
216.73.216.31 - - [23/Aug/2026:12:04:06 +0000] "GET /?y=499709852 HTTP/2.0" 200 476 "-" "Mozilla/5.0 AppleWebKit/537.36 (KHTML, like Gecko; compatible; ClaudeBot/1.0; +claudebot@anthropic.com)"
66.249.73.72 - - [23/Aug/2026:12:04:06 +0000] "GET /?e=78903158340401 HTTP/2.0" 200 476 "-" "Mozilla/5.0 (Linux; Android 6.0.1; Nexus 5X Build/MMB29P) AppleWebKit/537.36 (KHTML, like Gecko) Chrome/151.0.7922.173 Mobile Safari/537.36 (compatible; Googlebot/2.1; +http://www.google.com/bot.html)"
216.73.216.31 - - [23/Aug/2026:12:04:07 +0000] "GET /?m=3282470302 HTTP/2.0" 200 476 "-" "Mozilla/5.0 AppleWebKit/537.36 (KHTML, like Gecko; compatible; ClaudeBot/1.0; +claudebot@anthropic.com)"
85.208.96.209 - - [23/Aug/2026:12:04:07 +0000] "GET /?products%2Fdetail%2F789373840657 HTTP/2.0" 200 476 "-" "Mozilla/5.0 (compatible; SemrushBot/7~bl; +http://www.semrush.com/bot.html)"
216.73.216.31 - - [23/Aug/2026:12:04:07 +0000] "GET /?k=4920212126 HTTP/2.0" 200 476 "-" "Mozilla/5.0 AppleWebKit/537.36 (KHTML, like Gecko; compatible; ClaudeBot/1.0; +claudebot@anthropic.com)"
66.249.73.72 - - [23/Aug/2026:12:04:07 +0000] "GET /?e=7386694572100 HTTP/2.0" 200 476 "-" "Mozilla/5.0 (Linux; Android 6.0.1; Nexus 5X Build/MMB29P) AppleWebKit/537.36 (KHTML, like Gecko) Chrome/151.0.7922.173 Mobile Safari/537.36 (compatible; Googlebot/2.1; +http://www.google.com/bot.html)"
216.73.216.31 - - [23/Aug/2026:12:04:08 +0000] "GET /?t=60131201424 HTTP/2.0" 200 476 "-" "Mozilla/5.0 AppleWebKit/537.36 (KHTML, like Gecko; compatible; ClaudeBot/1.0; +claudebot@anthropic.com)"
85.208.96.212 - - [23/Aug/2026:12:04:08 +0000] "GET /?products%2Fdetail%2F789036257482 HTTP/2.0" 200 476 "-" "Mozilla/5.0 (compatible; SemrushBot/7~bl; +http://www.semrush.com/bot.html)"
216.73.216.31 - - [23/Aug/2026:12:04:08 +0000] "GET /?b=47087160291 HTTP/2.0" 200 476 "-" "Mozilla/5.0 AppleWebKit/537.36 (KHTML, like Gecko; compatible; ClaudeBot/1.0; +claudebot@anthropic.com)"
185.191.171.14 - - [23/Aug/2026:12:04:08 +0000] "GET /?products%2Fdetail%2F78913937922 HTTP/2.0" 200 476 "-" "Mozilla/5.0 (compatible; SemrushBot/7~bl; +http://www.semrush.com/bot.html)"
66.249.73.72 - - [23/Aug/2026:12:04:08 +0000] "GET /?e=23928124254010 HTTP/2.0" 200 476 "-" "Mozilla/5.0 (Linux; Android 6.0.1; Nexus 5X Build/MMB29P) AppleWebKit/537.36 (KHTML, like Gecko) Chrome/151.0.7922.173 Mobile Safari/537.36 (compatible; Googlebot/2.1; +http://www.google.com/bot.html)"
216.73.216.31 - - [23/Aug/2026:12:04:09 +0000] "GET /?l=46629128466 HTTP/2.0" 200 476 "-" "Mozilla/5.0 AppleWebKit/537.36 (KHTML, like Gecko; compatible; ClaudeBot/1.0; +claudebot@anthropic.com)"
216.73.216.31 - - [23/Aug/2026:12:04:09 +0000] "GET /?d=83463213247 HTTP/2.0" 200 476 "-" "Mozilla/5.0 AppleWebKit/537.36 (KHTML, like Gecko; compatible; ClaudeBot/1.0; +claudebot@anthropic.com)"
66.249.73.72 - - [23/Aug/2026:12:04:09 +0000] "GET /?e=8410263412802 HTTP/2.0" 200 476 "-" "Mozilla/5.0 (Linux; Android 6.0.1; Nexus 5X Build/MMB29P) AppleWebKit/537.36 (KHTML, like Gecko) Chrome/151.0.7922.173 Mobile Safari/537.36 (compatible; Googlebot/2.1; +http://www.google.com/bot.html)"
216.73.216.31 - - [23/Aug/2026:12:04:10 +0000] "GET /?l=46629237982 HTTP/2.0" 200 476 "-" "Mozilla/5.0 AppleWebKit/537.36 (KHTML, like Gecko; compatible; ClaudeBot/1.0; +claudebot@anthropic.com)"
216.73.216.31 - - [23/Aug/2026:12:04:10 +0000] "GET /?d=83463221823 HTTP/2.0" 200 476 "-" "Mozilla/5.0 AppleWebKit/537.36 (KHTML, like Gecko; compatible; ClaudeBot/1.0; +claudebot@anthropic.com)"
66.249.73.72 - - [23/Aug/2026:12:04:11 +0000] "GET /?e=70947186928102 HTTP/2.0" 200 476 "-" "Mozilla/5.0 (Linux; Android 6.0.1; Nexus 5X Build/MMB29P) AppleWebKit/537.36 (KHTML, like Gecko) Chrome/151.0.7922.173 Mobile Safari/537.36 (compatible; Googlebot/2.1; +http://www.google.com/bot.html)"
216.73.216.31 - - [23/Aug/2026:12:04:11 +0000] "GET /?m=32824102774 HTTP/2.0" 200 476 "-" "Mozilla/5.0 AppleWebKit/537.36 (KHTML, like Gecko; compatible; ClaudeBot/1.0; +claudebot@anthropic.com)"
216.73.216.31 - - [23/Aug/2026:12:04:11 +0000] "GET /?k=49202166489 HTTP/2.0" 200 476 "-" "Mozilla/5.0 AppleWebKit/537.36 (KHTML, like Gecko; compatible; ClaudeBot/1.0; +claudebot@anthropic.com)"
66.249.73.72 - - [23/Aug/2026:12:04:12 +0000] "GET /?e=2131090167601 HTTP/2.0" 200 476 "-" "Mozilla/5.0 (Linux; Android 6.0.1; Nexus 5X Build/MMB29P) AppleWebKit/537.36 (KHTML, like Gecko) Chrome/151.0.7922.173 Mobile Safari/537.36 (compatible; Googlebot/2.1; +http://www.google.com/bot.html)"
216.73.216.31 - - [23/Aug/2026:12:04:12 +0000] "GET /?l=46629127221 HTTP/2.0" 200 476 "-" "Mozilla/5.0 AppleWebKit/537.36 (KHTML, like Gecko; compatible; ClaudeBot/1.0; +claudebot@anthropic.com)"
216.73.216.31 - - [23/Aug/2026:12:04:12 +0000] "GET /wp-includes/js/tinymce/themes/about.php?path=%2F%2Fusr%2Finclude%2Fbind9%2Fisc%2Flfsr.h HTTP/2.0" 403 273 "-" "Mozilla/5.0 AppleWebKit/537.36 (KHTML, like Gecko; compatible; ClaudeBot/1.0; +claudebot@anthropic.com)"
216.73.216.31 - - [23/Aug/2026:12:04:13 +0000] "GET /?y=49970128848 HTTP/2.0" 200 476 "-" "Mozilla/5.0 AppleWebKit/537.36 (KHTML, like Gecko; compatible; ClaudeBot/1.0; +claudebot@anthropic.com)"
66.249.73.72 - - [23/Aug/2026:12:04:13 +0000] "GET /?e=48870105925003 HTTP/2.0" 200 476 "-" "Mozilla/5.0 (Linux; Android 6.0.1; Nexus 5X Build/MMB29P) AppleWebKit/537.36 (KHTML, like Gecko) Chrome/151.0.7922.173 Mobile Safari/537.36 (compatible; Googlebot/2.1; +http://www.google.com/bot.html)"
216.73.216.31 - - [23/Aug/2026:12:04:13 +0000] "GET /?b=47087226644 HTTP/2.0" 200 476 "-" "Mozilla/5.0 AppleWebKit/537.36 (KHTML, like Gecko; compatible; ClaudeBot/1.0; +claudebot@anthropic.com)"
66.249.73.72 - - [23/Aug/2026:12:04:14 +0000] "GET /?e=58511163839100 HTTP/2.0" 200 476 "-" "Mozilla/5.0 (Linux; Android 6.0.1; Nexus 5X Build/MMB29P) AppleWebKit/537.36 (KHTML, like Gecko) Chrome/151.0.7922.173 Mobile Safari/537.36 (compatible; Googlebot/2.1; +http://www.google.com/bot.html)"
216.73.216.31 - - [23/Aug/2026:12:04:14 +0000] "GET /?b=47087198035 HTTP/2.0" 200 476 "-" "Mozilla/5.0 AppleWebKit/537.36 (KHTML, like Gecko; compatible; ClaudeBot/1.0; +claudebot@anthropic.com)"
66.249.73.72 - - [23/Aug/2026:12:04:15 +0000] "GET /?e=71244178857803 HTTP/2.0" 200 476 "-" "Mozilla/5.0 (Linux; Android 6.0.1; Nexus 5X Build/MMB29P) AppleWebKit/537.36 (KHTML, like Gecko) Chrome/151.0.7922.173 Mobile Safari/537.36 (compatible; Googlebot/2.1; +http://www.google.com/bot.html)"
66.249.73.72 - - [23/Aug/2026:12:04:16 +0000] "GET /?e=1609773671502 HTTP/2.0" 200 476 "-" "Mozilla/5.0 (Linux; Android 6.0.1; Nexus 5X Build/MMB29P) AppleWebKit/537.36 (KHTML, like Gecko) Chrome/151.0.7922.173 Mobile Safari/537.36 (compatible; Googlebot/2.1; +http://www.google.com/bot.html)"
66.249.73.72 - - [23/Aug/2026:12:04:18 +0000] "GET /?e=11212182523605 HTTP/2.0" 200 476 "-" "Mozilla/5.0 (Linux; Android 6.0.1; Nexus 5X Build/MMB29P) AppleWebKit/537.36 (KHTML, like Gecko) Chrome/151.0.7922.173 Mobile Safari/537.36 (compatible; Googlebot/2.1; +http://www.google.com/bot.html)"
74.7.227.22 - - [23/Aug/2026:12:04:19 +0000] "GET /wp-includes/js/tinymce/themes/about.php?delete=%2Fproc%2F3155596%2Ftimers HTTP/2.0" 403 273 "https://mail.besthyperbaric.com/wp-includes/js/tinymce/themes/about.php?path=%2Fproc%2F3155596" "Mozilla/5.0 AppleWebKit/537.36 (KHTML, like Gecko; compatible; GPTBot/1.4; +https://openai.com/gptbot)"
66.249.73.72 - - [23/Aug/2026:12:04:19 +0000] "GET /?e=9487587596001 HTTP/2.0" 200 476 "-" "Mozilla/5.0 (Linux; Android 6.0.1; Nexus 5X Build/MMB29P) AppleWebKit/537.36 (KHTML, like Gecko) Chrome/151.0.7922.173 Mobile Safari/537.36 (compatible; Googlebot/2.1; +http://www.google.com/bot.html)"
216.73.216.31 - - [23/Aug/2026:12:04:20 +0000] "GET /wp-includes/js/tinymce/themes/about.php?path=%2F%2Fsys%2Fmodule%2Fvideo%2Fsections%2F.exit.data HTTP/2.0" 403 273 "-" "Mozilla/5.0 AppleWebKit/537.36 (KHTML, like Gecko; compatible; ClaudeBot/1.0; +claudebot@anthropic.com)"
66.249.73.72 - - [23/Aug/2026:12:04:21 +0000] "GET /?e=39379131585602 HTTP/2.0" 200 476 "-" "Mozilla/5.0 (Linux; Android 6.0.1; Nexus 5X Build/MMB29P) AppleWebKit/537.36 (KHTML, like Gecko) Chrome/151.0.7922.173 Mobile Safari/537.36 (compatible; Googlebot/2.1; +http://www.google.com/bot.html)"
66.249.73.72 - - [23/Aug/2026:12:04:22 +0000] "GET /?e=0790337752202 HTTP/2.0" 200 476 "-" "Mozilla/5.0 (Linux; Android 6.0.1; Nexus 5X Build/MMB29P) AppleWebKit/537.36 (KHTML, like Gecko) Chrome/151.0.7922.173 Mobile Safari/537.36 (compatible; Googlebot/2.1; +http://www.google.com/bot.html)"
216.73.216.31 - - [23/Aug/2026:12:04:22 +0000] "GET /?k=4920269299 HTTP/2.0" 200 476 "-" "Mozilla/5.0 AppleWebKit/537.36 (KHTML, like Gecko; compatible; ClaudeBot/1.0; +claudebot@anthropic.com)"
216.73.216.31 - - [23/Aug/2026:12:04:22 +0000] "GET /?d=83463150941 HTTP/2.0" 200 476 "-" "Mozilla/5.0 AppleWebKit/537.36 (KHTML, like Gecko; compatible; ClaudeBot/1.0; +claudebot@anthropic.com)"
66.249.73.72 - - [23/Aug/2026:12:04:23 +0000] "GET /?e=12702127181100 HTTP/2.0" 200 476 "-" "Mozilla/5.0 (Linux; Android 6.0.1; Nexus 5X Build/MMB29P) AppleWebKit/537.36 (KHTML, like Gecko) Chrome/151.0.7922.173 Mobile Safari/537.36 (compatible; Googlebot/2.1; +http://www.google.com/bot.html)"
216.73.216.31 - - [23/Aug/2026:12:04:23 +0000] "GET /?u=88030136740 HTTP/2.0" 200 476 "-" "Mozilla/5.0 AppleWebKit/537.36 (KHTML, like Gecko; compatible; ClaudeBot/1.0; +claudebot@anthropic.com)"
216.73.216.31 - - [23/Aug/2026:12:04:23 +0000] "GET /?b=47087129120 HTTP/2.0" 200 476 "-" "Mozilla/5.0 AppleWebKit/537.36 (KHTML, like Gecko; compatible; ClaudeBot/1.0; +claudebot@anthropic.com)"
66.249.73.72 - - [23/Aug/2026:12:04:24 +0000] "GET /?e=7868091261812 HTTP/2.0" 200 476 "-" "Mozilla/5.0 (Linux; Android 6.0.1; Nexus 5X Build/MMB29P) AppleWebKit/537.36 (KHTML, like Gecko) Chrome/151.0.7922.173 Mobile Safari/537.36 (compatible; Googlebot/2.1; +http://www.google.com/bot.html)"
216.73.216.31 - - [23/Aug/2026:12:04:24 +0000] "GET /?m=3282441747 HTTP/2.0" 200 476 "-" "Mozilla/5.0 AppleWebKit/537.36 (KHTML, like Gecko; compatible; ClaudeBot/1.0; +claudebot@anthropic.com)"
85.208.96.209 - - [23/Aug/2026:12:04:24 +0000] "GET /?products%2Fdetail%2F789255386820 HTTP/2.0" 200 476 "-" "Mozilla/5.0 (compatible; SemrushBot/7~bl; +http://www.semrush.com/bot.html)"
216.73.216.31 - - [23/Aug/2026:12:04:24 +0000] "GET /?i=7517480401 HTTP/2.0" 200 476 "-" "Mozilla/5.0 AppleWebKit/537.36 (KHTML, like Gecko; compatible; ClaudeBot/1.0; +claudebot@anthropic.com)"
216.73.216.31 - - [23/Aug/2026:12:04:25 +0000] "GET /?y=4997088036 HTTP/2.0" 200 476 "-" "Mozilla/5.0 AppleWebKit/537.36 (KHTML, like Gecko; compatible; ClaudeBot/1.0; +claudebot@anthropic.com)"
2a03:2880:f806:28:: - - [23/Aug/2026:12:04:25 +0000] "GET /products/detail/78952682026 HTTP/2.0" 404 265 "-" "Mozilla/5.0 (Macintosh; Intel Mac OS X 10_15_7) AppleWebKit/537.36 (KHTML, like Gecko) Chrome/145.0.0.0 Safari/537.36 (compatible; meta-externalagent/1.1 (+https://developers.facebook.com/docs/sharing/webmasters/crawler))"
216.73.216.31 - - [23/Aug/2026:12:04:25 +0000] "GET /?i=75174273249 HTTP/2.0" 200 476 "-" "Mozilla/5.0 AppleWebKit/537.36 (KHTML, like Gecko; compatible; ClaudeBot/1.0; +claudebot@anthropic.com)"
66.249.73.72 - - [23/Aug/2026:12:04:25 +0000] "GET /?e=2918730420607 HTTP/2.0" 200 476 "-" "Mozilla/5.0 (Linux; Android 6.0.1; Nexus 5X Build/MMB29P) AppleWebKit/537.36 (KHTML, like Gecko) Chrome/151.0.7922.173 Mobile Safari/537.36 (compatible; Googlebot/2.1; +http://www.google.com/bot.html)"
185.191.171.1 - - [23/Aug/2026:12:04:25 +0000] "GET /?products%2Fdetail%2F789039234391 HTTP/2.0" 200 476 "-" "Mozilla/5.0 (compatible; SemrushBot/7~bl; +http://www.semrush.com/bot.html)"
185.191.171.1 - - [23/Aug/2026:12:04:26 +0000] "GET /?products%2Fdetail%2F78948157536 HTTP/2.0" 200 476 "-" "Mozilla/5.0 (compatible; SemrushBot/7~bl; +http://www.semrush.com/bot.html)"
216.73.216.31 - - [23/Aug/2026:12:04:26 +0000] "GET /?t=60131162580 HTTP/2.0" 200 476 "-" "Mozilla/5.0 AppleWebKit/537.36 (KHTML, like Gecko; compatible; ClaudeBot/1.0; +claudebot@anthropic.com)"
216.73.216.31 - - [23/Aug/2026:12:04:26 +0000] "GET /?d=83463145909 HTTP/2.0" 200 476 "-" "Mozilla/5.0 AppleWebKit/537.36 (KHTML, like Gecko; compatible; ClaudeBot/1.0; +claudebot@anthropic.com)"
66.249.73.72 - - [23/Aug/2026:12:04:26 +0000] "GET /?e=22793144415901 HTTP/2.0" 200 476 "-" "Mozilla/5.0 (Linux; Android 6.0.1; Nexus 5X Build/MMB29P) AppleWebKit/537.36 (KHTML, like Gecko) Chrome/151.0.7922.173 Mobile Safari/537.36 (compatible; Googlebot/2.1; +http://www.google.com/bot.html)"
216.73.216.31 - - [23/Aug/2026:12:04:27 +0000] "GET /?m=3282451350 HTTP/2.0" 200 476 "-" "Mozilla/5.0 AppleWebKit/537.36 (KHTML, like Gecko; compatible; ClaudeBot/1.0; +claudebot@anthropic.com)"
185.191.171.6 - - [23/Aug/2026:12:04:27 +0000] "GET /?products%2Fdetail%2F789583829838 HTTP/2.0" 200 476 "-" "Mozilla/5.0 (compatible; SemrushBot/7~bl; +http://www.semrush.com/bot.html)"
74.7.227.158 - - [23/Aug/2026:12:04:27 +0000] "GET /wp-content/plugins/api.php?path=%2Fusr%2Flocal%2Fcpanel%2F3rdparty%2Fwp-toolkit%2Fplib%2Fvendor%2Fmtdowling%2Fjmespath.php%2Fsrc%2FEnv.php HTTP/2.0" 403 273 "https://www.besthyperbaric.com/wp-content/plugins/api.php?path=%2Fusr%2Flocal%2Fcpanel%2F3rdparty%2Fwp-toolkit%2Fplib%2Fvendor%2Fmtdowling%2Fjmespath.php%2Fsrc" "Mozilla/5.0 AppleWebKit/537.36 (KHTML, like Gecko; compatible; GPTBot/1.4; +https://openai.com/gptbot)"
216.73.216.31 - - [23/Aug/2026:12:04:27 +0000] "GET /?l=46629125683 HTTP/2.0" 200 476 "-" "Mozilla/5.0 AppleWebKit/537.36 (KHTML, like Gecko; compatible; ClaudeBot/1.0; +claudebot@anthropic.com)"
66.249.73.72 - - [23/Aug/2026:12:04:28 +0000] "GET /?e=2007097499201 HTTP/2.0" 200 476 "-" "Mozilla/5.0 (Linux; Android 6.0.1; Nexus 5X Build/MMB29P) AppleWebKit/537.36 (KHTML, like Gecko) Chrome/151.0.7922.173 Mobile Safari/537.36 (compatible; Googlebot/2.1; +http://www.google.com/bot.html)"
85.208.96.198 - - [23/Aug/2026:12:04:28 +0000] "GET /?products%2Fdetail%2F78955539306 HTTP/2.0" 200 476 "-" "Mozilla/5.0 (compatible; SemrushBot/7~bl; +http://www.semrush.com/bot.html)"
216.73.216.31 - - [23/Aug/2026:12:04:28 +0000] "GET /?d=83463221037 HTTP/2.0" 200 476 "-" "Mozilla/5.0 AppleWebKit/537.36 (KHTML, like Gecko; compatible; ClaudeBot/1.0; +claudebot@anthropic.com)"
216.73.216.31 - - [23/Aug/2026:12:04:28 +0000] "GET /?b=4708740651 HTTP/2.0" 200 476 "-" "Mozilla/5.0 AppleWebKit/537.36 (KHTML, like Gecko; compatible; ClaudeBot/1.0; +claudebot@anthropic.com)"
66.249.73.72 - - [23/Aug/2026:12:04:29 +0000] "GET /?e=90900133418510 HTTP/2.0" 200 476 "-" "Mozilla/5.0 (Linux; Android 6.0.1; Nexus 5X Build/MMB29P) AppleWebKit/537.36 (KHTML, like Gecko) Chrome/151.0.7922.173 Mobile Safari/537.36 (compatible; Googlebot/2.1; +http://www.google.com/bot.html)"
216.73.216.31 - - [23/Aug/2026:12:04:29 +0000] "GET /?i=7517414514 HTTP/2.0" 200 476 "-" "Mozilla/5.0 AppleWebKit/537.36 (KHTML, like Gecko; compatible; ClaudeBot/1.0; +claudebot@anthropic.com)"
85.208.96.197 - - [23/Aug/2026:12:04:29 +0000] "GET /?products%2Fdetail%2F78955835925 HTTP/2.0" 200 476 "-" "Mozilla/5.0 (compatible; SemrushBot/7~bl; +http://www.semrush.com/bot.html)"
216.73.216.31 - - [23/Aug/2026:12:04:29 +0000] "GET /?u=88030133258 HTTP/2.0" 200 476 "-" "Mozilla/5.0 AppleWebKit/537.36 (KHTML, like Gecko; compatible; ClaudeBot/1.0; +claudebot@anthropic.com)"
2a03:2880:f806:2a:: - - [23/Aug/2026:12:04:30 +0000] "GET /products/detail/789529959849 HTTP/2.0" 404 265 "-" "Mozilla/5.0 (Macintosh; Intel Mac OS X 10_15_7) AppleWebKit/537.36 (KHTML, like Gecko) Chrome/145.0.0.0 Safari/537.36 (compatible; meta-externalagent/1.1 (+https://developers.facebook.com/docs/sharing/webmasters/crawler))"
66.249.65.42 - - [23/Aug/2026:12:04:30 +0000] "GET /?products/detail/78921049198 HTTP/2.0" 200 476 "-" "Mozilla/5.0 (Linux; Android 6.0.1; Nexus 5X Build/MMB29P) AppleWebKit/537.36 (KHTML, like Gecko) Chrome/151.0.7922.137 Mobile Safari/537.36 (compatible; Googlebot/2.1; +http://www.google.com/bot.html)"
216.73.216.31 - - [23/Aug/2026:12:04:30 +0000] "GET /?m=3282422701 HTTP/2.0" 200 476 "-" "Mozilla/5.0 AppleWebKit/537.36 (KHTML, like Gecko; compatible; ClaudeBot/1.0; +claudebot@anthropic.com)"
66.249.73.72 - - [23/Aug/2026:12:04:30 +0000] "GET /?e=0235295666301 HTTP/2.0" 200 476 "-" "Mozilla/5.0 (Linux; Android 6.0.1; Nexus 5X Build/MMB29P) AppleWebKit/537.36 (KHTML, like Gecko) Chrome/151.0.7922.173 Mobile Safari/537.36 (compatible; Googlebot/2.1; +http://www.google.com/bot.html)"
216.73.216.31 - - [23/Aug/2026:12:04:30 +0000] "GET /?m=3282446748 HTTP/2.0" 200 476 "-" "Mozilla/5.0 AppleWebKit/537.36 (KHTML, like Gecko; compatible; ClaudeBot/1.0; +claudebot@anthropic.com)"
66.249.73.72 - - [23/Aug/2026:12:04:30 +0000] "GET /?e=9579830065100 HTTP/2.0" 200 476 "-" "Mozilla/5.0 (Linux; Android 6.0.1; Nexus 5X Build/MMB29P) AppleWebKit/537.36 (KHTML, like Gecko) Chrome/151.0.7922.173 Mobile Safari/537.36 (compatible; Googlebot/2.1; +http://www.google.com/bot.html)"
216.73.216.31 - - [23/Aug/2026:12:04:31 +0000] "GET /?k=49202261998 HTTP/2.0" 200 476 "-" "Mozilla/5.0 AppleWebKit/537.36 (KHTML, like Gecko; compatible; ClaudeBot/1.0; +claudebot@anthropic.com)"
216.73.216.31 - - [23/Aug/2026:12:04:31 +0000] "GET /?t=6013155228 HTTP/2.0" 200 476 "-" "Mozilla/5.0 AppleWebKit/537.36 (KHTML, like Gecko; compatible; ClaudeBot/1.0; +claudebot@anthropic.com)"
66.249.73.72 - - [23/Aug/2026:12:04:32 +0000] "GET /?e=1184361579900 HTTP/2.0" 200 476 "-" "Mozilla/5.0 (Linux; Android 6.0.1; Nexus 5X Build/MMB29P) AppleWebKit/537.36 (KHTML, like Gecko) Chrome/151.0.7922.173 Mobile Safari/537.36 (compatible; Googlebot/2.1; +http://www.google.com/bot.html)"
216.73.216.31 - - [23/Aug/2026:12:04:32 +0000] "GET /?k=49202105255 HTTP/2.0" 200 476 "-" "Mozilla/5.0 AppleWebKit/537.36 (KHTML, like Gecko; compatible; ClaudeBot/1.0; +claudebot@anthropic.com)"
216.73.216.31 - - [23/Aug/2026:12:04:32 +0000] "GET /?m=3282461167 HTTP/2.0" 200 476 "-" "Mozilla/5.0 AppleWebKit/537.36 (KHTML, like Gecko; compatible; ClaudeBot/1.0; +claudebot@anthropic.com)"
66.249.73.72 - - [23/Aug/2026:12:04:33 +0000] "GET /?e=9283570744403 HTTP/2.0" 200 476 "-" "Mozilla/5.0 (Linux; Android 6.0.1; Nexus 5X Build/MMB29P) AppleWebKit/537.36 (KHTML, like Gecko) Chrome/151.0.7922.173 Mobile Safari/537.36 (compatible; Googlebot/2.1; +http://www.google.com/bot.html)"
216.73.216.31 - - [23/Aug/2026:12:04:33 +0000] "GET /?w=920882808 HTTP/2.0" 200 476 "-" "Mozilla/5.0 AppleWebKit/537.36 (KHTML, like Gecko; compatible; ClaudeBot/1.0; +claudebot@anthropic.com)"
216.73.216.31 - - [23/Aug/2026:12:04:33 +0000] "GET /?l=46629180608 HTTP/2.0" 200 476 "-" "Mozilla/5.0 AppleWebKit/537.36 (KHTML, like Gecko; compatible; ClaudeBot/1.0; +claudebot@anthropic.com)"
66.249.73.72 - - [23/Aug/2026:12:04:34 +0000] "GET /?e=3901937396700 HTTP/2.0" 200 476 "-" "Mozilla/5.0 (Linux; Android 6.0.1; Nexus 5X Build/MMB29P) AppleWebKit/537.36 (KHTML, like Gecko) Chrome/151.0.7922.173 Mobile Safari/537.36 (compatible; Googlebot/2.1; +http://www.google.com/bot.html)"
216.73.216.31 - - [23/Aug/2026:12:04:34 +0000] "GET /?w=9208889640 HTTP/2.0" 200 476 "-" "Mozilla/5.0 AppleWebKit/537.36 (KHTML, like Gecko; compatible; ClaudeBot/1.0; +claudebot@anthropic.com)"
216.73.216.31 - - [23/Aug/2026:12:04:34 +0000] "GET /wp-includes/js/tinymce/themes/about.php?path=%2Fproc%2F604%2Ftask%2F604%2Fmem HTTP/2.0" 403 273 "-" "Mozilla/5.0 AppleWebKit/537.36 (KHTML, like Gecko; compatible; ClaudeBot/1.0; +claudebot@anthropic.com)"
66.249.73.72 - - [23/Aug/2026:12:04:35 +0000] "GET /?e=4928150582504 HTTP/2.0" 200 476 "-" "Mozilla/5.0 (Linux; Android 6.0.1; Nexus 5X Build/MMB29P) AppleWebKit/537.36 (KHTML, like Gecko) Chrome/151.0.7922.173 Mobile Safari/537.36 (compatible; Googlebot/2.1; +http://www.google.com/bot.html)"
216.73.216.31 - - [23/Aug/2026:12:04:35 +0000] "GET /?d=83463168036 HTTP/2.0" 200 476 "-" "Mozilla/5.0 AppleWebKit/537.36 (KHTML, like Gecko; compatible; ClaudeBot/1.0; +claudebot@anthropic.com)"
216.73.216.31 - - [23/Aug/2026:12:04:35 +0000] "GET /?t=60131265459 HTTP/2.0" 200 476 "-" "Mozilla/5.0 AppleWebKit/537.36 (KHTML, like Gecko; compatible; ClaudeBot/1.0; +claudebot@anthropic.com)"
66.249.73.72 - - [23/Aug/2026:12:04:36 +0000] "GET /?e=1772318877500 HTTP/2.0" 200 476 "-" "Mozilla/5.0 (Linux; Android 6.0.1; Nexus 5X Build/MMB29P) AppleWebKit/537.36 (KHTML, like Gecko) Chrome/151.0.7922.173 Mobile Safari/537.36 (compatible; Googlebot/2.1; +http://www.google.com/bot.html)"
216.73.216.31 - - [23/Aug/2026:12:04:36 +0000] "GET /?k=49202146159 HTTP/2.0" 200 476 "-" "Mozilla/5.0 AppleWebKit/537.36 (KHTML, like Gecko; compatible; ClaudeBot/1.0; +claudebot@anthropic.com)"
216.73.216.31 - - [23/Aug/2026:12:04:36 +0000] "GET /?d=83463156872 HTTP/2.0" 200 476 "-" "Mozilla/5.0 AppleWebKit/537.36 (KHTML, like Gecko; compatible; ClaudeBot/1.0; +claudebot@anthropic.com)"
66.249.65.41 - - [23/Aug/2026:12:04:37 +0000] "GET /?products/detail/7891959984 HTTP/2.0" 200 476 "-" "Mozilla/5.0 (Linux; Android 6.0.1; Nexus 5X Build/MMB29P) AppleWebKit/537.36 (KHTML, like Gecko) Chrome/151.0.7922.137 Mobile Safari/537.36 (compatible; Googlebot/2.1; +http://www.google.com/bot.html)"
216.73.216.31 - - [23/Aug/2026:12:04:37 +0000] "GET /?i=7517427989 HTTP/2.0" 200 476 "-" "Mozilla/5.0 AppleWebKit/537.36 (KHTML, like Gecko; compatible; ClaudeBot/1.0; +claudebot@anthropic.com)"
66.249.73.72 - - [23/Aug/2026:12:04:37 +0000] "GET /?e=28888170432005 HTTP/2.0" 200 476 "-" "Mozilla/5.0 (Linux; Android 6.0.1; Nexus 5X Build/MMB29P) AppleWebKit/537.36 (KHTML, like Gecko) Chrome/151.0.7922.173 Mobile Safari/537.36 (compatible; Googlebot/2.1; +http://www.google.com/bot.html)"
216.73.216.31 - - [23/Aug/2026:12:04:37 +0000] "GET /?b=47087127351 HTTP/2.0" 200 476 "-" "Mozilla/5.0 AppleWebKit/537.36 (KHTML, like Gecko; compatible; ClaudeBot/1.0; +claudebot@anthropic.com)"
216.73.216.31 - - [23/Aug/2026:12:04:38 +0000] "GET /?m=32824243273 HTTP/2.0" 200 476 "-" "Mozilla/5.0 AppleWebKit/537.36 (KHTML, like Gecko; compatible; ClaudeBot/1.0; +claudebot@anthropic.com)"
185.191.171.15 - - [23/Aug/2026:12:04:38 +0000] "GET /?products%2Fdetail%2F789139685947 HTTP/2.0" 200 476 "-" "Mozilla/5.0 (compatible; SemrushBot/7~bl; +http://www.semrush.com/bot.html)"
216.73.216.31 - - [23/Aug/2026:12:04:38 +0000] "GET /?d=83463268464 HTTP/2.0" 200 476 "-" "Mozilla/5.0 AppleWebKit/537.36 (KHTML, like Gecko; compatible; ClaudeBot/1.0; +claudebot@anthropic.com)"
66.249.73.72 - - [23/Aug/2026:12:04:39 +0000] "GET /?e=836713665801 HTTP/2.0" 200 476 "-" "Mozilla/5.0 (Linux; Android 6.0.1; Nexus 5X Build/MMB29P) AppleWebKit/537.36 (KHTML, like Gecko) Chrome/151.0.7922.173 Mobile Safari/537.36 (compatible; Googlebot/2.1; +http://www.google.com/bot.html)"
216.73.216.31 - - [23/Aug/2026:12:04:39 +0000] "GET /?u=8803039752 HTTP/2.0" 200 476 "-" "Mozilla/5.0 AppleWebKit/537.36 (KHTML, like Gecko; compatible; ClaudeBot/1.0; +claudebot@anthropic.com)"
216.73.216.31 - - [23/Aug/2026:12:04:39 +0000] "GET /?t=6013196272 HTTP/2.0" 200 476 "-" "Mozilla/5.0 AppleWebKit/537.36 (KHTML, like Gecko; compatible; ClaudeBot/1.0; +claudebot@anthropic.com)"
66.249.73.72 - - [23/Aug/2026:12:04:40 +0000] "GET /?e=0218421994800 HTTP/2.0" 200 476 "-" "Mozilla/5.0 (Linux; Android 6.0.1; Nexus 5X Build/MMB29P) AppleWebKit/537.36 (KHTML, like Gecko) Chrome/151.0.7922.173 Mobile Safari/537.36 (compatible; Googlebot/2.1; +http://www.google.com/bot.html)"
216.73.216.31 - - [23/Aug/2026:12:04:40 +0000] "GET /?l=46629275459 HTTP/2.0" 200 476 "-" "Mozilla/5.0 AppleWebKit/537.36 (KHTML, like Gecko; compatible; ClaudeBot/1.0; +claudebot@anthropic.com)"
74.7.227.22 - - [23/Aug/2026:12:04:40 +0000] "GET /wp-includes/js/tinymce/themes/about.php?delete=%2Fproc%2F3844492%2Fstatus HTTP/2.0" 403 273 "https://mail.besthyperbaric.com/wp-includes/js/tinymce/themes/about.php?path=%2Fproc%2F3844492" "Mozilla/5.0 AppleWebKit/537.36 (KHTML, like Gecko; compatible; GPTBot/1.4; +https://openai.com/gptbot)"
216.73.216.31 - - [23/Aug/2026:12:04:40 +0000] "GET /?t=6013186708 HTTP/2.0" 200 476 "-" "Mozilla/5.0 AppleWebKit/537.36 (KHTML, like Gecko; compatible; ClaudeBot/1.0; +claudebot@anthropic.com)"
185.191.171.15 - - [23/Aug/2026:12:04:41 +0000] "GET /?products%2Fdetail%2F78924048988 HTTP/2.0" 200 476 "-" "Mozilla/5.0 (compatible; SemrushBot/7~bl; +http://www.semrush.com/bot.html)"
66.249.73.72 - - [23/Aug/2026:12:04:41 +0000] "GET /?e=12872109590808 HTTP/2.0" 200 476 "-" "Mozilla/5.0 (Linux; Android 6.0.1; Nexus 5X Build/MMB29P) AppleWebKit/537.36 (KHTML, like Gecko) Chrome/151.0.7922.173 Mobile Safari/537.36 (compatible; Googlebot/2.1; +http://www.google.com/bot.html)"
216.73.216.31 - - [23/Aug/2026:12:04:41 +0000] "GET /?d=83463215302 HTTP/2.0" 200 476 "-" "Mozilla/5.0 AppleWebKit/537.36 (KHTML, like Gecko; compatible; ClaudeBot/1.0; +claudebot@anthropic.com)"
216.73.216.31 - - [23/Aug/2026:12:04:41 +0000] "GET /?m=3282481798 HTTP/2.0" 200 476 "-" "Mozilla/5.0 AppleWebKit/537.36 (KHTML, like Gecko; compatible; ClaudeBot/1.0; +claudebot@anthropic.com)"
216.73.216.31 - - [23/Aug/2026:12:04:42 +0000] "GET /wp-includes/js/tinymce/themes/about.php?rename=%2Fsys%2Fmodule%2Fvirtio_pci_modern_dev HTTP/2.0" 403 273 "-" "Mozilla/5.0 AppleWebKit/537.36 (KHTML, like Gecko; compatible; ClaudeBot/1.0; +claudebot@anthropic.com)"
66.249.73.72 - - [23/Aug/2026:12:04:42 +0000] "GET /?e=18940116183700 HTTP/2.0" 200 476 "-" "Mozilla/5.0 (Linux; Android 6.0.1; Nexus 5X Build/MMB29P) AppleWebKit/537.36 (KHTML, like Gecko) Chrome/151.0.7922.173 Mobile Safari/537.36 (compatible; Googlebot/2.1; +http://www.google.com/bot.html)"
216.73.216.31 - - [23/Aug/2026:12:04:42 +0000] "GET /?b=47087138227 HTTP/2.0" 200 476 "-" "Mozilla/5.0 AppleWebKit/537.36 (KHTML, like Gecko; compatible; ClaudeBot/1.0; +claudebot@anthropic.com)"
216.73.216.31 - - [23/Aug/2026:12:04:43 +0000] "GET /?t=60131168027 HTTP/2.0" 200 476 "-" "Mozilla/5.0 AppleWebKit/537.36 (KHTML, like Gecko; compatible; ClaudeBot/1.0; +claudebot@anthropic.com)"
66.249.73.72 - - [23/Aug/2026:12:04:43 +0000] "GET /?e=91053191688102 HTTP/2.0" 200 476 "-" "Mozilla/5.0 (Linux; Android 6.0.1; Nexus 5X Build/MMB29P) AppleWebKit/537.36 (KHTML, like Gecko) Chrome/151.0.7922.173 Mobile Safari/537.36 (compatible; Googlebot/2.1; +http://www.google.com/bot.html)"
216.73.216.31 - - [23/Aug/2026:12:04:43 +0000] "GET /?t=6013125455 HTTP/2.0" 200 476 "-" "Mozilla/5.0 AppleWebKit/537.36 (KHTML, like Gecko; compatible; ClaudeBot/1.0; +claudebot@anthropic.com)"
216.73.216.31 - - [23/Aug/2026:12:04:44 +0000] "GET /?t=6013111499 HTTP/2.0" 200 476 "-" "Mozilla/5.0 AppleWebKit/537.36 (KHTML, like Gecko; compatible; ClaudeBot/1.0; +claudebot@anthropic.com)"
66.249.73.72 - - [23/Aug/2026:12:04:44 +0000] "GET /?e=67861160173302 HTTP/2.0" 200 476 "-" "Mozilla/5.0 (Linux; Android 6.0.1; Nexus 5X Build/MMB29P) AppleWebKit/537.36 (KHTML, like Gecko) Chrome/151.0.7922.173 Mobile Safari/537.36 (compatible; Googlebot/2.1; +http://www.google.com/bot.html)"
216.73.216.31 - - [23/Aug/2026:12:04:44 +0000] "GET /wp-includes/js/tinymce/themes/about.php?edit=%2Fsys%2Fdevices%2Fsystem%2Fmemory%2Fmemory113%2Fstate HTTP/2.0" 403 273 "-" "Mozilla/5.0 AppleWebKit/537.36 (KHTML, like Gecko; compatible; ClaudeBot/1.0; +claudebot@anthropic.com)"
216.73.216.31 - - [23/Aug/2026:12:04:45 +0000] "GET /?m=3282478846 HTTP/2.0" 200 476 "-" "Mozilla/5.0 AppleWebKit/537.36 (KHTML, like Gecko; compatible; ClaudeBot/1.0; +claudebot@anthropic.com)"
66.249.73.72 - - [23/Aug/2026:12:04:45 +0000] "GET /?e=6801089428900 HTTP/2.0" 200 476 "-" "Mozilla/5.0 (Linux; Android 6.0.1; Nexus 5X Build/MMB29P) AppleWebKit/537.36 (KHTML, like Gecko) Chrome/151.0.7922.173 Mobile Safari/537.36 (compatible; Googlebot/2.1; +http://www.google.com/bot.html)"
216.73.216.31 - - [23/Aug/2026:12:04:45 +0000] "GET /?b=47087109744 HTTP/2.0" 200 476 "-" "Mozilla/5.0 AppleWebKit/537.36 (KHTML, like Gecko; compatible; ClaudeBot/1.0; +claudebot@anthropic.com)"
2a03:2880:f806:2f:: - - [23/Aug/2026:12:04:46 +0000] "GET /products/detail/789388996937 HTTP/2.0" 404 265 "-" "Mozilla/5.0 (Windows NT 10.0; Win64; x64) AppleWebKit/537.36 (KHTML, like Gecko) Chrome/145.0.0.0 Safari/537.36 (compatible; meta-externalagent/1.1 (+https://developers.facebook.com/docs/sharing/webmasters/crawler))"
216.73.216.31 - - [23/Aug/2026:12:04:46 +0000] "GET /?l=46629142483 HTTP/2.0" 200 476 "-" "Mozilla/5.0 AppleWebKit/537.36 (KHTML, like Gecko; compatible; ClaudeBot/1.0; +claudebot@anthropic.com)"
66.249.73.72 - - [23/Aug/2026:12:04:46 +0000] "GET /?e=8087482836002 HTTP/2.0" 200 476 "-" "Mozilla/5.0 (Linux; Android 6.0.1; Nexus 5X Build/MMB29P) AppleWebKit/537.36 (KHTML, like Gecko) Chrome/151.0.7922.173 Mobile Safari/537.36 (compatible; Googlebot/2.1; +http://www.google.com/bot.html)"
216.73.216.31 - - [23/Aug/2026:12:04:46 +0000] "GET /?k=49202186340 HTTP/2.0" 200 476 "-" "Mozilla/5.0 AppleWebKit/537.36 (KHTML, like Gecko; compatible; ClaudeBot/1.0; +claudebot@anthropic.com)"
216.73.216.31 - - [23/Aug/2026:12:04:47 +0000] "GET /?k=49202180402 HTTP/2.0" 200 476 "-" "Mozilla/5.0 AppleWebKit/537.36 (KHTML, like Gecko; compatible; ClaudeBot/1.0; +claudebot@anthropic.com)"
66.249.73.72 - - [23/Aug/2026:12:04:47 +0000] "GET /?e=8396749488312 HTTP/2.0" 200 476 "-" "Mozilla/5.0 (Linux; Android 6.0.1; Nexus 5X Build/MMB29P) AppleWebKit/537.36 (KHTML, like Gecko) Chrome/151.0.7922.173 Mobile Safari/537.36 (compatible; Googlebot/2.1; +http://www.google.com/bot.html)"
216.73.216.31 - - [23/Aug/2026:12:04:47 +0000] "GET /?i=7517449202 HTTP/2.0" 200 476 "-" "Mozilla/5.0 AppleWebKit/537.36 (KHTML, like Gecko; compatible; ClaudeBot/1.0; +claudebot@anthropic.com)"
85.208.96.208 - - [23/Aug/2026:12:04:48 +0000] "GET /?products%2Fdetail%2F78916976431 HTTP/2.0" 200 476 "-" "Mozilla/5.0 (compatible; SemrushBot/7~bl; +http://www.semrush.com/bot.html)"
216.73.216.31 - - [23/Aug/2026:12:04:48 +0000] "GET /?b=47087168399 HTTP/2.0" 200 476 "-" "Mozilla/5.0 AppleWebKit/537.36 (KHTML, like Gecko; compatible; ClaudeBot/1.0; +claudebot@anthropic.com)"
66.249.73.72 - - [23/Aug/2026:12:04:49 +0000] "GET /?e=3737260485706 HTTP/2.0" 200 476 "-" "Mozilla/5.0 (Linux; Android 6.0.1; Nexus 5X Build/MMB29P) AppleWebKit/537.36 (KHTML, like Gecko) Chrome/151.0.7922.173 Mobile Safari/537.36 (compatible; Googlebot/2.1; +http://www.google.com/bot.html)"
74.7.227.158 - - [23/Aug/2026:12:04:49 +0000] "GET /wp-content/plugins/api.php?path=%2F%2Fusr%2Flocal%2Fcpanel%2F3rdparty%2Fwp-toolkit%2Fplib%2Fvendor%2Fmtdowling%2Fjmespath.php%2FREADME.rst HTTP/2.0" 403 273 "https://www.besthyperbaric.com/wp-content/plugins/api.php?path=%2Fusr%2Flocal%2Fcpanel%2F3rdparty%2Fwp-toolkit%2Fplib%2Fvendor%2Fmtdowling%2Fjmespath.php%2FREADME.rst" "Mozilla/5.0 AppleWebKit/537.36 (KHTML, like Gecko; compatible; GPTBot/1.4; +https://openai.com/gptbot)"
216.73.216.31 - - [23/Aug/2026:12:04:49 +0000] "GET /?l=46629104033 HTTP/2.0" 200 476 "-" "Mozilla/5.0 AppleWebKit/537.36 (KHTML, like Gecko; compatible; ClaudeBot/1.0; +claudebot@anthropic.com)"
2a03:2880:f806:2:: - - [23/Aug/2026:12:04:49 +0000] "GET /products/detail/789276256404 HTTP/2.0" 404 265 "-" "Mozilla/5.0 (Windows NT 10.0; Win64; x64) AppleWebKit/537.36 (KHTML, like Gecko) Chrome/145.0.0.0 Safari/537.36 (compatible; meta-externalagent/1.1 (+https://developers.facebook.com/docs/sharing/webmasters/crawler))"
216.73.216.31 - - [23/Aug/2026:12:04:50 +0000] "GET /?w=9208870548 HTTP/2.0" 200 476 "-" "Mozilla/5.0 AppleWebKit/537.36 (KHTML, like Gecko; compatible; ClaudeBot/1.0; +claudebot@anthropic.com)"
66.249.73.72 - - [23/Aug/2026:12:04:50 +0000] "GET /?e=45007156507500 HTTP/2.0" 200 476 "-" "Mozilla/5.0 (Linux; Android 6.0.1; Nexus 5X Build/MMB29P) AppleWebKit/537.36 (KHTML, like Gecko) Chrome/151.0.7922.173 Mobile Safari/537.36 (compatible; Googlebot/2.1; +http://www.google.com/bot.html)"
216.73.216.31 - - [23/Aug/2026:12:04:50 +0000] "GET /?d=83463143276 HTTP/2.0" 200 476 "-" "Mozilla/5.0 AppleWebKit/537.36 (KHTML, like Gecko; compatible; ClaudeBot/1.0; +claudebot@anthropic.com)"
216.73.216.31 - - [23/Aug/2026:12:04:51 +0000] "GET /?t=60131246989 HTTP/2.0" 200 476 "-" "Mozilla/5.0 AppleWebKit/537.36 (KHTML, like Gecko; compatible; ClaudeBot/1.0; +claudebot@anthropic.com)"
216.73.216.31 - - [23/Aug/2026:12:04:51 +0000] "GET /?m=32824255148 HTTP/2.0" 200 476 "-" "Mozilla/5.0 AppleWebKit/537.36 (KHTML, like Gecko; compatible; ClaudeBot/1.0; +claudebot@anthropic.com)"
66.249.73.72 - - [23/Aug/2026:12:04:51 +0000] "GET /?e=5230759008301 HTTP/2.0" 200 476 "-" "Mozilla/5.0 (Linux; Android 6.0.1; Nexus 5X Build/MMB29P) AppleWebKit/537.36 (KHTML, like Gecko) Chrome/151.0.7922.173 Mobile Safari/537.36 (compatible; Googlebot/2.1; +http://www.google.com/bot.html)"
216.73.216.31 - - [23/Aug/2026:12:04:52 +0000] "GET /?t=6013126072 HTTP/2.0" 200 476 "-" "Mozilla/5.0 AppleWebKit/537.36 (KHTML, like Gecko; compatible; ClaudeBot/1.0; +claudebot@anthropic.com)"
216.73.216.31 - - [23/Aug/2026:12:04:52 +0000] "GET /?d=83463119361 HTTP/2.0" 200 476 "-" "Mozilla/5.0 AppleWebKit/537.36 (KHTML, like Gecko; compatible; ClaudeBot/1.0; +claudebot@anthropic.com)"
66.249.73.72 - - [23/Aug/2026:12:04:52 +0000] "GET /?e=1404260841201 HTTP/2.0" 200 476 "-" "Mozilla/5.0 (Linux; Android 6.0.1; Nexus 5X Build/MMB29P) AppleWebKit/537.36 (KHTML, like Gecko) Chrome/151.0.7922.173 Mobile Safari/537.36 (compatible; Googlebot/2.1; +http://www.google.com/bot.html)"
216.73.216.31 - - [23/Aug/2026:12:04:53 +0000] "GET /?d=83463240810 HTTP/2.0" 200 476 "-" "Mozilla/5.0 AppleWebKit/537.36 (KHTML, like Gecko; compatible; ClaudeBot/1.0; +claudebot@anthropic.com)"
