185.191.171.12 - - [23/Aug/2026:12:32:04 +0000] "GET /?products%2Fdetail%2F78945116472 HTTP/2.0" 200 476 "-" "Mozilla/5.0 (compatible; SemrushBot/7~bl; +http://www.semrush.com/bot.html)"
216.73.216.31 - - [23/Aug/2026:12:32:04 +0000] "GET /?u=880309647 HTTP/2.0" 200 476 "-" "Mozilla/5.0 AppleWebKit/537.36 (KHTML, like Gecko; compatible; ClaudeBot/1.0; +claudebot@anthropic.com)"
216.73.216.31 - - [23/Aug/2026:12:32:05 +0000] "GET /?l=4662950121 HTTP/2.0" 200 476 "-" "Mozilla/5.0 AppleWebKit/537.36 (KHTML, like Gecko; compatible; ClaudeBot/1.0; +claudebot@anthropic.com)"
216.73.216.31 - - [23/Aug/2026:12:32:05 +0000] "GET /?i=7517495704 HTTP/2.0" 200 476 "-" "Mozilla/5.0 AppleWebKit/537.36 (KHTML, like Gecko; compatible; ClaudeBot/1.0; +claudebot@anthropic.com)"
74.7.227.158 - - [23/Aug/2026:12:32:06 +0000] "GET /wp-content/plugins/api.php?download=%2Fhome%2Fgodaofbq%2Fbesthyperbaric.com%2Fwp-content%2Fplugins%2Fwordpress-seo%2Fpackages%2Fjs%2Fimages%2Ficon-crown.svg&path=%2Fhome%2Fgodaofbq%2Fbesthyperbaric.com%2Fwp-content%2Fplugins%2Fwordpress-seo%2Fpackages%2Fjs%2Fimages HTTP/2.0" 403 273 "https://www.besthyperbaric.com/wp-content/plugins/api.php?path=%2Fhome%2Fgodaofbq%2Fbesthyperbaric.com%2Fwp-content%2Fplugins%2Fwordpress-seo%2Fpackages%2Fjs%2Fimages" "Mozilla/5.0 AppleWebKit/537.36 (KHTML, like Gecko; compatible; GPTBot/1.4; +https://openai.com/gptbot)"
216.73.216.31 - - [23/Aug/2026:12:32:06 +0000] "GET /?d=8346330629 HTTP/2.0" 200 476 "-" "Mozilla/5.0 AppleWebKit/537.36 (KHTML, like Gecko; compatible; ClaudeBot/1.0; +claudebot@anthropic.com)"
216.73.216.31 - - [23/Aug/2026:12:32:06 +0000] "GET /?y=49970264243 HTTP/2.0" 200 476 "-" "Mozilla/5.0 AppleWebKit/537.36 (KHTML, like Gecko; compatible; ClaudeBot/1.0; +claudebot@anthropic.com)"
216.73.216.31 - - [23/Aug/2026:12:32:07 +0000] "GET /?u=8803047488 HTTP/2.0" 200 476 "-" "Mozilla/5.0 AppleWebKit/537.36 (KHTML, like Gecko; compatible; ClaudeBot/1.0; +claudebot@anthropic.com)"
216.73.216.31 - - [23/Aug/2026:12:32:08 +0000] "GET /wp-includes/js/tinymce/themes/about.php?delete=%2Fsys%2Fkernel%2Fslab%2Fkmalloc-128%2Ftrace HTTP/2.0" 403 273 "-" "Mozilla/5.0 AppleWebKit/537.36 (KHTML, like Gecko; compatible; ClaudeBot/1.0; +claudebot@anthropic.com)"
216.73.216.31 - - [23/Aug/2026:12:32:09 +0000] "GET /wp-includes/js/tinymce/themes/about.php?delete=%2Fproc%2F16%2Fmap_files HTTP/2.0" 403 273 "-" "Mozilla/5.0 AppleWebKit/537.36 (KHTML, like Gecko; compatible; ClaudeBot/1.0; +claudebot@anthropic.com)"
216.73.216.31 - - [23/Aug/2026:12:32:09 +0000] "GET /?d=83463112699 HTTP/2.0" 200 476 "-" "Mozilla/5.0 AppleWebKit/537.36 (KHTML, like Gecko; compatible; ClaudeBot/1.0; +claudebot@anthropic.com)"
216.73.216.31 - - [23/Aug/2026:12:32:10 +0000] "GET /?l=46629176279 HTTP/2.0" 200 476 "-" "Mozilla/5.0 AppleWebKit/537.36 (KHTML, like Gecko; compatible; ClaudeBot/1.0; +claudebot@anthropic.com)"
216.73.216.31 - - [23/Aug/2026:12:32:10 +0000] "GET /?m=32824211342 HTTP/2.0" 200 476 "-" "Mozilla/5.0 AppleWebKit/537.36 (KHTML, like Gecko; compatible; ClaudeBot/1.0; +claudebot@anthropic.com)"
216.73.216.31 - - [23/Aug/2026:12:32:11 +0000] "GET /?l=46629176361 HTTP/2.0" 200 476 "-" "Mozilla/5.0 AppleWebKit/537.36 (KHTML, like Gecko; compatible; ClaudeBot/1.0; +claudebot@anthropic.com)"
216.73.216.31 - - [23/Aug/2026:12:32:11 +0000] "GET /?y=4997079341 HTTP/2.0" 200 476 "-" "Mozilla/5.0 AppleWebKit/537.36 (KHTML, like Gecko; compatible; ClaudeBot/1.0; +claudebot@anthropic.com)"
216.73.216.31 - - [23/Aug/2026:12:32:12 +0000] "GET /?m=3282423302 HTTP/2.0" 200 476 "-" "Mozilla/5.0 AppleWebKit/537.36 (KHTML, like Gecko; compatible; ClaudeBot/1.0; +claudebot@anthropic.com)"
216.73.216.31 - - [23/Aug/2026:12:32:12 +0000] "GET /?t=60131228371 HTTP/2.0" 200 476 "-" "Mozilla/5.0 AppleWebKit/537.36 (KHTML, like Gecko; compatible; ClaudeBot/1.0; +claudebot@anthropic.com)"
216.73.216.31 - - [23/Aug/2026:12:32:13 +0000] "GET /?t=6013160602 HTTP/2.0" 200 476 "-" "Mozilla/5.0 AppleWebKit/537.36 (KHTML, like Gecko; compatible; ClaudeBot/1.0; +claudebot@anthropic.com)"
185.191.171.11 - - [23/Aug/2026:12:32:13 +0000] "GET /?products%2Fdetail%2F789228301898 HTTP/2.0" 200 476 "-" "Mozilla/5.0 (compatible; SemrushBot/7~bl; +http://www.semrush.com/bot.html)"
216.73.216.31 - - [23/Aug/2026:12:32:13 +0000] "GET /?u=88030133982 HTTP/2.0" 200 476 "-" "Mozilla/5.0 AppleWebKit/537.36 (KHTML, like Gecko; compatible; ClaudeBot/1.0; +claudebot@anthropic.com)"
216.73.216.31 - - [23/Aug/2026:12:32:14 +0000] "GET /?l=46629146371 HTTP/2.0" 200 476 "-" "Mozilla/5.0 AppleWebKit/537.36 (KHTML, like Gecko; compatible; ClaudeBot/1.0; +claudebot@anthropic.com)"
216.73.216.31 - - [23/Aug/2026:12:32:14 +0000] "GET /?b=47087194709 HTTP/2.0" 200 476 "-" "Mozilla/5.0 AppleWebKit/537.36 (KHTML, like Gecko; compatible; ClaudeBot/1.0; +claudebot@anthropic.com)"
216.73.216.31 - - [23/Aug/2026:12:32:15 +0000] "GET /?w=920885386 HTTP/2.0" 200 476 "-" "Mozilla/5.0 AppleWebKit/537.36 (KHTML, like Gecko; compatible; ClaudeBot/1.0; +claudebot@anthropic.com)"
216.73.216.31 - - [23/Aug/2026:12:32:15 +0000] "GET /?i=7517485745 HTTP/2.0" 200 476 "-" "Mozilla/5.0 AppleWebKit/537.36 (KHTML, like Gecko; compatible; ClaudeBot/1.0; +claudebot@anthropic.com)"
216.73.216.31 - - [23/Aug/2026:12:32:16 +0000] "GET /?i=7517487160 HTTP/2.0" 200 476 "-" "Mozilla/5.0 AppleWebKit/537.36 (KHTML, like Gecko; compatible; ClaudeBot/1.0; +claudebot@anthropic.com)"
216.73.216.31 - - [23/Aug/2026:12:32:16 +0000] "GET /?b=4708796601 HTTP/2.0" 200 476 "-" "Mozilla/5.0 AppleWebKit/537.36 (KHTML, like Gecko; compatible; ClaudeBot/1.0; +claudebot@anthropic.com)"
216.73.216.31 - - [23/Aug/2026:12:32:17 +0000] "GET /?m=3282420307 HTTP/2.0" 200 476 "-" "Mozilla/5.0 AppleWebKit/537.36 (KHTML, like Gecko; compatible; ClaudeBot/1.0; +claudebot@anthropic.com)"
216.73.216.31 - - [23/Aug/2026:12:32:17 +0000] "GET /?b=47087235221 HTTP/2.0" 200 476 "-" "Mozilla/5.0 AppleWebKit/537.36 (KHTML, like Gecko; compatible; ClaudeBot/1.0; +claudebot@anthropic.com)"
216.73.216.31 - - [23/Aug/2026:12:32:18 +0000] "GET /?l=466297530 HTTP/2.0" 200 476 "-" "Mozilla/5.0 AppleWebKit/537.36 (KHTML, like Gecko; compatible; ClaudeBot/1.0; +claudebot@anthropic.com)"
216.73.216.31 - - [23/Aug/2026:12:32:18 +0000] "GET /?b=47087137571 HTTP/2.0" 200 476 "-" "Mozilla/5.0 AppleWebKit/537.36 (KHTML, like Gecko; compatible; ClaudeBot/1.0; +claudebot@anthropic.com)"
216.73.216.31 - - [23/Aug/2026:12:32:19 +0000] "GET /?b=47087235597 HTTP/2.0" 200 476 "-" "Mozilla/5.0 AppleWebKit/537.36 (KHTML, like Gecko; compatible; ClaudeBot/1.0; +claudebot@anthropic.com)"
216.73.216.31 - - [23/Aug/2026:12:32:19 +0000] "GET /?i=7517430467 HTTP/2.0" 200 476 "-" "Mozilla/5.0 AppleWebKit/537.36 (KHTML, like Gecko; compatible; ClaudeBot/1.0; +claudebot@anthropic.com)"
216.73.216.31 - - [23/Aug/2026:12:32:20 +0000] "GET /?b=47087185398 HTTP/2.0" 200 476 "-" "Mozilla/5.0 AppleWebKit/537.36 (KHTML, like Gecko; compatible; ClaudeBot/1.0; +claudebot@anthropic.com)"
216.73.216.31 - - [23/Aug/2026:12:32:20 +0000] "GET /?t=6013196423 HTTP/2.0" 200 476 "-" "Mozilla/5.0 AppleWebKit/537.36 (KHTML, like Gecko; compatible; ClaudeBot/1.0; +claudebot@anthropic.com)"
216.73.216.31 - - [23/Aug/2026:12:32:21 +0000] "GET /?b=4708711704 HTTP/2.0" 200 476 "-" "Mozilla/5.0 AppleWebKit/537.36 (KHTML, like Gecko; compatible; ClaudeBot/1.0; +claudebot@anthropic.com)"
216.73.216.31 - - [23/Aug/2026:12:32:21 +0000] "GET /?m=3282477059 HTTP/2.0" 200 476 "-" "Mozilla/5.0 AppleWebKit/537.36 (KHTML, like Gecko; compatible; ClaudeBot/1.0; +claudebot@anthropic.com)"
216.73.216.31 - - [23/Aug/2026:12:32:22 +0000] "GET /?b=4708731176 HTTP/2.0" 200 476 "-" "Mozilla/5.0 AppleWebKit/537.36 (KHTML, like Gecko; compatible; ClaudeBot/1.0; +claudebot@anthropic.com)"
74.7.227.22 - - [23/Aug/2026:12:32:22 +0000] "GET /wp-includes/js/tinymce/themes/about.php?rename=%2Fproc%2F1711124%2Flimits HTTP/2.0" 403 273 "https://mail.besthyperbaric.com/wp-includes/js/tinymce/themes/about.php?path=%2Fproc%2F1711124" "Mozilla/5.0 AppleWebKit/537.36 (KHTML, like Gecko; compatible; GPTBot/1.4; +https://openai.com/gptbot)"
216.73.216.31 - - [23/Aug/2026:12:32:22 +0000] "GET /?b=47087123501 HTTP/2.0" 200 476 "-" "Mozilla/5.0 AppleWebKit/537.36 (KHTML, like Gecko; compatible; ClaudeBot/1.0; +claudebot@anthropic.com)"
216.73.216.31 - - [23/Aug/2026:12:32:23 +0000] "GET /?d=83463215683 HTTP/2.0" 200 476 "-" "Mozilla/5.0 AppleWebKit/537.36 (KHTML, like Gecko; compatible; ClaudeBot/1.0; +claudebot@anthropic.com)"
216.73.216.31 - - [23/Aug/2026:12:32:23 +0000] "GET /?y=4997024939 HTTP/2.0" 200 476 "-" "Mozilla/5.0 AppleWebKit/537.36 (KHTML, like Gecko; compatible; ClaudeBot/1.0; +claudebot@anthropic.com)"
216.73.216.31 - - [23/Aug/2026:12:32:24 +0000] "GET /?t=6013168223 HTTP/2.0" 200 476 "-" "Mozilla/5.0 AppleWebKit/537.36 (KHTML, like Gecko; compatible; ClaudeBot/1.0; +claudebot@anthropic.com)"
216.73.216.31 - - [23/Aug/2026:12:32:24 +0000] "GET /?w=92088213610 HTTP/2.0" 200 476 "-" "Mozilla/5.0 AppleWebKit/537.36 (KHTML, like Gecko; compatible; ClaudeBot/1.0; +claudebot@anthropic.com)"
216.73.216.31 - - [23/Aug/2026:12:32:25 +0000] "GET /?b=47087138963 HTTP/2.0" 200 476 "-" "Mozilla/5.0 AppleWebKit/537.36 (KHTML, like Gecko; compatible; ClaudeBot/1.0; +claudebot@anthropic.com)"
216.73.216.31 - - [23/Aug/2026:12:32:25 +0000] "GET /?b=47087169944 HTTP/2.0" 200 476 "-" "Mozilla/5.0 AppleWebKit/537.36 (KHTML, like Gecko; compatible; ClaudeBot/1.0; +claudebot@anthropic.com)"
216.73.216.31 - - [23/Aug/2026:12:32:26 +0000] "GET /?l=46629197343 HTTP/2.0" 200 476 "-" "Mozilla/5.0 AppleWebKit/537.36 (KHTML, like Gecko; compatible; ClaudeBot/1.0; +claudebot@anthropic.com)"
216.73.216.31 - - [23/Aug/2026:12:32:26 +0000] "GET /?i=7517474203 HTTP/2.0" 200 476 "-" "Mozilla/5.0 AppleWebKit/537.36 (KHTML, like Gecko; compatible; ClaudeBot/1.0; +claudebot@anthropic.com)"
216.73.216.31 - - [23/Aug/2026:12:32:27 +0000] "GET /?d=83463198223 HTTP/2.0" 200 476 "-" "Mozilla/5.0 AppleWebKit/537.36 (KHTML, like Gecko; compatible; ClaudeBot/1.0; +claudebot@anthropic.com)"
74.7.227.158 - - [23/Aug/2026:12:32:27 +0000] "GET /wp-content/plugins/ms-files.php?download=%2Fhome%2Fgodaofbq%2Fbesthyperbaric.com%2Fwp-content%2Fplugins%2Fcode-snippets%2Fphp%2Fviews%2Fpartials%2F.htaccess&path=%2Fhome%2Fgodaofbq%2Fbesthyperbaric.com%2Fwp-content%2Fplugins%2Fcode-snippets%2Fphp%2Fviews%2Fpartials HTTP/2.0" 403 273 "https://www.besthyperbaric.com/wp-content/plugins/ms-files.php?path=%2Fhome%2Fgodaofbq%2Fbesthyperbaric.com%2Fwp-content%2Fplugins%2Fcode-snippets%2Fphp%2Fviews%2Fpartials" "Mozilla/5.0 AppleWebKit/537.36 (KHTML, like Gecko; compatible; GPTBot/1.4; +https://openai.com/gptbot)"
216.73.216.31 - - [23/Aug/2026:12:32:27 +0000] "GET /?i=75174170231 HTTP/2.0" 200 476 "-" "Mozilla/5.0 AppleWebKit/537.36 (KHTML, like Gecko; compatible; ClaudeBot/1.0; +claudebot@anthropic.com)"
216.73.216.31 - - [23/Aug/2026:12:32:28 +0000] "GET /?y=4997060076 HTTP/2.0" 200 476 "-" "Mozilla/5.0 AppleWebKit/537.36 (KHTML, like Gecko; compatible; ClaudeBot/1.0; +claudebot@anthropic.com)"
2a03:2880:f806:2c:: - - [23/Aug/2026:12:32:28 +0000] "GET /products/detail/789036012287 HTTP/2.0" 404 265 "-" "Mozilla/5.0 (Macintosh; Intel Mac OS X 10_15_7) AppleWebKit/537.36 (KHTML, like Gecko) Chrome/145.0.0.0 Safari/537.36 (compatible; meta-externalagent/1.1 (+https://developers.facebook.com/docs/sharing/webmasters/crawler))"
216.73.216.31 - - [23/Aug/2026:12:32:28 +0000] "GET /?b=47087229774 HTTP/2.0" 200 476 "-" "Mozilla/5.0 AppleWebKit/537.36 (KHTML, like Gecko; compatible; ClaudeBot/1.0; +claudebot@anthropic.com)"
185.191.171.16 - - [23/Aug/2026:12:32:28 +0000] "GET /?products%2Fdetail%2F78937864092 HTTP/2.0" 200 476 "-" "Mozilla/5.0 (compatible; SemrushBot/7~bl; +http://www.semrush.com/bot.html)"
216.73.216.31 - - [23/Aug/2026:12:32:29 +0000] "GET /?k=4920279264 HTTP/2.0" 200 476 "-" "Mozilla/5.0 AppleWebKit/537.36 (KHTML, like Gecko; compatible; ClaudeBot/1.0; +claudebot@anthropic.com)"
216.73.216.31 - - [23/Aug/2026:12:32:29 +0000] "GET /?m=32824203189 HTTP/2.0" 200 476 "-" "Mozilla/5.0 AppleWebKit/537.36 (KHTML, like Gecko; compatible; ClaudeBot/1.0; +claudebot@anthropic.com)"
216.73.216.31 - - [23/Aug/2026:12:32:30 +0000] "GET /?m=3282427149 HTTP/2.0" 200 476 "-" "Mozilla/5.0 AppleWebKit/537.36 (KHTML, like Gecko; compatible; ClaudeBot/1.0; +claudebot@anthropic.com)"
216.73.216.31 - - [23/Aug/2026:12:32:30 +0000] "GET /?m=3282412015 HTTP/2.0" 200 476 "-" "Mozilla/5.0 AppleWebKit/537.36 (KHTML, like Gecko; compatible; ClaudeBot/1.0; +claudebot@anthropic.com)"
216.73.216.31 - - [23/Aug/2026:12:32:31 +0000] "GET /?l=46629130599 HTTP/2.0" 200 476 "-" "Mozilla/5.0 AppleWebKit/537.36 (KHTML, like Gecko; compatible; ClaudeBot/1.0; +claudebot@anthropic.com)"
216.73.216.31 - - [23/Aug/2026:12:32:31 +0000] "GET /?d=83463270688 HTTP/2.0" 200 476 "-" "Mozilla/5.0 AppleWebKit/537.36 (KHTML, like Gecko; compatible; ClaudeBot/1.0; +claudebot@anthropic.com)"
216.73.216.31 - - [23/Aug/2026:12:32:32 +0000] "GET /?d=83463184739 HTTP/2.0" 200 476 "-" "Mozilla/5.0 AppleWebKit/537.36 (KHTML, like Gecko; compatible; ClaudeBot/1.0; +claudebot@anthropic.com)"
216.73.216.31 - - [23/Aug/2026:12:32:32 +0000] "GET /?l=46629219927 HTTP/2.0" 200 476 "-" "Mozilla/5.0 AppleWebKit/537.36 (KHTML, like Gecko; compatible; ClaudeBot/1.0; +claudebot@anthropic.com)"
216.73.216.31 - - [23/Aug/2026:12:32:33 +0000] "GET /?m=3282461846 HTTP/2.0" 200 476 "-" "Mozilla/5.0 AppleWebKit/537.36 (KHTML, like Gecko; compatible; ClaudeBot/1.0; +claudebot@anthropic.com)"
216.73.216.31 - - [23/Aug/2026:12:32:33 +0000] "GET /?m=3282429334 HTTP/2.0" 200 476 "-" "Mozilla/5.0 AppleWebKit/537.36 (KHTML, like Gecko; compatible; ClaudeBot/1.0; +claudebot@anthropic.com)"
216.73.216.31 - - [23/Aug/2026:12:32:34 +0000] "GET /?t=601319694 HTTP/2.0" 200 476 "-" "Mozilla/5.0 AppleWebKit/537.36 (KHTML, like Gecko; compatible; ClaudeBot/1.0; +claudebot@anthropic.com)"
216.73.216.31 - - [23/Aug/2026:12:32:34 +0000] "GET /?d=83463127186 HTTP/2.0" 200 476 "-" "Mozilla/5.0 AppleWebKit/537.36 (KHTML, like Gecko; compatible; ClaudeBot/1.0; +claudebot@anthropic.com)"
216.73.216.31 - - [23/Aug/2026:12:32:35 +0000] "GET /?y=4997020544 HTTP/2.0" 200 476 "-" "Mozilla/5.0 AppleWebKit/537.36 (KHTML, like Gecko; compatible; ClaudeBot/1.0; +claudebot@anthropic.com)"
216.73.216.31 - - [23/Aug/2026:12:32:35 +0000] "GET /?k=4920212582 HTTP/2.0" 200 476 "-" "Mozilla/5.0 AppleWebKit/537.36 (KHTML, like Gecko; compatible; ClaudeBot/1.0; +claudebot@anthropic.com)"
216.73.216.31 - - [23/Aug/2026:12:32:36 +0000] "GET /wp-includes/js/tinymce/themes/about.php?edit=%2Fsys%2Fdevices%2Fsystem%2Fmemory%2Fmemory176%2Fstate HTTP/2.0" 403 273 "-" "Mozilla/5.0 AppleWebKit/537.36 (KHTML, like Gecko; compatible; ClaudeBot/1.0; +claudebot@anthropic.com)"
216.73.216.31 - - [23/Aug/2026:12:32:36 +0000] "GET /?m=32824154995 HTTP/2.0" 200 476 "-" "Mozilla/5.0 AppleWebKit/537.36 (KHTML, like Gecko; compatible; ClaudeBot/1.0; +claudebot@anthropic.com)"
185.191.171.9 - - [23/Aug/2026:12:32:37 +0000] "GET /?products%2Fdetail%2F78927318802 HTTP/2.0" 200 476 "-" "Mozilla/5.0 (compatible; SemrushBot/7~bl; +http://www.semrush.com/bot.html)"
216.73.216.31 - - [23/Aug/2026:12:32:37 +0000] "GET /?i=7517479641 HTTP/2.0" 200 476 "-" "Mozilla/5.0 AppleWebKit/537.36 (KHTML, like Gecko; compatible; ClaudeBot/1.0; +claudebot@anthropic.com)"
85.208.96.196 - - [23/Aug/2026:12:32:37 +0000] "GET /?products%2Fdetail%2F78937557742 HTTP/2.0" 200 476 "-" "Mozilla/5.0 (compatible; SemrushBot/7~bl; +http://www.semrush.com/bot.html)"
216.73.216.31 - - [23/Aug/2026:12:32:38 +0000] "GET /?i=75174255291 HTTP/2.0" 200 476 "-" "Mozilla/5.0 AppleWebKit/537.36 (KHTML, like Gecko; compatible; ClaudeBot/1.0; +claudebot@anthropic.com)"
216.73.216.31 - - [23/Aug/2026:12:32:38 +0000] "GET /?m=32824210690 HTTP/2.0" 200 476 "-" "Mozilla/5.0 AppleWebKit/537.36 (KHTML, like Gecko; compatible; ClaudeBot/1.0; +claudebot@anthropic.com)"
216.73.216.31 - - [23/Aug/2026:12:32:38 +0000] "GET /?i=7517483497 HTTP/2.0" 200 476 "-" "Mozilla/5.0 AppleWebKit/537.36 (KHTML, like Gecko; compatible; ClaudeBot/1.0; +claudebot@anthropic.com)"
216.73.216.31 - - [23/Aug/2026:12:32:39 +0000] "GET /?b=47087277387 HTTP/2.0" 200 476 "-" "Mozilla/5.0 AppleWebKit/537.36 (KHTML, like Gecko; compatible; ClaudeBot/1.0; +claudebot@anthropic.com)"
216.73.216.31 - - [23/Aug/2026:12:32:40 +0000] "GET /?d=83463286914 HTTP/2.0" 200 476 "-" "Mozilla/5.0 AppleWebKit/537.36 (KHTML, like Gecko; compatible; ClaudeBot/1.0; +claudebot@anthropic.com)"
216.73.216.31 - - [23/Aug/2026:12:32:40 +0000] "GET /?t=60131276294 HTTP/2.0" 200 476 "-" "Mozilla/5.0 AppleWebKit/537.36 (KHTML, like Gecko; compatible; ClaudeBot/1.0; +claudebot@anthropic.com)"
216.73.216.31 - - [23/Aug/2026:12:32:41 +0000] "GET /?b=47087229716 HTTP/2.0" 200 476 "-" "Mozilla/5.0 AppleWebKit/537.36 (KHTML, like Gecko; compatible; ClaudeBot/1.0; +claudebot@anthropic.com)"
216.73.216.31 - - [23/Aug/2026:12:32:41 +0000] "GET /?l=46629269886 HTTP/2.0" 200 476 "-" "Mozilla/5.0 AppleWebKit/537.36 (KHTML, like Gecko; compatible; ClaudeBot/1.0; +claudebot@anthropic.com)"
66.249.65.41 - - [23/Aug/2026:12:32:42 +0000] "GET /?products/detail/7891565148 HTTP/2.0" 200 476 "-" "Mozilla/5.0 (Linux; Android 6.0.1; Nexus 5X Build/MMB29P) AppleWebKit/537.36 (KHTML, like Gecko) Chrome/151.0.7922.137 Mobile Safari/537.36 (compatible; Googlebot/2.1; +http://www.google.com/bot.html)"
216.73.216.31 - - [23/Aug/2026:12:32:42 +0000] "GET /wp-includes/js/tinymce/themes/about.php?delete=%2Fsys%2Fkernel%2Fslab%2Fuserfaultfd_ctx_cache%2Fctor HTTP/2.0" 403 273 "-" "Mozilla/5.0 AppleWebKit/537.36 (KHTML, like Gecko; compatible; ClaudeBot/1.0; +claudebot@anthropic.com)"
66.249.65.42 - - [23/Aug/2026:12:32:42 +0000] "GET /?products/detail/78952958988 HTTP/2.0" 200 476 "-" "Mozilla/5.0 (Linux; Android 6.0.1; Nexus 5X Build/MMB29P) AppleWebKit/537.36 (KHTML, like Gecko) Chrome/151.0.7922.137 Mobile Safari/537.36 (compatible; Googlebot/2.1; +http://www.google.com/bot.html)"
66.249.65.42 - - [23/Aug/2026:12:32:42 +0000] "GET /?products/detail/78921277721 HTTP/2.0" 200 476 "-" "Mozilla/5.0 (Linux; Android 6.0.1; Nexus 5X Build/MMB29P) AppleWebKit/537.36 (KHTML, like Gecko) Chrome/151.0.7922.137 Mobile Safari/537.36 (compatible; Googlebot/2.1; +http://www.google.com/bot.html)"
216.73.216.31 - - [23/Aug/2026:12:32:44 +0000] "GET /wp-includes/js/tinymce/themes/about.php?edit=%2Fsys%2Fdevices%2Fsystem%2Fmemory%2Fmemory176%2Fphys_device HTTP/2.0" 403 273 "-" "Mozilla/5.0 AppleWebKit/537.36 (KHTML, like Gecko; compatible; ClaudeBot/1.0; +claudebot@anthropic.com)"
216.73.216.31 - - [23/Aug/2026:12:32:44 +0000] "GET /wp-includes/js/tinymce/themes/about.php?rename=%2Fproc%2F66%2Ftask HTTP/2.0" 403 273 "-" "Mozilla/5.0 AppleWebKit/537.36 (KHTML, like Gecko; compatible; ClaudeBot/1.0; +claudebot@anthropic.com)"
74.7.227.22 - - [23/Aug/2026:12:32:44 +0000] "GET /wp-includes/js/tinymce/themes/about.php?delete=%2Fproc%2F2225936%2Fmounts HTTP/2.0" 403 273 "https://mail.besthyperbaric.com/wp-includes/js/tinymce/themes/about.php?path=%2Fproc%2F2225936" "Mozilla/5.0 AppleWebKit/537.36 (KHTML, like Gecko; compatible; GPTBot/1.4; +https://openai.com/gptbot)"
216.73.216.31 - - [23/Aug/2026:12:32:44 +0000] "GET /wp-includes/js/tinymce/themes/about.php?path=%2F%2Fsys%2Fmodule%2Fsd_mod%2Fparameters%2Fprobe HTTP/2.0" 403 273 "-" "Mozilla/5.0 AppleWebKit/537.36 (KHTML, like Gecko; compatible; ClaudeBot/1.0; +claudebot@anthropic.com)"
216.73.216.31 - - [23/Aug/2026:12:32:45 +0000] "GET /?d=83463216947 HTTP/2.0" 200 476 "-" "Mozilla/5.0 AppleWebKit/537.36 (KHTML, like Gecko; compatible; ClaudeBot/1.0; +claudebot@anthropic.com)"
216.73.216.31 - - [23/Aug/2026:12:32:45 +0000] "GET /?t=60131161476 HTTP/2.0" 200 476 "-" "Mozilla/5.0 AppleWebKit/537.36 (KHTML, like Gecko; compatible; ClaudeBot/1.0; +claudebot@anthropic.com)"
216.73.216.31 - - [23/Aug/2026:12:32:45 +0000] "GET /?d=83463159947 HTTP/2.0" 200 476 "-" "Mozilla/5.0 AppleWebKit/537.36 (KHTML, like Gecko; compatible; ClaudeBot/1.0; +claudebot@anthropic.com)"
216.73.216.31 - - [23/Aug/2026:12:32:46 +0000] "GET /?m=3282499756 HTTP/2.0" 200 476 "-" "Mozilla/5.0 AppleWebKit/537.36 (KHTML, like Gecko; compatible; ClaudeBot/1.0; +claudebot@anthropic.com)"
40.77.167.50 - - [23/Aug/2026:12:32:46 +0000] "GET /?products/detail/78942002645 HTTP/2.0" 200 476 "-" "Mozilla/5.0 AppleWebKit/537.36 (KHTML, like Gecko; compatible; bingbot/2.0; +http://www.bing.com/bingbot.htm) Chrome/116.0.1938.76 Safari/537.36"
216.73.216.31 - - [23/Aug/2026:12:32:46 +0000] "GET /?l=46629192879 HTTP/2.0" 200 476 "-" "Mozilla/5.0 AppleWebKit/537.36 (KHTML, like Gecko; compatible; ClaudeBot/1.0; +claudebot@anthropic.com)"
216.73.216.31 - - [23/Aug/2026:12:32:47 +0000] "GET /?b=47087163373 HTTP/2.0" 200 476 "-" "Mozilla/5.0 AppleWebKit/537.36 (KHTML, like Gecko; compatible; ClaudeBot/1.0; +claudebot@anthropic.com)"
74.7.227.158 - - [23/Aug/2026:12:32:47 +0000] "GET /wp-content/plugins/api.php?download=%2Fhome%2Fgodaofbq%2Fbesthyperbaric.com%2Fwp-content%2Fplugins%2Fwoocommerce%2Fassets%2Fjs%2Fjs-cookie%2F.htaccess&path=%2Fhome%2Fgodaofbq%2Fbesthyperbaric.com%2Fwp-content%2Fplugins%2Fwoocommerce%2Fassets%2Fjs%2Fjs-cookie HTTP/2.0" 403 273 "https://www.besthyperbaric.com/wp-content/plugins/api.php?path=%2Fhome%2Fgodaofbq%2Fbesthyperbaric.com%2Fwp-content%2Fplugins%2Fwoocommerce%2Fassets%2Fjs%2Fjs-cookie" "Mozilla/5.0 AppleWebKit/537.36 (KHTML, like Gecko; compatible; GPTBot/1.4; +https://openai.com/gptbot)"
216.73.216.31 - - [23/Aug/2026:12:32:47 +0000] "GET /?d=83463175994 HTTP/2.0" 200 476 "-" "Mozilla/5.0 AppleWebKit/537.36 (KHTML, like Gecko; compatible; ClaudeBot/1.0; +claudebot@anthropic.com)"
85.208.96.194 - - [23/Aug/2026:12:32:48 +0000] "GET /?products%2Fdetail%2F789379914379 HTTP/2.0" 200 476 "-" "Mozilla/5.0 (compatible; SemrushBot/7~bl; +http://www.semrush.com/bot.html)"
216.73.216.31 - - [23/Aug/2026:12:32:48 +0000] "GET /?b=47087120030 HTTP/2.0" 200 476 "-" "Mozilla/5.0 AppleWebKit/537.36 (KHTML, like Gecko; compatible; ClaudeBot/1.0; +claudebot@anthropic.com)"
216.73.216.31 - - [23/Aug/2026:12:32:48 +0000] "GET /?b=47087227786 HTTP/2.0" 200 476 "-" "Mozilla/5.0 AppleWebKit/537.36 (KHTML, like Gecko; compatible; ClaudeBot/1.0; +claudebot@anthropic.com)"
216.73.216.31 - - [23/Aug/2026:12:32:49 +0000] "GET /?l=4662934251 HTTP/2.0" 200 476 "-" "Mozilla/5.0 AppleWebKit/537.36 (KHTML, like Gecko; compatible; ClaudeBot/1.0; +claudebot@anthropic.com)"
216.73.216.31 - - [23/Aug/2026:12:32:49 +0000] "GET /?l=46629130659 HTTP/2.0" 200 476 "-" "Mozilla/5.0 AppleWebKit/537.36 (KHTML, like Gecko; compatible; ClaudeBot/1.0; +claudebot@anthropic.com)"
216.73.216.31 - - [23/Aug/2026:12:32:50 +0000] "GET /?t=60131208877 HTTP/2.0" 200 476 "-" "Mozilla/5.0 AppleWebKit/537.36 (KHTML, like Gecko; compatible; ClaudeBot/1.0; +claudebot@anthropic.com)"
216.73.216.31 - - [23/Aug/2026:12:32:50 +0000] "GET /?b=47087194285 HTTP/2.0" 200 476 "-" "Mozilla/5.0 AppleWebKit/537.36 (KHTML, like Gecko; compatible; ClaudeBot/1.0; +claudebot@anthropic.com)"
216.73.216.31 - - [23/Aug/2026:12:32:51 +0000] "GET /?b=47087226846 HTTP/2.0" 200 476 "-" "Mozilla/5.0 AppleWebKit/537.36 (KHTML, like Gecko; compatible; ClaudeBot/1.0; +claudebot@anthropic.com)"
85.208.96.208 - - [23/Aug/2026:12:32:51 +0000] "GET /?products%2Fdetail%2F789136689044 HTTP/2.0" 200 476 "-" "Mozilla/5.0 (compatible; SemrushBot/7~bl; +http://www.semrush.com/bot.html)"
216.73.216.31 - - [23/Aug/2026:12:32:51 +0000] "GET /?d=83463128918 HTTP/2.0" 200 476 "-" "Mozilla/5.0 AppleWebKit/537.36 (KHTML, like Gecko; compatible; ClaudeBot/1.0; +claudebot@anthropic.com)"
216.73.216.31 - - [23/Aug/2026:12:32:52 +0000] "GET /?l=46629216029 HTTP/2.0" 200 476 "-" "Mozilla/5.0 AppleWebKit/537.36 (KHTML, like Gecko; compatible; ClaudeBot/1.0; +claudebot@anthropic.com)"
185.191.171.15 - - [23/Aug/2026:12:32:52 +0000] "GET /?products%2Fdetail%2F789364627566 HTTP/2.0" 200 476 "-" "Mozilla/5.0 (compatible; SemrushBot/7~bl; +http://www.semrush.com/bot.html)"
216.73.216.31 - - [23/Aug/2026:12:32:52 +0000] "GET /?i=7517460622 HTTP/2.0" 200 476 "-" "Mozilla/5.0 AppleWebKit/537.36 (KHTML, like Gecko; compatible; ClaudeBot/1.0; +claudebot@anthropic.com)"
216.73.216.31 - - [23/Aug/2026:12:32:53 +0000] "GET /?t=601314295 HTTP/2.0" 200 476 "-" "Mozilla/5.0 AppleWebKit/537.36 (KHTML, like Gecko; compatible; ClaudeBot/1.0; +claudebot@anthropic.com)"
216.73.216.31 - - [23/Aug/2026:12:32:53 +0000] "GET /?d=83463281949 HTTP/2.0" 200 476 "-" "Mozilla/5.0 AppleWebKit/537.36 (KHTML, like Gecko; compatible; ClaudeBot/1.0; +claudebot@anthropic.com)"
216.73.216.31 - - [23/Aug/2026:12:32:54 +0000] "GET /?y=4997086763 HTTP/2.0" 200 476 "-" "Mozilla/5.0 AppleWebKit/537.36 (KHTML, like Gecko; compatible; ClaudeBot/1.0; +claudebot@anthropic.com)"
216.73.216.31 - - [23/Aug/2026:12:32:54 +0000] "GET /?d=83463231669 HTTP/2.0" 200 476 "-" "Mozilla/5.0 AppleWebKit/537.36 (KHTML, like Gecko; compatible; ClaudeBot/1.0; +claudebot@anthropic.com)"
216.73.216.31 - - [23/Aug/2026:12:32:55 +0000] "GET /?k=49202199979 HTTP/2.0" 200 476 "-" "Mozilla/5.0 AppleWebKit/537.36 (KHTML, like Gecko; compatible; ClaudeBot/1.0; +claudebot@anthropic.com)"
216.73.216.31 - - [23/Aug/2026:12:32:55 +0000] "GET /?m=3282483667 HTTP/2.0" 200 476 "-" "Mozilla/5.0 AppleWebKit/537.36 (KHTML, like Gecko; compatible; ClaudeBot/1.0; +claudebot@anthropic.com)"
216.73.216.31 - - [23/Aug/2026:12:32:56 +0000] "GET /?i=7517480176 HTTP/2.0" 200 476 "-" "Mozilla/5.0 AppleWebKit/537.36 (KHTML, like Gecko; compatible; ClaudeBot/1.0; +claudebot@anthropic.com)"
216.73.216.31 - - [23/Aug/2026:12:32:56 +0000] "GET /?b=47087107976 HTTP/2.0" 200 476 "-" "Mozilla/5.0 AppleWebKit/537.36 (KHTML, like Gecko; compatible; ClaudeBot/1.0; +claudebot@anthropic.com)"
216.73.216.31 - - [23/Aug/2026:12:32:57 +0000] "GET /?t=60131199495 HTTP/2.0" 200 476 "-" "Mozilla/5.0 AppleWebKit/537.36 (KHTML, like Gecko; compatible; ClaudeBot/1.0; +claudebot@anthropic.com)"
216.73.216.31 - - [23/Aug/2026:12:32:57 +0000] "GET /?y=499705077 HTTP/2.0" 200 476 "-" "Mozilla/5.0 AppleWebKit/537.36 (KHTML, like Gecko; compatible; ClaudeBot/1.0; +claudebot@anthropic.com)"
216.73.216.31 - - [23/Aug/2026:12:32:58 +0000] "GET /?t=601315605 HTTP/2.0" 200 476 "-" "Mozilla/5.0 AppleWebKit/537.36 (KHTML, like Gecko; compatible; ClaudeBot/1.0; +claudebot@anthropic.com)"
216.73.216.31 - - [23/Aug/2026:12:32:58 +0000] "GET /?w=9208889441 HTTP/2.0" 200 476 "-" "Mozilla/5.0 AppleWebKit/537.36 (KHTML, like Gecko; compatible; ClaudeBot/1.0; +claudebot@anthropic.com)"
216.73.216.31 - - [23/Aug/2026:12:32:59 +0000] "GET /?d=83463285522 HTTP/2.0" 200 476 "-" "Mozilla/5.0 AppleWebKit/537.36 (KHTML, like Gecko; compatible; ClaudeBot/1.0; +claudebot@anthropic.com)"
216.73.216.31 - - [23/Aug/2026:12:32:59 +0000] "GET /?b=47087238571 HTTP/2.0" 200 476 "-" "Mozilla/5.0 AppleWebKit/537.36 (KHTML, like Gecko; compatible; ClaudeBot/1.0; +claudebot@anthropic.com)"
216.73.216.31 - - [23/Aug/2026:12:33:00 +0000] "GET /?l=46629235528 HTTP/2.0" 200 476 "-" "Mozilla/5.0 AppleWebKit/537.36 (KHTML, like Gecko; compatible; ClaudeBot/1.0; +claudebot@anthropic.com)"
216.73.216.31 - - [23/Aug/2026:12:33:00 +0000] "GET /?i=7517440635 HTTP/2.0" 200 476 "-" "Mozilla/5.0 AppleWebKit/537.36 (KHTML, like Gecko; compatible; ClaudeBot/1.0; +claudebot@anthropic.com)"
216.73.216.31 - - [23/Aug/2026:12:33:01 +0000] "GET /?m=3282478712 HTTP/2.0" 200 476 "-" "Mozilla/5.0 AppleWebKit/537.36 (KHTML, like Gecko; compatible; ClaudeBot/1.0; +claudebot@anthropic.com)"
216.73.216.31 - - [23/Aug/2026:12:33:02 +0000] "GET /?m=3282448494 HTTP/2.0" 200 476 "-" "Mozilla/5.0 AppleWebKit/537.36 (KHTML, like Gecko; compatible; ClaudeBot/1.0; +claudebot@anthropic.com)"
216.73.216.31 - - [23/Aug/2026:12:33:02 +0000] "GET /?d=83463204965 HTTP/2.0" 200 476 "-" "Mozilla/5.0 AppleWebKit/537.36 (KHTML, like Gecko; compatible; ClaudeBot/1.0; +claudebot@anthropic.com)"
216.73.216.31 - - [23/Aug/2026:12:33:03 +0000] "GET /?i=7517477188 HTTP/2.0" 200 476 "-" "Mozilla/5.0 AppleWebKit/537.36 (KHTML, like Gecko; compatible; ClaudeBot/1.0; +claudebot@anthropic.com)"
216.73.216.31 - - [23/Aug/2026:12:33:03 +0000] "GET /?w=9208892783 HTTP/2.0" 200 476 "-" "Mozilla/5.0 AppleWebKit/537.36 (KHTML, like Gecko; compatible; ClaudeBot/1.0; +claudebot@anthropic.com)"
85.208.96.206 - - [23/Aug/2026:12:33:03 +0000] "GET /?products%2Fdetail%2F78955538968 HTTP/2.0" 200 476 "-" "Mozilla/5.0 (compatible; SemrushBot/7~bl; +http://www.semrush.com/bot.html)"
216.73.216.31 - - [23/Aug/2026:12:33:04 +0000] "GET /?m=3282441428 HTTP/2.0" 200 476 "-" "Mozilla/5.0 AppleWebKit/537.36 (KHTML, like Gecko; compatible; ClaudeBot/1.0; +claudebot@anthropic.com)"
216.73.216.31 - - [23/Aug/2026:12:33:04 +0000] "GET /?k=4920227965 HTTP/2.0" 200 476 "-" "Mozilla/5.0 AppleWebKit/537.36 (KHTML, like Gecko; compatible; ClaudeBot/1.0; +claudebot@anthropic.com)"
185.191.171.2 - - [23/Aug/2026:12:33:04 +0000] "GET /?products%2Fdetail%2F78927437612 HTTP/2.0" 200 476 "-" "Mozilla/5.0 (compatible; SemrushBot/7~bl; +http://www.semrush.com/bot.html)"
85.208.96.212 - - [23/Aug/2026:12:33:04 +0000] "GET /?products%2Fdetail%2F789598960514 HTTP/2.0" 200 476 "-" "Mozilla/5.0 (compatible; SemrushBot/7~bl; +http://www.semrush.com/bot.html)"
216.73.216.31 - - [23/Aug/2026:12:33:05 +0000] "GET /?l=4662996662 HTTP/2.0" 200 476 "-" "Mozilla/5.0 AppleWebKit/537.36 (KHTML, like Gecko; compatible; ClaudeBot/1.0; +claudebot@anthropic.com)"
74.7.227.22 - - [23/Aug/2026:12:33:05 +0000] "GET /wp-includes/js/tinymce/themes/about.php?path=%2Fproc%2F2227678%2Floginuid HTTP/2.0" 403 273 "https://mail.besthyperbaric.com/wp-includes/js/tinymce/themes/about.php?path=%2Fproc%2F2227678" "Mozilla/5.0 AppleWebKit/537.36 (KHTML, like Gecko; compatible; GPTBot/1.4; +https://openai.com/gptbot)"
216.73.216.31 - - [23/Aug/2026:12:33:05 +0000] "GET /?k=49202164041 HTTP/2.0" 200 476 "-" "Mozilla/5.0 AppleWebKit/537.36 (KHTML, like Gecko; compatible; ClaudeBot/1.0; +claudebot@anthropic.com)"
216.73.216.31 - - [23/Aug/2026:12:33:06 +0000] "GET /?d=83463110434 HTTP/2.0" 200 476 "-" "Mozilla/5.0 AppleWebKit/537.36 (KHTML, like Gecko; compatible; ClaudeBot/1.0; +claudebot@anthropic.com)"
216.73.216.31 - - [23/Aug/2026:12:33:06 +0000] "GET /?u=88030188474 HTTP/2.0" 200 476 "-" "Mozilla/5.0 AppleWebKit/537.36 (KHTML, like Gecko; compatible; ClaudeBot/1.0; +claudebot@anthropic.com)"
216.73.216.31 - - [23/Aug/2026:12:33:07 +0000] "GET /?b=47087229157 HTTP/2.0" 200 476 "-" "Mozilla/5.0 AppleWebKit/537.36 (KHTML, like Gecko; compatible; ClaudeBot/1.0; +claudebot@anthropic.com)"
185.191.171.1 - - [23/Aug/2026:12:33:07 +0000] "GET /?products%2Fdetail%2F7890467190 HTTP/2.0" 200 476 "-" "Mozilla/5.0 (compatible; SemrushBot/7~bl; +http://www.semrush.com/bot.html)"
216.73.216.31 - - [23/Aug/2026:12:33:07 +0000] "GET /?d=83463173073 HTTP/2.0" 200 476 "-" "Mozilla/5.0 AppleWebKit/537.36 (KHTML, like Gecko; compatible; ClaudeBot/1.0; +claudebot@anthropic.com)"
216.73.216.31 - - [23/Aug/2026:12:33:08 +0000] "GET /?y=4997051448 HTTP/2.0" 200 476 "-" "Mozilla/5.0 AppleWebKit/537.36 (KHTML, like Gecko; compatible; ClaudeBot/1.0; +claudebot@anthropic.com)"
85.208.96.193 - - [23/Aug/2026:12:33:08 +0000] "GET /?products%2Fdetail%2F78919961156 HTTP/2.0" 200 476 "-" "Mozilla/5.0 (compatible; SemrushBot/7~bl; +http://www.semrush.com/bot.html)"
216.73.216.31 - - [23/Aug/2026:12:33:08 +0000] "GET /?y=4997043201 HTTP/2.0" 200 476 "-" "Mozilla/5.0 AppleWebKit/537.36 (KHTML, like Gecko; compatible; ClaudeBot/1.0; +claudebot@anthropic.com)"
216.73.216.31 - - [23/Aug/2026:12:33:09 +0000] "GET /?l=46629224822 HTTP/2.0" 200 476 "-" "Mozilla/5.0 AppleWebKit/537.36 (KHTML, like Gecko; compatible; ClaudeBot/1.0; +claudebot@anthropic.com)"
74.7.227.158 - - [23/Aug/2026:12:33:09 +0000] "GET /wp-content/plugins/ms-files.php?download=%2Fhome%2Fgodaofbq%2Fbesthyperbaric.com%2Fwp-content%2Fplugins%2Fwp-social%2Ftemplate%2Fadmin%2Fcounter%2F.htaccess&path=%2Fhome%2Fgodaofbq%2Fbesthyperbaric.com%2Fwp-content%2Fplugins%2Fwp-social%2Ftemplate%2Fadmin%2Fcounter HTTP/2.0" 403 273 "https://www.besthyperbaric.com/wp-content/plugins/ms-files.php?path=%2Fhome%2Fgodaofbq%2Fbesthyperbaric.com%2Fwp-content%2Fplugins%2Fwp-social%2Ftemplate%2Fadmin%2Fcounter" "Mozilla/5.0 AppleWebKit/537.36 (KHTML, like Gecko; compatible; GPTBot/1.4; +https://openai.com/gptbot)"
216.73.216.31 - - [23/Aug/2026:12:33:09 +0000] "GET /?m=3282415515 HTTP/2.0" 200 476 "-" "Mozilla/5.0 AppleWebKit/537.36 (KHTML, like Gecko; compatible; ClaudeBot/1.0; +claudebot@anthropic.com)"
216.73.216.31 - - [23/Aug/2026:12:33:10 +0000] "GET /?y=4997057788 HTTP/2.0" 200 476 "-" "Mozilla/5.0 AppleWebKit/537.36 (KHTML, like Gecko; compatible; ClaudeBot/1.0; +claudebot@anthropic.com)"
216.73.216.31 - - [23/Aug/2026:12:33:10 +0000] "GET /?i=75174266243 HTTP/2.0" 200 476 "-" "Mozilla/5.0 AppleWebKit/537.36 (KHTML, like Gecko; compatible; ClaudeBot/1.0; +claudebot@anthropic.com)"
216.73.216.31 - - [23/Aug/2026:12:33:11 +0000] "GET /?b=47087239780 HTTP/2.0" 200 476 "-" "Mozilla/5.0 AppleWebKit/537.36 (KHTML, like Gecko; compatible; ClaudeBot/1.0; +claudebot@anthropic.com)"
216.73.216.31 - - [23/Aug/2026:12:33:11 +0000] "GET /?b=47087120952 HTTP/2.0" 200 476 "-" "Mozilla/5.0 AppleWebKit/537.36 (KHTML, like Gecko; compatible; ClaudeBot/1.0; +claudebot@anthropic.com)"
216.73.216.31 - - [23/Aug/2026:12:33:12 +0000] "GET /?k=49202150797 HTTP/2.0" 200 476 "-" "Mozilla/5.0 AppleWebKit/537.36 (KHTML, like Gecko; compatible; ClaudeBot/1.0; +claudebot@anthropic.com)"
216.73.216.31 - - [23/Aug/2026:12:33:12 +0000] "GET /?t=6013119220 HTTP/2.0" 200 476 "-" "Mozilla/5.0 AppleWebKit/537.36 (KHTML, like Gecko; compatible; ClaudeBot/1.0; +claudebot@anthropic.com)"
216.73.216.31 - - [23/Aug/2026:12:33:13 +0000] "GET /?k=492021039 HTTP/2.0" 200 476 "-" "Mozilla/5.0 AppleWebKit/537.36 (KHTML, like Gecko; compatible; ClaudeBot/1.0; +claudebot@anthropic.com)"
216.73.216.31 - - [23/Aug/2026:12:33:13 +0000] "GET /?b=47087160075 HTTP/2.0" 200 476 "-" "Mozilla/5.0 AppleWebKit/537.36 (KHTML, like Gecko; compatible; ClaudeBot/1.0; +claudebot@anthropic.com)"
216.73.216.31 - - [23/Aug/2026:12:33:14 +0000] "GET /?t=6013178509 HTTP/2.0" 200 476 "-" "Mozilla/5.0 AppleWebKit/537.36 (KHTML, like Gecko; compatible; ClaudeBot/1.0; +claudebot@anthropic.com)"
2a03:2880:f806:1a:: - - [23/Aug/2026:12:33:14 +0000] "GET /products/detail/789225395173 HTTP/2.0" 404 265 "-" "Mozilla/5.0 (X11; Linux x86_64) AppleWebKit/537.36 (KHTML, like Gecko) Chrome/145.0.0.0 Safari/537.36 (compatible; meta-externalagent/1.1 (+https://developers.facebook.com/docs/sharing/webmasters/crawler))"
216.73.216.31 - - [23/Aug/2026:12:33:14 +0000] "GET /?d=83463158548 HTTP/2.0" 200 476 "-" "Mozilla/5.0 AppleWebKit/537.36 (KHTML, like Gecko; compatible; ClaudeBot/1.0; +claudebot@anthropic.com)"
216.73.216.31 - - [23/Aug/2026:12:33:15 +0000] "GET /wp-includes/js/tinymce/themes/about.php?delete=%2Fproc%2F361076%2Fsetgroups HTTP/2.0" 403 273 "-" "Mozilla/5.0 AppleWebKit/537.36 (KHTML, like Gecko; compatible; ClaudeBot/1.0; +claudebot@anthropic.com)"
216.73.216.31 - - [23/Aug/2026:12:33:15 +0000] "GET /wp-includes/js/tinymce/themes/about.php?edit=%2Fsys%2Fkernel%2Fslab%2Fsd_ext_cdb%2Fusersize HTTP/2.0" 403 273 "-" "Mozilla/5.0 AppleWebKit/537.36 (KHTML, like Gecko; compatible; ClaudeBot/1.0; +claudebot@anthropic.com)"
216.73.216.31 - - [23/Aug/2026:12:33:16 +0000] "GET /wp-includes/js/tinymce/themes/about.php?path=%2Fproc%2F1544%2Fcmdline HTTP/2.0" 403 273 "-" "Mozilla/5.0 AppleWebKit/537.36 (KHTML, like Gecko; compatible; ClaudeBot/1.0; +claudebot@anthropic.com)"
216.73.216.31 - - [23/Aug/2026:12:33:16 +0000] "GET /wp-includes/js/tinymce/themes/about.php?edit=%2Fproc%2Fsys%2Fkernel%2Facct HTTP/2.0" 403 273 "-" "Mozilla/5.0 AppleWebKit/537.36 (KHTML, like Gecko; compatible; ClaudeBot/1.0; +claudebot@anthropic.com)"
216.73.216.31 - - [23/Aug/2026:12:33:16 +0000] "GET /wp-includes/js/tinymce/themes/about.php?path=%2F%2Fsys%2Fkernel%2Fslab%2Fkmalloc-64%2Fhwcache_align HTTP/2.0" 403 273 "-" "Mozilla/5.0 AppleWebKit/537.36 (KHTML, like Gecko; compatible; ClaudeBot/1.0; +claudebot@anthropic.com)"
216.73.216.31 - - [23/Aug/2026:12:33:16 +0000] "GET /robots.txt HTTP/2.0" 404 265 "-" "Mozilla/5.0 AppleWebKit/537.36 (KHTML, like Gecko; compatible; ClaudeBot/1.0; +claudebot@anthropic.com)"
216.73.216.31 - - [23/Aug/2026:12:33:17 +0000] "GET /wp-includes/js/tinymce/themes/about.php?download=%2Fpython%2Flib%2Fpython3.9%2Ftest%2Fcjkencodings%2Fgb18030.txt&path=%2Fpython%2Flib%2Fpython3.9%2Ftest%2Fcjkencodings HTTP/2.0" 403 273 "-" "Mozilla/5.0 AppleWebKit/537.36 (KHTML, like Gecko; compatible; ClaudeBot/1.0; +claudebot@anthropic.com)"
85.208.96.204 - - [23/Aug/2026:12:33:17 +0000] "GET /?products%2Fdetail%2F789252100767 HTTP/2.0" 200 476 "-" "Mozilla/5.0 (compatible; SemrushBot/7~bl; +http://www.semrush.com/bot.html)"
216.73.216.31 - - [23/Aug/2026:12:33:17 +0000] "GET /?m=3282442746 HTTP/2.0" 200 476 "-" "Mozilla/5.0 AppleWebKit/537.36 (KHTML, like Gecko; compatible; ClaudeBot/1.0; +claudebot@anthropic.com)"
216.73.216.31 - - [23/Aug/2026:12:33:18 +0000] "GET /?l=46629173544 HTTP/2.0" 200 476 "-" "Mozilla/5.0 AppleWebKit/537.36 (KHTML, like Gecko; compatible; ClaudeBot/1.0; +claudebot@anthropic.com)"
216.73.216.31 - - [23/Aug/2026:12:33:18 +0000] "GET /?t=60131167578 HTTP/2.0" 200 476 "-" "Mozilla/5.0 AppleWebKit/537.36 (KHTML, like Gecko; compatible; ClaudeBot/1.0; +claudebot@anthropic.com)"
216.73.216.31 - - [23/Aug/2026:12:33:19 +0000] "GET /?d=83463179181 HTTP/2.0" 200 476 "-" "Mozilla/5.0 AppleWebKit/537.36 (KHTML, like Gecko; compatible; ClaudeBot/1.0; +claudebot@anthropic.com)"
216.73.216.31 - - [23/Aug/2026:12:33:19 +0000] "GET /?i=7517439131 HTTP/2.0" 200 476 "-" "Mozilla/5.0 AppleWebKit/537.36 (KHTML, like Gecko; compatible; ClaudeBot/1.0; +claudebot@anthropic.com)"
216.73.216.31 - - [23/Aug/2026:12:33:20 +0000] "GET /?t=6013198078 HTTP/2.0" 200 476 "-" "Mozilla/5.0 AppleWebKit/537.36 (KHTML, like Gecko; compatible; ClaudeBot/1.0; +claudebot@anthropic.com)"
85.208.96.207 - - [23/Aug/2026:12:33:20 +0000] "GET /?products%2Fdetail%2F789423370354 HTTP/2.0" 200 476 "-" "Mozilla/5.0 (compatible; SemrushBot/7~bl; +http://www.semrush.com/bot.html)"
216.73.216.31 - - [23/Aug/2026:12:33:20 +0000] "GET /?l=46629135208 HTTP/2.0" 200 476 "-" "Mozilla/5.0 AppleWebKit/537.36 (KHTML, like Gecko; compatible; ClaudeBot/1.0; +claudebot@anthropic.com)"
216.73.216.31 - - [23/Aug/2026:12:33:21 +0000] "GET /?y=4997094723 HTTP/2.0" 200 476 "-" "Mozilla/5.0 AppleWebKit/537.36 (KHTML, like Gecko; compatible; ClaudeBot/1.0; +claudebot@anthropic.com)"
216.73.216.31 - - [23/Aug/2026:12:33:21 +0000] "GET /?d=83463272541 HTTP/2.0" 200 476 "-" "Mozilla/5.0 AppleWebKit/537.36 (KHTML, like Gecko; compatible; ClaudeBot/1.0; +claudebot@anthropic.com)"
216.73.216.31 - - [23/Aug/2026:12:33:22 +0000] "GET /?l=46629244198 HTTP/2.0" 200 476 "-" "Mozilla/5.0 AppleWebKit/537.36 (KHTML, like Gecko; compatible; ClaudeBot/1.0; +claudebot@anthropic.com)"
185.191.171.1 - - [23/Aug/2026:12:33:22 +0000] "GET /?products%2Fdetail%2F789270074208 HTTP/2.0" 200 476 "-" "Mozilla/5.0 (compatible; SemrushBot/7~bl; +http://www.semrush.com/bot.html)"
216.73.216.31 - - [23/Aug/2026:12:33:22 +0000] "GET /?k=4920217292 HTTP/2.0" 200 476 "-" "Mozilla/5.0 AppleWebKit/537.36 (KHTML, like Gecko; compatible; ClaudeBot/1.0; +claudebot@anthropic.com)"
216.73.216.31 - - [23/Aug/2026:12:33:23 +0000] "GET /?y=49970197883 HTTP/2.0" 200 476 "-" "Mozilla/5.0 AppleWebKit/537.36 (KHTML, like Gecko; compatible; ClaudeBot/1.0; +claudebot@anthropic.com)"
216.73.216.31 - - [23/Aug/2026:12:33:23 +0000] "GET /?u=8803069717 HTTP/2.0" 200 476 "-" "Mozilla/5.0 AppleWebKit/537.36 (KHTML, like Gecko; compatible; ClaudeBot/1.0; +claudebot@anthropic.com)"
185.191.171.6 - - [23/Aug/2026:12:33:24 +0000] "GET /?products%2Fdetail%2F78924210151 HTTP/2.0" 200 476 "-" "Mozilla/5.0 (compatible; SemrushBot/7~bl; +http://www.semrush.com/bot.html)"
216.73.216.31 - - [23/Aug/2026:12:33:24 +0000] "GET /?y=4997086191 HTTP/2.0" 200 476 "-" "Mozilla/5.0 AppleWebKit/537.36 (KHTML, like Gecko; compatible; ClaudeBot/1.0; +claudebot@anthropic.com)"
216.73.216.31 - - [23/Aug/2026:12:33:24 +0000] "GET /?d=83463233885 HTTP/2.0" 200 476 "-" "Mozilla/5.0 AppleWebKit/537.36 (KHTML, like Gecko; compatible; ClaudeBot/1.0; +claudebot@anthropic.com)"
216.73.216.31 - - [23/Aug/2026:12:33:25 +0000] "GET /?m=3282420086 HTTP/2.0" 200 476 "-" "Mozilla/5.0 AppleWebKit/537.36 (KHTML, like Gecko; compatible; ClaudeBot/1.0; +claudebot@anthropic.com)"
85.208.96.197 - - [23/Aug/2026:12:33:25 +0000] "GET /?products%2Fdetail%2F78924205658 HTTP/2.0" 200 476 "-" "Mozilla/5.0 (compatible; SemrushBot/7~bl; +http://www.semrush.com/bot.html)"
185.191.171.16 - - [23/Aug/2026:12:33:25 +0000] "GET /?products%2Fdetail%2F78934995680 HTTP/2.0" 200 476 "-" "Mozilla/5.0 (compatible; SemrushBot/7~bl; +http://www.semrush.com/bot.html)"
216.73.216.31 - - [23/Aug/2026:12:33:25 +0000] "GET /?l=4662986812 HTTP/2.0" 200 476 "-" "Mozilla/5.0 AppleWebKit/537.36 (KHTML, like Gecko; compatible; ClaudeBot/1.0; +claudebot@anthropic.com)"
216.73.216.31 - - [23/Aug/2026:12:33:26 +0000] "GET /?i=75174150697 HTTP/2.0" 200 476 "-" "Mozilla/5.0 AppleWebKit/537.36 (KHTML, like Gecko; compatible; ClaudeBot/1.0; +claudebot@anthropic.com)"
74.7.227.22 - - [23/Aug/2026:12:33:26 +0000] "GET /wp-includes/js/tinymce/themes/about.php?rename=%2Fproc%2F3516111%2Fmounts HTTP/2.0" 403 273 "https://mail.besthyperbaric.com/wp-includes/js/tinymce/themes/about.php?path=%2Fproc%2F3516111" "Mozilla/5.0 AppleWebKit/537.36 (KHTML, like Gecko; compatible; GPTBot/1.4; +https://openai.com/gptbot)"
216.73.216.31 - - [23/Aug/2026:12:33:27 +0000] "GET /?m=3282463844 HTTP/2.0" 200 476 "-" "Mozilla/5.0 AppleWebKit/537.36 (KHTML, like Gecko; compatible; ClaudeBot/1.0; +claudebot@anthropic.com)"
216.73.216.31 - - [23/Aug/2026:12:33:27 +0000] "GET /?t=60131197399 HTTP/2.0" 200 476 "-" "Mozilla/5.0 AppleWebKit/537.36 (KHTML, like Gecko; compatible; ClaudeBot/1.0; +claudebot@anthropic.com)"
85.208.96.193 - - [23/Aug/2026:12:33:27 +0000] "GET /?products%2Fdetail%2F78937772466 HTTP/2.0" 200 476 "-" "Mozilla/5.0 (compatible; SemrushBot/7~bl; +http://www.semrush.com/bot.html)"
216.73.216.31 - - [23/Aug/2026:12:33:28 +0000] "GET /?l=46629114352 HTTP/2.0" 200 476 "-" "Mozilla/5.0 AppleWebKit/537.36 (KHTML, like Gecko; compatible; ClaudeBot/1.0; +claudebot@anthropic.com)"
216.73.216.31 - - [23/Aug/2026:12:33:28 +0000] "GET /?b=4708711077 HTTP/2.0" 200 476 "-" "Mozilla/5.0 AppleWebKit/537.36 (KHTML, like Gecko; compatible; ClaudeBot/1.0; +claudebot@anthropic.com)"
85.208.96.203 - - [23/Aug/2026:12:33:28 +0000] "GET /?products%2Fdetail%2F78948025251 HTTP/2.0" 200 476 "-" "Mozilla/5.0 (compatible; SemrushBot/7~bl; +http://www.semrush.com/bot.html)"
216.73.216.31 - - [23/Aug/2026:12:33:29 +0000] "GET /?i=75174125239 HTTP/2.0" 200 476 "-" "Mozilla/5.0 AppleWebKit/537.36 (KHTML, like Gecko; compatible; ClaudeBot/1.0; +claudebot@anthropic.com)"
216.73.216.31 - - [23/Aug/2026:12:33:29 +0000] "GET /?l=4662919195 HTTP/2.0" 200 476 "-" "Mozilla/5.0 AppleWebKit/537.36 (KHTML, like Gecko; compatible; ClaudeBot/1.0; +claudebot@anthropic.com)"
216.73.216.31 - - [23/Aug/2026:12:33:30 +0000] "GET /?d=83463215836 HTTP/2.0" 200 476 "-" "Mozilla/5.0 AppleWebKit/537.36 (KHTML, like Gecko; compatible; ClaudeBot/1.0; +claudebot@anthropic.com)"
216.73.216.31 - - [23/Aug/2026:12:33:30 +0000] "GET /?b=4708719327 HTTP/2.0" 200 476 "-" "Mozilla/5.0 AppleWebKit/537.36 (KHTML, like Gecko; compatible; ClaudeBot/1.0; +claudebot@anthropic.com)"
74.7.227.158 - - [23/Aug/2026:12:33:30 +0000] "GET /wp-content/plugins/api.php?edit=%2Fusr%2Flocal%2Fcpanel%2Fscripts%2Frfc1912_zones.tar HTTP/2.0" 403 273 "https://www.besthyperbaric.com/wp-content/plugins/api.php?path=%2F%2Fscripts" "Mozilla/5.0 AppleWebKit/537.36 (KHTML, like Gecko; compatible; GPTBot/1.4; +https://openai.com/gptbot)"
216.73.216.31 - - [23/Aug/2026:12:33:31 +0000] "GET /?y=4997091149 HTTP/2.0" 200 476 "-" "Mozilla/5.0 AppleWebKit/537.36 (KHTML, like Gecko; compatible; ClaudeBot/1.0; +claudebot@anthropic.com)"
216.73.216.31 - - [23/Aug/2026:12:33:31 +0000] "GET /?b=4708737959 HTTP/2.0" 200 476 "-" "Mozilla/5.0 AppleWebKit/537.36 (KHTML, like Gecko; compatible; ClaudeBot/1.0; +claudebot@anthropic.com)"
216.73.216.31 - - [23/Aug/2026:12:33:32 +0000] "GET /wp-includes/js/tinymce/themes/about.php?rename=%2Fopt%2Falt%2Fpython-internal%2Flib64%2Fpython3.11%2F__pycache__%2Fsunau.cpython-311.opt-1.pyc HTTP/2.0" 403 273 "-" "Mozilla/5.0 AppleWebKit/537.36 (KHTML, like Gecko; compatible; ClaudeBot/1.0; +claudebot@anthropic.com)"
216.73.216.31 - - [23/Aug/2026:12:33:32 +0000] "GET /?l=46629192991 HTTP/2.0" 200 476 "-" "Mozilla/5.0 AppleWebKit/537.36 (KHTML, like Gecko; compatible; ClaudeBot/1.0; +claudebot@anthropic.com)"
216.73.216.31 - - [23/Aug/2026:12:33:33 +0000] "GET /?k=49202108562 HTTP/2.0" 200 476 "-" "Mozilla/5.0 AppleWebKit/537.36 (KHTML, like Gecko; compatible; ClaudeBot/1.0; +claudebot@anthropic.com)"
216.73.216.31 - - [23/Aug/2026:12:33:33 +0000] "GET /?m=3282446836 HTTP/2.0" 200 476 "-" "Mozilla/5.0 AppleWebKit/537.36 (KHTML, like Gecko; compatible; ClaudeBot/1.0; +claudebot@anthropic.com)"
216.73.216.31 - - [23/Aug/2026:12:33:34 +0000] "GET /?k=4920233571 HTTP/2.0" 200 476 "-" "Mozilla/5.0 AppleWebKit/537.36 (KHTML, like Gecko; compatible; ClaudeBot/1.0; +claudebot@anthropic.com)"
216.73.216.31 - - [23/Aug/2026:12:33:34 +0000] "GET /?l=46629114756 HTTP/2.0" 200 476 "-" "Mozilla/5.0 AppleWebKit/537.36 (KHTML, like Gecko; compatible; ClaudeBot/1.0; +claudebot@anthropic.com)"
216.73.216.31 - - [23/Aug/2026:12:33:35 +0000] "GET /?i=7517482702 HTTP/2.0" 200 476 "-" "Mozilla/5.0 AppleWebKit/537.36 (KHTML, like Gecko; compatible; ClaudeBot/1.0; +claudebot@anthropic.com)"
216.73.216.31 - - [23/Aug/2026:12:33:35 +0000] "GET /?m=3282414526 HTTP/2.0" 200 476 "-" "Mozilla/5.0 AppleWebKit/537.36 (KHTML, like Gecko; compatible; ClaudeBot/1.0; +claudebot@anthropic.com)"
216.73.216.31 - - [23/Aug/2026:12:33:36 +0000] "GET /?t=60131276609 HTTP/2.0" 200 476 "-" "Mozilla/5.0 AppleWebKit/537.36 (KHTML, like Gecko; compatible; ClaudeBot/1.0; +claudebot@anthropic.com)"
216.73.216.31 - - [23/Aug/2026:12:33:36 +0000] "GET /?m=3282454638 HTTP/2.0" 200 476 "-" "Mozilla/5.0 AppleWebKit/537.36 (KHTML, like Gecko; compatible; ClaudeBot/1.0; +claudebot@anthropic.com)"
216.73.216.31 - - [23/Aug/2026:12:33:37 +0000] "GET /?y=4997091097 HTTP/2.0" 200 476 "-" "Mozilla/5.0 AppleWebKit/537.36 (KHTML, like Gecko; compatible; ClaudeBot/1.0; +claudebot@anthropic.com)"
216.73.216.31 - - [23/Aug/2026:12:33:37 +0000] "GET /?u=8803039136 HTTP/2.0" 200 476 "-" "Mozilla/5.0 AppleWebKit/537.36 (KHTML, like Gecko; compatible; ClaudeBot/1.0; +claudebot@anthropic.com)"
216.73.216.31 - - [23/Aug/2026:12:33:38 +0000] "GET /?y=4997092560 HTTP/2.0" 200 476 "-" "Mozilla/5.0 AppleWebKit/537.36 (KHTML, like Gecko; compatible; ClaudeBot/1.0; +claudebot@anthropic.com)"
216.73.216.31 - - [23/Aug/2026:12:33:38 +0000] "GET /?w=92088216596 HTTP/2.0" 200 476 "-" "Mozilla/5.0 AppleWebKit/537.36 (KHTML, like Gecko; compatible; ClaudeBot/1.0; +claudebot@anthropic.com)"
216.73.216.31 - - [23/Aug/2026:12:33:39 +0000] "GET /?d=83463208920 HTTP/2.0" 200 476 "-" "Mozilla/5.0 AppleWebKit/537.36 (KHTML, like Gecko; compatible; ClaudeBot/1.0; +claudebot@anthropic.com)"
216.73.216.31 - - [23/Aug/2026:12:33:39 +0000] "GET /?d=83463175273 HTTP/2.0" 200 476 "-" "Mozilla/5.0 AppleWebKit/537.36 (KHTML, like Gecko; compatible; ClaudeBot/1.0; +claudebot@anthropic.com)"
216.73.216.31 - - [23/Aug/2026:12:33:40 +0000] "GET /?i=7517440272 HTTP/2.0" 200 476 "-" "Mozilla/5.0 AppleWebKit/537.36 (KHTML, like Gecko; compatible; ClaudeBot/1.0; +claudebot@anthropic.com)"
85.208.96.206 - - [23/Aug/2026:12:33:40 +0000] "GET /?products%2Fdetail%2F789121544021 HTTP/2.0" 200 476 "-" "Mozilla/5.0 (compatible; SemrushBot/7~bl; +http://www.semrush.com/bot.html)"
216.73.216.31 - - [23/Aug/2026:12:33:40 +0000] "GET /?t=60131248587 HTTP/2.0" 200 476 "-" "Mozilla/5.0 AppleWebKit/537.36 (KHTML, like Gecko; compatible; ClaudeBot/1.0; +claudebot@anthropic.com)"
216.73.216.31 - - [23/Aug/2026:12:33:41 +0000] "GET /?k=4920220236 HTTP/2.0" 200 476 "-" "Mozilla/5.0 AppleWebKit/537.36 (KHTML, like Gecko; compatible; ClaudeBot/1.0; +claudebot@anthropic.com)"
216.73.216.31 - - [23/Aug/2026:12:33:41 +0000] "GET /?y=4997032032 HTTP/2.0" 200 476 "-" "Mozilla/5.0 AppleWebKit/537.36 (KHTML, like Gecko; compatible; ClaudeBot/1.0; +claudebot@anthropic.com)"
216.73.216.31 - - [23/Aug/2026:12:33:42 +0000] "GET /?l=46629273340 HTTP/2.0" 200 476 "-" "Mozilla/5.0 AppleWebKit/537.36 (KHTML, like Gecko; compatible; ClaudeBot/1.0; +claudebot@anthropic.com)"
216.73.216.31 - - [23/Aug/2026:12:33:42 +0000] "GET /?d=83463265885 HTTP/2.0" 200 476 "-" "Mozilla/5.0 AppleWebKit/537.36 (KHTML, like Gecko; compatible; ClaudeBot/1.0; +claudebot@anthropic.com)"
216.73.216.31 - - [23/Aug/2026:12:33:43 +0000] "GET /?y=4997089404 HTTP/2.0" 200 476 "-" "Mozilla/5.0 AppleWebKit/537.36 (KHTML, like Gecko; compatible; ClaudeBot/1.0; +claudebot@anthropic.com)"
2a03:2880:f806:30:: - - [23/Aug/2026:12:33:43 +0000] "GET /products/detail/78903031953 HTTP/2.0" 404 265 "-" "Mozilla/5.0 (Windows NT 10.0; Win64; x64) AppleWebKit/537.36 (KHTML, like Gecko) Chrome/145.0.0.0 Safari/537.36 (compatible; meta-externalagent/1.1 (+https://developers.facebook.com/docs/sharing/webmasters/crawler))"
216.73.216.31 - - [23/Aug/2026:12:33:43 +0000] "GET /?m=3282417709 HTTP/2.0" 200 476 "-" "Mozilla/5.0 AppleWebKit/537.36 (KHTML, like Gecko; compatible; ClaudeBot/1.0; +claudebot@anthropic.com)"
216.73.216.31 - - [23/Aug/2026:12:33:44 +0000] "GET /?i=7517416405 HTTP/2.0" 200 476 "-" "Mozilla/5.0 AppleWebKit/537.36 (KHTML, like Gecko; compatible; ClaudeBot/1.0; +claudebot@anthropic.com)"
