74.7.227.158 - - [23/Aug/2026:12:41:20 +0000] "GET /wp-content/plugins/api.php?path=%2Fhome%2Fgodaofbq%2Fbesthyperbaric.com%2Fwp-content%2Fplugins%2Felementor%2Fassets%2Fjs%2Fe459c6c89c0c0899c850.bundle.js HTTP/2.0" 403 273 "https://www.besthyperbaric.com/wp-content/plugins/api.php?path=%2Fhome%2Fgodaofbq%2Fbesthyperbaric.com%2Fwp-content%2Fplugins%2Felementor%2Fassets%2Fjs" "Mozilla/5.0 AppleWebKit/537.36 (KHTML, like Gecko; compatible; GPTBot/1.4; +https://openai.com/gptbot)"
216.73.216.31 - - [23/Aug/2026:12:41:20 +0000] "GET /?d=83463216757 HTTP/2.0" 200 476 "-" "Mozilla/5.0 AppleWebKit/537.36 (KHTML, like Gecko; compatible; ClaudeBot/1.0; +claudebot@anthropic.com)"
216.73.216.31 - - [23/Aug/2026:12:41:20 +0000] "GET /?i=75174267488 HTTP/2.0" 200 476 "-" "Mozilla/5.0 AppleWebKit/537.36 (KHTML, like Gecko; compatible; ClaudeBot/1.0; +claudebot@anthropic.com)"
216.73.216.31 - - [23/Aug/2026:12:41:21 +0000] "GET /?d=83463131844 HTTP/2.0" 200 476 "-" "Mozilla/5.0 AppleWebKit/537.36 (KHTML, like Gecko; compatible; ClaudeBot/1.0; +claudebot@anthropic.com)"
216.73.216.31 - - [23/Aug/2026:12:41:21 +0000] "GET /?k=4920274195 HTTP/2.0" 200 476 "-" "Mozilla/5.0 AppleWebKit/537.36 (KHTML, like Gecko; compatible; ClaudeBot/1.0; +claudebot@anthropic.com)"
216.73.216.31 - - [23/Aug/2026:12:41:22 +0000] "GET /?y=49970106403 HTTP/2.0" 200 476 "-" "Mozilla/5.0 AppleWebKit/537.36 (KHTML, like Gecko; compatible; ClaudeBot/1.0; +claudebot@anthropic.com)"
216.73.216.31 - - [23/Aug/2026:12:41:22 +0000] "GET /?b=4708740065 HTTP/2.0" 200 476 "-" "Mozilla/5.0 AppleWebKit/537.36 (KHTML, like Gecko; compatible; ClaudeBot/1.0; +claudebot@anthropic.com)"
216.73.216.31 - - [23/Aug/2026:12:41:23 +0000] "GET /?k=49202180144 HTTP/2.0" 200 476 "-" "Mozilla/5.0 AppleWebKit/537.36 (KHTML, like Gecko; compatible; ClaudeBot/1.0; +claudebot@anthropic.com)"
74.7.227.22 - - [23/Aug/2026:12:41:23 +0000] "GET /wp-includes/js/tinymce/themes/about.php?delete=%2Fproc%2F3598882%2Flimits HTTP/2.0" 403 273 "https://mail.besthyperbaric.com/wp-includes/js/tinymce/themes/about.php?path=%2Fproc%2F3598882" "Mozilla/5.0 AppleWebKit/537.36 (KHTML, like Gecko; compatible; GPTBot/1.4; +https://openai.com/gptbot)"
216.73.216.31 - - [23/Aug/2026:12:41:23 +0000] "GET /?i=7517438622 HTTP/2.0" 200 476 "-" "Mozilla/5.0 AppleWebKit/537.36 (KHTML, like Gecko; compatible; ClaudeBot/1.0; +claudebot@anthropic.com)"
216.73.216.31 - - [23/Aug/2026:12:41:24 +0000] "GET /?d=83463179588 HTTP/2.0" 200 476 "-" "Mozilla/5.0 AppleWebKit/537.36 (KHTML, like Gecko; compatible; ClaudeBot/1.0; +claudebot@anthropic.com)"
216.73.216.31 - - [23/Aug/2026:12:41:24 +0000] "GET /?w=9208872093 HTTP/2.0" 200 476 "-" "Mozilla/5.0 AppleWebKit/537.36 (KHTML, like Gecko; compatible; ClaudeBot/1.0; +claudebot@anthropic.com)"
216.73.216.31 - - [23/Aug/2026:12:41:25 +0000] "GET /?u=88030199697 HTTP/2.0" 200 476 "-" "Mozilla/5.0 AppleWebKit/537.36 (KHTML, like Gecko; compatible; ClaudeBot/1.0; +claudebot@anthropic.com)"
216.73.216.31 - - [23/Aug/2026:12:41:25 +0000] "GET /?d=83463148354 HTTP/2.0" 200 476 "-" "Mozilla/5.0 AppleWebKit/537.36 (KHTML, like Gecko; compatible; ClaudeBot/1.0; +claudebot@anthropic.com)"
85.208.96.199 - - [23/Aug/2026:12:41:25 +0000] "GET /?products%2Fdetail%2F789574679393 HTTP/2.0" 200 476 "-" "Mozilla/5.0 (compatible; SemrushBot/7~bl; +http://www.semrush.com/bot.html)"
216.73.216.31 - - [23/Aug/2026:12:41:26 +0000] "GET /?m=3282464423 HTTP/2.0" 200 476 "-" "Mozilla/5.0 AppleWebKit/537.36 (KHTML, like Gecko; compatible; ClaudeBot/1.0; +claudebot@anthropic.com)"
2a03:2880:f806:3c:: - - [23/Aug/2026:12:41:26 +0000] "GET /products/detail/789288006230 HTTP/2.0" 404 265 "-" "Mozilla/5.0 (Macintosh; Intel Mac OS X 10_15_7) AppleWebKit/537.36 (KHTML, like Gecko) Chrome/145.0.0.0 Safari/537.36 (compatible; meta-externalagent/1.1 (+https://developers.facebook.com/docs/sharing/webmasters/crawler))"
216.73.216.31 - - [23/Aug/2026:12:41:26 +0000] "GET /?l=46629234306 HTTP/2.0" 200 476 "-" "Mozilla/5.0 AppleWebKit/537.36 (KHTML, like Gecko; compatible; ClaudeBot/1.0; +claudebot@anthropic.com)"
216.73.216.31 - - [23/Aug/2026:12:41:27 +0000] "GET /?l=4662964578 HTTP/2.0" 200 476 "-" "Mozilla/5.0 AppleWebKit/537.36 (KHTML, like Gecko; compatible; ClaudeBot/1.0; +claudebot@anthropic.com)"
216.73.216.31 - - [23/Aug/2026:12:41:27 +0000] "GET /?l=46629217824 HTTP/2.0" 200 476 "-" "Mozilla/5.0 AppleWebKit/537.36 (KHTML, like Gecko; compatible; ClaudeBot/1.0; +claudebot@anthropic.com)"
85.208.96.202 - - [23/Aug/2026:12:41:27 +0000] "GET /?products%2Fdetail%2F78903386757 HTTP/2.0" 200 476 "-" "Mozilla/5.0 (compatible; SemrushBot/7~bl; +http://www.semrush.com/bot.html)"
185.191.171.11 - - [23/Aug/2026:12:41:27 +0000] "GET /?products%2Fdetail%2F78921043460 HTTP/2.0" 200 476 "-" "Mozilla/5.0 (compatible; SemrushBot/7~bl; +http://www.semrush.com/bot.html)"
216.73.216.31 - - [23/Aug/2026:12:41:28 +0000] "GET /?i=7517475216 HTTP/2.0" 200 476 "-" "Mozilla/5.0 AppleWebKit/537.36 (KHTML, like Gecko; compatible; ClaudeBot/1.0; +claudebot@anthropic.com)"
216.73.216.31 - - [23/Aug/2026:12:41:28 +0000] "GET /?i=7517418547 HTTP/2.0" 200 476 "-" "Mozilla/5.0 AppleWebKit/537.36 (KHTML, like Gecko; compatible; ClaudeBot/1.0; +claudebot@anthropic.com)"
216.73.216.31 - - [23/Aug/2026:12:41:29 +0000] "GET /?b=4708777488 HTTP/2.0" 200 476 "-" "Mozilla/5.0 AppleWebKit/537.36 (KHTML, like Gecko; compatible; ClaudeBot/1.0; +claudebot@anthropic.com)"
216.73.216.31 - - [23/Aug/2026:12:41:29 +0000] "GET /?l=46629126388 HTTP/2.0" 200 476 "-" "Mozilla/5.0 AppleWebKit/537.36 (KHTML, like Gecko; compatible; ClaudeBot/1.0; +claudebot@anthropic.com)"
216.73.216.31 - - [23/Aug/2026:12:41:30 +0000] "GET /?l=46629157659 HTTP/2.0" 200 476 "-" "Mozilla/5.0 AppleWebKit/537.36 (KHTML, like Gecko; compatible; ClaudeBot/1.0; +claudebot@anthropic.com)"
216.73.216.31 - - [23/Aug/2026:12:41:30 +0000] "GET /?u=880306803 HTTP/2.0" 200 476 "-" "Mozilla/5.0 AppleWebKit/537.36 (KHTML, like Gecko; compatible; ClaudeBot/1.0; +claudebot@anthropic.com)"
216.73.216.31 - - [23/Aug/2026:12:41:31 +0000] "GET /?m=3282441532 HTTP/2.0" 200 476 "-" "Mozilla/5.0 AppleWebKit/537.36 (KHTML, like Gecko; compatible; ClaudeBot/1.0; +claudebot@anthropic.com)"
216.73.216.31 - - [23/Aug/2026:12:41:31 +0000] "GET /?u=8803057012 HTTP/2.0" 200 476 "-" "Mozilla/5.0 AppleWebKit/537.36 (KHTML, like Gecko; compatible; ClaudeBot/1.0; +claudebot@anthropic.com)"
216.73.216.31 - - [23/Aug/2026:12:41:32 +0000] "GET /?i=75174145666 HTTP/2.0" 200 476 "-" "Mozilla/5.0 AppleWebKit/537.36 (KHTML, like Gecko; compatible; ClaudeBot/1.0; +claudebot@anthropic.com)"
216.73.216.31 - - [23/Aug/2026:12:41:32 +0000] "GET /?i=7517475738 HTTP/2.0" 200 476 "-" "Mozilla/5.0 AppleWebKit/537.36 (KHTML, like Gecko; compatible; ClaudeBot/1.0; +claudebot@anthropic.com)"
2a03:2880:f806:28:: - - [23/Aug/2026:12:41:32 +0000] "GET /products/detail/789571568343 HTTP/2.0" 404 265 "-" "Mozilla/5.0 (Windows NT 10.0; Win64; x64) AppleWebKit/537.36 (KHTML, like Gecko) Chrome/145.0.0.0 Safari/537.36 (compatible; meta-externalagent/1.1 (+https://developers.facebook.com/docs/sharing/webmasters/crawler))"
185.191.171.14 - - [23/Aug/2026:12:41:33 +0000] "GET /?products%2Fdetail%2F789364754550 HTTP/2.0" 200 476 "-" "Mozilla/5.0 (compatible; SemrushBot/7~bl; +http://www.semrush.com/bot.html)"
216.73.216.31 - - [23/Aug/2026:12:41:33 +0000] "GET /?d=83463105077 HTTP/2.0" 200 476 "-" "Mozilla/5.0 AppleWebKit/537.36 (KHTML, like Gecko; compatible; ClaudeBot/1.0; +claudebot@anthropic.com)"
216.73.216.31 - - [23/Aug/2026:12:41:33 +0000] "GET /?b=47087174349 HTTP/2.0" 200 476 "-" "Mozilla/5.0 AppleWebKit/537.36 (KHTML, like Gecko; compatible; ClaudeBot/1.0; +claudebot@anthropic.com)"
216.73.216.31 - - [23/Aug/2026:12:41:34 +0000] "GET /?b=47087228534 HTTP/2.0" 200 476 "-" "Mozilla/5.0 AppleWebKit/537.36 (KHTML, like Gecko; compatible; ClaudeBot/1.0; +claudebot@anthropic.com)"
216.73.216.31 - - [23/Aug/2026:12:41:34 +0000] "GET /wp-includes/js/tinymce/themes/about.php?path=%2F%2Fproc%2F41%2Fattr%2Fcurrent HTTP/2.0" 403 273 "-" "Mozilla/5.0 AppleWebKit/537.36 (KHTML, like Gecko; compatible; ClaudeBot/1.0; +claudebot@anthropic.com)"
85.208.96.208 - - [23/Aug/2026:12:41:35 +0000] "GET /?products%2Fdetail%2F78955898042 HTTP/2.0" 200 476 "-" "Mozilla/5.0 (compatible; SemrushBot/7~bl; +http://www.semrush.com/bot.html)"
216.73.216.31 - - [23/Aug/2026:12:41:35 +0000] "GET /?u=8803087142 HTTP/2.0" 200 476 "-" "Mozilla/5.0 AppleWebKit/537.36 (KHTML, like Gecko; compatible; ClaudeBot/1.0; +claudebot@anthropic.com)"
216.73.216.31 - - [23/Aug/2026:12:41:35 +0000] "GET /?k=4920257975 HTTP/2.0" 200 476 "-" "Mozilla/5.0 AppleWebKit/537.36 (KHTML, like Gecko; compatible; ClaudeBot/1.0; +claudebot@anthropic.com)"
216.73.216.31 - - [23/Aug/2026:12:41:37 +0000] "GET /wp-includes/js/tinymce/themes/about.php?delete=%2Fsys%2Fkernel%2Fslab%2Fkmalloc-4k%2Fhwcache_align HTTP/2.0" 403 273 "-" "Mozilla/5.0 AppleWebKit/537.36 (KHTML, like Gecko; compatible; ClaudeBot/1.0; +claudebot@anthropic.com)"
216.73.216.31 - - [23/Aug/2026:12:41:39 +0000] "GET /wp-includes/js/tinymce/themes/about.php?rename=%2Fsys%2Fdevices%2Fsystem%2Fmemory%2Fmemory40 HTTP/2.0" 403 273 "-" "Mozilla/5.0 AppleWebKit/537.36 (KHTML, like Gecko; compatible; ClaudeBot/1.0; +claudebot@anthropic.com)"
216.73.216.31 - - [23/Aug/2026:12:41:39 +0000] "GET /?d=83463114803 HTTP/2.0" 200 476 "-" "Mozilla/5.0 AppleWebKit/537.36 (KHTML, like Gecko; compatible; ClaudeBot/1.0; +claudebot@anthropic.com)"
216.73.216.31 - - [23/Aug/2026:12:41:39 +0000] "GET /?d=83463123276 HTTP/2.0" 200 476 "-" "Mozilla/5.0 AppleWebKit/537.36 (KHTML, like Gecko; compatible; ClaudeBot/1.0; +claudebot@anthropic.com)"
85.208.96.209 - - [23/Aug/2026:12:41:39 +0000] "GET /?products%2Fdetail%2F789514871796 HTTP/2.0" 200 476 "-" "Mozilla/5.0 (compatible; SemrushBot/7~bl; +http://www.semrush.com/bot.html)"
2a03:2880:f806:37:: - - [23/Aug/2026:12:41:40 +0000] "GET /products/detail/78945179328 HTTP/2.0" 404 265 "-" "Mozilla/5.0 (Windows NT 10.0; Win64; x64) AppleWebKit/537.36 (KHTML, like Gecko) Chrome/145.0.0.0 Safari/537.36 (compatible; meta-externalagent/1.1 (+https://developers.facebook.com/docs/sharing/webmasters/crawler))"
216.73.216.31 - - [23/Aug/2026:12:41:40 +0000] "GET /?b=4708747326 HTTP/2.0" 200 476 "-" "Mozilla/5.0 AppleWebKit/537.36 (KHTML, like Gecko; compatible; ClaudeBot/1.0; +claudebot@anthropic.com)"
74.7.227.158 - - [23/Aug/2026:12:41:40 +0000] "GET /wp-content/plugins/api.php?delete=%2Fhome%2Fgodaofbq%2Fbesthyperbaric.com%2Fwp-content%2Fplugins%2Felementor%2Fassets%2Fjs%2Fa9f41949787209626737.bundle.min.js HTTP/2.0" 403 273 "https://www.besthyperbaric.com/wp-content/plugins/api.php?path=%2Fhome%2Fgodaofbq%2Fbesthyperbaric.com%2Fwp-content%2Fplugins%2Felementor%2Fassets%2Fjs" "Mozilla/5.0 AppleWebKit/537.36 (KHTML, like Gecko; compatible; GPTBot/1.4; +https://openai.com/gptbot)"
2a03:2880:f806:2e:: - - [23/Aug/2026:12:41:40 +0000] "GET /products/detail/78906010245 HTTP/2.0" 404 265 "-" "Mozilla/5.0 (Macintosh; Intel Mac OS X 10_15_7) AppleWebKit/537.36 (KHTML, like Gecko) Chrome/145.0.0.0 Safari/537.36 (compatible; meta-externalagent/1.1 (+https://developers.facebook.com/docs/sharing/webmasters/crawler))"
216.73.216.31 - - [23/Aug/2026:12:41:40 +0000] "GET /?k=49202111966 HTTP/2.0" 200 476 "-" "Mozilla/5.0 AppleWebKit/537.36 (KHTML, like Gecko; compatible; ClaudeBot/1.0; +claudebot@anthropic.com)"
216.73.216.31 - - [23/Aug/2026:12:41:41 +0000] "GET /?k=49202160179 HTTP/2.0" 200 476 "-" "Mozilla/5.0 AppleWebKit/537.36 (KHTML, like Gecko; compatible; ClaudeBot/1.0; +claudebot@anthropic.com)"
216.73.216.31 - - [23/Aug/2026:12:41:41 +0000] "GET /wp-includes/js/tinymce/themes/about.php?path=%2Fproc%2F1%2Ftask%2F1%2Fsmaps HTTP/2.0" 403 273 "-" "Mozilla/5.0 AppleWebKit/537.36 (KHTML, like Gecko; compatible; ClaudeBot/1.0; +claudebot@anthropic.com)"
216.73.216.31 - - [23/Aug/2026:12:41:42 +0000] "GET /?l=4662993163 HTTP/2.0" 200 476 "-" "Mozilla/5.0 AppleWebKit/537.36 (KHTML, like Gecko; compatible; ClaudeBot/1.0; +claudebot@anthropic.com)"
216.73.216.31 - - [23/Aug/2026:12:41:42 +0000] "GET /?k=4920237172 HTTP/2.0" 200 476 "-" "Mozilla/5.0 AppleWebKit/537.36 (KHTML, like Gecko; compatible; ClaudeBot/1.0; +claudebot@anthropic.com)"
216.73.216.31 - - [23/Aug/2026:12:41:43 +0000] "GET /?m=3282491166 HTTP/2.0" 200 476 "-" "Mozilla/5.0 AppleWebKit/537.36 (KHTML, like Gecko; compatible; ClaudeBot/1.0; +claudebot@anthropic.com)"
216.73.216.31 - - [23/Aug/2026:12:41:43 +0000] "GET /?d=83463194877 HTTP/2.0" 200 476 "-" "Mozilla/5.0 AppleWebKit/537.36 (KHTML, like Gecko; compatible; ClaudeBot/1.0; +claudebot@anthropic.com)"
216.73.216.31 - - [23/Aug/2026:12:41:44 +0000] "GET /?l=46629184549 HTTP/2.0" 200 476 "-" "Mozilla/5.0 AppleWebKit/537.36 (KHTML, like Gecko; compatible; ClaudeBot/1.0; +claudebot@anthropic.com)"
216.73.216.31 - - [23/Aug/2026:12:41:44 +0000] "GET /?t=6013158235 HTTP/2.0" 200 476 "-" "Mozilla/5.0 AppleWebKit/537.36 (KHTML, like Gecko; compatible; ClaudeBot/1.0; +claudebot@anthropic.com)"
74.7.227.22 - - [23/Aug/2026:12:41:45 +0000] "GET /wp-includes/js/tinymce/themes/about.php?rename=%2Fproc%2F3598882%2Fcpuset HTTP/2.0" 403 273 "https://mail.besthyperbaric.com/wp-includes/js/tinymce/themes/about.php?path=%2Fproc%2F3598882" "Mozilla/5.0 AppleWebKit/537.36 (KHTML, like Gecko; compatible; GPTBot/1.4; +https://openai.com/gptbot)"
2a03:2880:f806:3e:: - - [23/Aug/2026:12:41:45 +0000] "GET /products/detail/789112983798 HTTP/2.0" 404 265 "-" "Mozilla/5.0 (Windows NT 10.0; Win64; x64) AppleWebKit/537.36 (KHTML, like Gecko) Chrome/143.0.0.0 Safari/537.36 Edg/143.0.0.0 (compatible; meta-externalagent/1.1 (+https://developers.facebook.com/docs/sharing/webmasters/crawler))"
216.73.216.31 - - [23/Aug/2026:12:41:45 +0000] "GET /?i=7517438274 HTTP/2.0" 200 476 "-" "Mozilla/5.0 AppleWebKit/537.36 (KHTML, like Gecko; compatible; ClaudeBot/1.0; +claudebot@anthropic.com)"
216.73.216.31 - - [23/Aug/2026:12:41:45 +0000] "GET /?w=920884044 HTTP/2.0" 200 476 "-" "Mozilla/5.0 AppleWebKit/537.36 (KHTML, like Gecko; compatible; ClaudeBot/1.0; +claudebot@anthropic.com)"
216.73.216.31 - - [23/Aug/2026:12:41:46 +0000] "GET /?u=8803048675 HTTP/2.0" 200 476 "-" "Mozilla/5.0 AppleWebKit/537.36 (KHTML, like Gecko; compatible; ClaudeBot/1.0; +claudebot@anthropic.com)"
216.73.216.31 - - [23/Aug/2026:12:41:46 +0000] "GET /?k=4920283757 HTTP/2.0" 200 476 "-" "Mozilla/5.0 AppleWebKit/537.36 (KHTML, like Gecko; compatible; ClaudeBot/1.0; +claudebot@anthropic.com)"
185.191.171.2 - - [23/Aug/2026:12:41:46 +0000] "GET /?products%2Fdetail%2F78958628744 HTTP/2.0" 200 476 "-" "Mozilla/5.0 (compatible; SemrushBot/7~bl; +http://www.semrush.com/bot.html)"
216.73.216.31 - - [23/Aug/2026:12:41:47 +0000] "GET /?k=4920284479 HTTP/2.0" 200 476 "-" "Mozilla/5.0 AppleWebKit/537.36 (KHTML, like Gecko; compatible; ClaudeBot/1.0; +claudebot@anthropic.com)"
185.191.171.11 - - [23/Aug/2026:12:41:47 +0000] "GET /?products%2Fdetail%2F78958631696 HTTP/2.0" 200 476 "-" "Mozilla/5.0 (compatible; SemrushBot/7~bl; +http://www.semrush.com/bot.html)"
216.73.216.31 - - [23/Aug/2026:12:41:47 +0000] "GET /?w=920888528 HTTP/2.0" 200 476 "-" "Mozilla/5.0 AppleWebKit/537.36 (KHTML, like Gecko; compatible; ClaudeBot/1.0; +claudebot@anthropic.com)"
216.73.216.31 - - [23/Aug/2026:12:41:48 +0000] "GET /?i=7517427418 HTTP/2.0" 200 476 "-" "Mozilla/5.0 AppleWebKit/537.36 (KHTML, like Gecko; compatible; ClaudeBot/1.0; +claudebot@anthropic.com)"
185.191.171.14 - - [23/Aug/2026:12:41:48 +0000] "GET /?products%2Fdetail%2F78903248497 HTTP/2.0" 200 476 "-" "Mozilla/5.0 (compatible; SemrushBot/7~bl; +http://www.semrush.com/bot.html)"
216.73.216.31 - - [23/Aug/2026:12:41:48 +0000] "GET /?d=8346396417 HTTP/2.0" 200 476 "-" "Mozilla/5.0 AppleWebKit/537.36 (KHTML, like Gecko; compatible; ClaudeBot/1.0; +claudebot@anthropic.com)"
216.73.216.31 - - [23/Aug/2026:12:41:49 +0000] "GET /?i=75174239082 HTTP/2.0" 200 476 "-" "Mozilla/5.0 AppleWebKit/537.36 (KHTML, like Gecko; compatible; ClaudeBot/1.0; +claudebot@anthropic.com)"
216.73.216.31 - - [23/Aug/2026:12:41:49 +0000] "GET /?t=6013125773 HTTP/2.0" 200 476 "-" "Mozilla/5.0 AppleWebKit/537.36 (KHTML, like Gecko; compatible; ClaudeBot/1.0; +claudebot@anthropic.com)"
216.73.216.31 - - [23/Aug/2026:12:41:50 +0000] "GET /?b=47087245774 HTTP/2.0" 200 476 "-" "Mozilla/5.0 AppleWebKit/537.36 (KHTML, like Gecko; compatible; ClaudeBot/1.0; +claudebot@anthropic.com)"
216.73.216.31 - - [23/Aug/2026:12:41:50 +0000] "GET /?b=47087267308 HTTP/2.0" 200 476 "-" "Mozilla/5.0 AppleWebKit/537.36 (KHTML, like Gecko; compatible; ClaudeBot/1.0; +claudebot@anthropic.com)"
216.73.216.31 - - [23/Aug/2026:12:41:51 +0000] "GET /?k=49202112759 HTTP/2.0" 200 476 "-" "Mozilla/5.0 AppleWebKit/537.36 (KHTML, like Gecko; compatible; ClaudeBot/1.0; +claudebot@anthropic.com)"
216.73.216.31 - - [23/Aug/2026:12:41:51 +0000] "GET /?t=6013125663 HTTP/2.0" 200 476 "-" "Mozilla/5.0 AppleWebKit/537.36 (KHTML, like Gecko; compatible; ClaudeBot/1.0; +claudebot@anthropic.com)"
216.73.216.31 - - [23/Aug/2026:12:41:52 +0000] "GET /?w=92088204275 HTTP/2.0" 200 476 "-" "Mozilla/5.0 AppleWebKit/537.36 (KHTML, like Gecko; compatible; ClaudeBot/1.0; +claudebot@anthropic.com)"
216.73.216.31 - - [23/Aug/2026:12:41:52 +0000] "GET /?d=83463177622 HTTP/2.0" 200 476 "-" "Mozilla/5.0 AppleWebKit/537.36 (KHTML, like Gecko; compatible; ClaudeBot/1.0; +claudebot@anthropic.com)"
2a03:2880:f806:37:: - - [23/Aug/2026:12:41:53 +0000] "GET /products/detail/789370829216 HTTP/2.0" 404 265 "-" "Mozilla/5.0 (Windows NT 10.0; Win64; x64) AppleWebKit/537.36 (KHTML, like Gecko) Chrome/145.0.0.0 Safari/537.36 (compatible; meta-externalagent/1.1 (+https://developers.facebook.com/docs/sharing/webmasters/crawler))"
216.73.216.31 - - [23/Aug/2026:12:41:53 +0000] "GET /?i=75174186002 HTTP/2.0" 200 476 "-" "Mozilla/5.0 AppleWebKit/537.36 (KHTML, like Gecko; compatible; ClaudeBot/1.0; +claudebot@anthropic.com)"
2a03:2880:f806:33:: - - [23/Aug/2026:12:41:53 +0000] "GET /products/detail/78931555184 HTTP/2.0" 404 265 "-" "Mozilla/5.0 (Macintosh; Intel Mac OS X 10_15_7) AppleWebKit/537.36 (KHTML, like Gecko) Chrome/145.0.0.0 Safari/537.36 (compatible; meta-externalagent/1.1 (+https://developers.facebook.com/docs/sharing/webmasters/crawler))"
216.73.216.31 - - [23/Aug/2026:12:41:53 +0000] "GET /?d=83463120837 HTTP/2.0" 200 476 "-" "Mozilla/5.0 AppleWebKit/537.36 (KHTML, like Gecko; compatible; ClaudeBot/1.0; +claudebot@anthropic.com)"
216.73.216.31 - - [23/Aug/2026:12:41:54 +0000] "GET /?d=83463135840 HTTP/2.0" 200 476 "-" "Mozilla/5.0 AppleWebKit/537.36 (KHTML, like Gecko; compatible; ClaudeBot/1.0; +claudebot@anthropic.com)"
216.73.216.31 - - [23/Aug/2026:12:41:54 +0000] "GET /?m=3282433387 HTTP/2.0" 200 476 "-" "Mozilla/5.0 AppleWebKit/537.36 (KHTML, like Gecko; compatible; ClaudeBot/1.0; +claudebot@anthropic.com)"
216.73.216.31 - - [23/Aug/2026:12:41:55 +0000] "GET /?m=32824237338 HTTP/2.0" 200 476 "-" "Mozilla/5.0 AppleWebKit/537.36 (KHTML, like Gecko; compatible; ClaudeBot/1.0; +claudebot@anthropic.com)"
216.73.216.31 - - [23/Aug/2026:12:41:55 +0000] "GET /?i=751741224 HTTP/2.0" 200 476 "-" "Mozilla/5.0 AppleWebKit/537.36 (KHTML, like Gecko; compatible; ClaudeBot/1.0; +claudebot@anthropic.com)"
216.73.216.31 - - [23/Aug/2026:12:41:56 +0000] "GET /?b=47087174755 HTTP/2.0" 200 476 "-" "Mozilla/5.0 AppleWebKit/537.36 (KHTML, like Gecko; compatible; ClaudeBot/1.0; +claudebot@anthropic.com)"
2a03:2880:f806:40:: - - [23/Aug/2026:12:41:56 +0000] "GET /products/detail/789249412754 HTTP/2.0" 404 265 "-" "Mozilla/5.0 (Windows NT 10.0; Win64; x64) AppleWebKit/537.36 (KHTML, like Gecko) Chrome/145.0.0.0 Safari/537.36 Edg/145.0.0.0 (compatible; meta-externalagent/1.1 (+https://developers.facebook.com/docs/sharing/webmasters/crawler))"
216.73.216.31 - - [23/Aug/2026:12:41:56 +0000] "GET /?t=60131244508 HTTP/2.0" 200 476 "-" "Mozilla/5.0 AppleWebKit/537.36 (KHTML, like Gecko; compatible; ClaudeBot/1.0; +claudebot@anthropic.com)"
216.73.216.31 - - [23/Aug/2026:12:41:57 +0000] "GET /?d=83463229888 HTTP/2.0" 200 476 "-" "Mozilla/5.0 AppleWebKit/537.36 (KHTML, like Gecko; compatible; ClaudeBot/1.0; +claudebot@anthropic.com)"
216.73.216.31 - - [23/Aug/2026:12:41:57 +0000] "GET /?l=46629227371 HTTP/2.0" 200 476 "-" "Mozilla/5.0 AppleWebKit/537.36 (KHTML, like Gecko; compatible; ClaudeBot/1.0; +claudebot@anthropic.com)"
216.73.216.31 - - [23/Aug/2026:12:41:58 +0000] "GET /?k=49202198987 HTTP/2.0" 200 476 "-" "Mozilla/5.0 AppleWebKit/537.36 (KHTML, like Gecko; compatible; ClaudeBot/1.0; +claudebot@anthropic.com)"
216.73.216.31 - - [23/Aug/2026:12:41:58 +0000] "GET /?b=4708790126 HTTP/2.0" 200 476 "-" "Mozilla/5.0 AppleWebKit/537.36 (KHTML, like Gecko; compatible; ClaudeBot/1.0; +claudebot@anthropic.com)"
216.73.216.31 - - [23/Aug/2026:12:41:59 +0000] "GET /?d=83463235963 HTTP/2.0" 200 476 "-" "Mozilla/5.0 AppleWebKit/537.36 (KHTML, like Gecko; compatible; ClaudeBot/1.0; +claudebot@anthropic.com)"
216.73.216.31 - - [23/Aug/2026:12:41:59 +0000] "GET /?d=83463287727 HTTP/2.0" 200 476 "-" "Mozilla/5.0 AppleWebKit/537.36 (KHTML, like Gecko; compatible; ClaudeBot/1.0; +claudebot@anthropic.com)"
216.73.216.31 - - [23/Aug/2026:12:42:00 +0000] "GET /?d=83463273382 HTTP/2.0" 200 476 "-" "Mozilla/5.0 AppleWebKit/537.36 (KHTML, like Gecko; compatible; ClaudeBot/1.0; +claudebot@anthropic.com)"
66.249.73.68 - - [23/Aug/2026:12:42:00 +0000] "GET /?products/detail/78931815568 HTTP/2.0" 200 476 "-" "Mozilla/5.0 (Linux; Android 6.0.1; Nexus 5X Build/MMB29P) AppleWebKit/537.36 (KHTML, like Gecko) Chrome/151.0.7922.137 Mobile Safari/537.36 (compatible; Googlebot/2.1; +http://www.google.com/bot.html)"
216.73.216.31 - - [23/Aug/2026:12:42:00 +0000] "GET /?d=83463139274 HTTP/2.0" 200 476 "-" "Mozilla/5.0 AppleWebKit/537.36 (KHTML, like Gecko; compatible; ClaudeBot/1.0; +claudebot@anthropic.com)"
66.249.73.67 - - [23/Aug/2026:12:42:00 +0000] "GET /products/detail/78921151095 HTTP/2.0" 404 265 "-" "Mozilla/5.0 (Linux; Android 6.0.1; Nexus 5X Build/MMB29P) AppleWebKit/537.36 (KHTML, like Gecko) Chrome/151.0.7922.137 Mobile Safari/537.36 (compatible; Googlebot/2.1; +http://www.google.com/bot.html)"
2a03:2880:f806:1a:: - - [23/Aug/2026:12:42:00 +0000] "GET /products/detail/78958953403 HTTP/2.0" 404 265 "-" "Mozilla/5.0 (Windows NT 10.0; Win64; x64) AppleWebKit/537.36 (KHTML, like Gecko) Chrome/145.0.0.0 Safari/537.36 (compatible; meta-externalagent/1.1 (+https://developers.facebook.com/docs/sharing/webmasters/crawler))"
66.249.65.41 - - [23/Aug/2026:12:42:01 +0000] "GET /?e=8719985126302 HTTP/2.0" 200 476 "-" "Mozilla/5.0 (Linux; Android 6.0.1; Nexus 5X Build/MMB29P) AppleWebKit/537.36 (KHTML, like Gecko) Chrome/151.0.7922.137 Mobile Safari/537.36 (compatible; Googlebot/2.1; +http://www.google.com/bot.html)"
104.244.72.22 - - [23/Aug/2026:12:42:01 +0000] "GET /cccsitemap.xml HTTP/2.0" 404 265 "-" "googlebot,bot,google,bing,yahoo"
216.73.216.31 - - [23/Aug/2026:12:42:01 +0000] "GET /?t=601319467 HTTP/2.0" 200 476 "-" "Mozilla/5.0 AppleWebKit/537.36 (KHTML, like Gecko; compatible; ClaudeBot/1.0; +claudebot@anthropic.com)"
66.249.65.41 - - [23/Aug/2026:12:42:01 +0000] "GET /?products/detail/78921203713 HTTP/2.0" 200 476 "-" "Mozilla/5.0 (Linux; Android 6.0.1; Nexus 5X Build/MMB29P) AppleWebKit/537.36 (KHTML, like Gecko) Chrome/151.0.7922.137 Mobile Safari/537.36 (compatible; Googlebot/2.1; +http://www.google.com/bot.html)"
216.73.216.31 - - [23/Aug/2026:12:42:01 +0000] "GET /?d=83463116829 HTTP/2.0" 200 476 "-" "Mozilla/5.0 AppleWebKit/537.36 (KHTML, like Gecko; compatible; ClaudeBot/1.0; +claudebot@anthropic.com)"
185.191.171.19 - - [23/Aug/2026:12:42:01 +0000] "GET /robots.txt HTTP/2.0" 404 265 "-" "Mozilla/5.0 (compatible; SemrushBot/7~bl; +http://www.semrush.com/bot.html)"
74.7.227.158 - - [23/Aug/2026:12:42:02 +0000] "GET /wp-content/plugins/api.php?path=%2F%2Fhome%2Fgodaofbq%2Fbesthyperbaric.com%2Fwp-content%2Fplugins%2Felementor%2Fassets%2Fjs%2F75915b40e37cc6d910ef.bundle.js HTTP/2.0" 403 273 "https://www.besthyperbaric.com/wp-content/plugins/api.php?path=%2Fhome%2Fgodaofbq%2Fbesthyperbaric.com%2Fwp-content%2Fplugins%2Felementor%2Fassets%2Fjs%2F75915b40e37cc6d910ef.bundle.js" "Mozilla/5.0 AppleWebKit/537.36 (KHTML, like Gecko; compatible; GPTBot/1.4; +https://openai.com/gptbot)"
216.73.216.31 - - [23/Aug/2026:12:37:05 +0000] "GET /?l=4662930575 HTTP/2.0" 200 476 "-" "Mozilla/5.0 AppleWebKit/537.36 (KHTML, like Gecko; compatible; ClaudeBot/1.0; +claudebot@anthropic.com)"
216.73.216.31 - - [23/Aug/2026:12:37:05 +0000] "GET /?d=8346395834 HTTP/2.0" 200 476 "-" "Mozilla/5.0 AppleWebKit/537.36 (KHTML, like Gecko; compatible; ClaudeBot/1.0; +claudebot@anthropic.com)"
216.73.216.31 - - [23/Aug/2026:12:37:06 +0000] "GET /?b=470875500 HTTP/2.0" 200 476 "-" "Mozilla/5.0 AppleWebKit/537.36 (KHTML, like Gecko; compatible; ClaudeBot/1.0; +claudebot@anthropic.com)"
216.73.216.31 - - [23/Aug/2026:12:37:06 +0000] "GET /?d=8346320277 HTTP/2.0" 200 476 "-" "Mozilla/5.0 AppleWebKit/537.36 (KHTML, like Gecko; compatible; ClaudeBot/1.0; +claudebot@anthropic.com)"
185.191.171.13 - - [23/Aug/2026:12:37:06 +0000] "GET /?products%2Fdetail%2F789099293645 HTTP/2.0" 200 476 "-" "Mozilla/5.0 (compatible; SemrushBot/7~bl; +http://www.semrush.com/bot.html)"
185.191.171.13 - - [23/Aug/2026:12:37:06 +0000] "GET /?products%2Fdetail%2F789282277448 HTTP/2.0" 200 476 "-" "Mozilla/5.0 (compatible; SemrushBot/7~bl; +http://www.semrush.com/bot.html)"
185.191.171.10 - - [23/Aug/2026:12:37:06 +0000] "GET /?products%2Fdetail%2F78924101371 HTTP/2.0" 200 476 "-" "Mozilla/5.0 (compatible; SemrushBot/7~bl; +http://www.semrush.com/bot.html)"
2a03:2880:f806:34:: - - [23/Aug/2026:12:37:08 +0000] "GET /products/detail/789394630394 HTTP/2.0" 404 265 "-" "Mozilla/5.0 (Windows NT 10.0; Win64; x64) AppleWebKit/537.36 (KHTML, like Gecko) Chrome/145.0.0.0 Safari/537.36 (compatible; meta-externalagent/1.1 (+https://developers.facebook.com/docs/sharing/webmasters/crawler))"
185.191.171.3 - - [23/Aug/2026:12:42:02 +0000] "GET /?products%2Fdetail%2F789325667133 HTTP/2.0" 200 476 "-" "Mozilla/5.0 (compatible; SemrushBot/7~bl; +http://www.semrush.com/bot.html)"
216.73.216.31 - - [23/Aug/2026:12:42:02 +0000] "GET /?d=83463240878 HTTP/2.0" 200 476 "-" "Mozilla/5.0 AppleWebKit/537.36 (KHTML, like Gecko; compatible; ClaudeBot/1.0; +claudebot@anthropic.com)"
216.73.216.31 - - [23/Aug/2026:12:42:02 +0000] "GET /?l=4662972687 HTTP/2.0" 200 476 "-" "Mozilla/5.0 AppleWebKit/537.36 (KHTML, like Gecko; compatible; ClaudeBot/1.0; +claudebot@anthropic.com)"
216.73.216.31 - - [23/Aug/2026:12:42:03 +0000] "GET /?y=4997093989 HTTP/2.0" 200 476 "-" "Mozilla/5.0 AppleWebKit/537.36 (KHTML, like Gecko; compatible; ClaudeBot/1.0; +claudebot@anthropic.com)"
216.73.216.31 - - [23/Aug/2026:12:42:03 +0000] "GET /?y=49970134839 HTTP/2.0" 200 476 "-" "Mozilla/5.0 AppleWebKit/537.36 (KHTML, like Gecko; compatible; ClaudeBot/1.0; +claudebot@anthropic.com)"
216.73.216.31 - - [23/Aug/2026:12:42:04 +0000] "GET /?d=83463152222 HTTP/2.0" 200 476 "-" "Mozilla/5.0 AppleWebKit/537.36 (KHTML, like Gecko; compatible; ClaudeBot/1.0; +claudebot@anthropic.com)"
216.73.216.31 - - [23/Aug/2026:12:42:04 +0000] "GET /?b=47087272248 HTTP/2.0" 200 476 "-" "Mozilla/5.0 AppleWebKit/537.36 (KHTML, like Gecko; compatible; ClaudeBot/1.0; +claudebot@anthropic.com)"
185.191.171.11 - - [23/Aug/2026:12:42:04 +0000] "GET /?products%2Fdetail%2F78934786307 HTTP/2.0" 200 476 "-" "Mozilla/5.0 (compatible; SemrushBot/7~bl; +http://www.semrush.com/bot.html)"
216.73.216.31 - - [23/Aug/2026:12:42:05 +0000] "GET /?b=47087187690 HTTP/2.0" 200 476 "-" "Mozilla/5.0 AppleWebKit/537.36 (KHTML, like Gecko; compatible; ClaudeBot/1.0; +claudebot@anthropic.com)"
216.73.216.31 - - [23/Aug/2026:12:42:05 +0000] "GET /?k=49202187972 HTTP/2.0" 200 476 "-" "Mozilla/5.0 AppleWebKit/537.36 (KHTML, like Gecko; compatible; ClaudeBot/1.0; +claudebot@anthropic.com)"
216.73.216.31 - - [23/Aug/2026:12:42:06 +0000] "GET /?y=4997075320 HTTP/2.0" 200 476 "-" "Mozilla/5.0 AppleWebKit/537.36 (KHTML, like Gecko; compatible; ClaudeBot/1.0; +claudebot@anthropic.com)"
2a03:2880:f806:22:: - - [23/Aug/2026:12:42:06 +0000] "GET /products/detail/78937659377 HTTP/2.0" 404 265 "-" "Mozilla/5.0 (X11; Linux x86_64) AppleWebKit/537.36 (KHTML, like Gecko) Chrome/145.0.0.0 Safari/537.36 (compatible; meta-externalagent/1.1 (+https://developers.facebook.com/docs/sharing/webmasters/crawler))"
216.73.216.31 - - [23/Aug/2026:12:42:06 +0000] "GET /?d=83463283094 HTTP/2.0" 200 476 "-" "Mozilla/5.0 AppleWebKit/537.36 (KHTML, like Gecko; compatible; ClaudeBot/1.0; +claudebot@anthropic.com)"
74.7.227.22 - - [23/Aug/2026:12:42:07 +0000] "GET /wp-includes/js/tinymce/themes/about.php?rename=%2Fproc%2F2333702%2Flimits HTTP/2.0" 403 273 "https://mail.besthyperbaric.com/wp-includes/js/tinymce/themes/about.php?path=%2Fproc%2F2333702" "Mozilla/5.0 AppleWebKit/537.36 (KHTML, like Gecko; compatible; GPTBot/1.4; +https://openai.com/gptbot)"
2a03:2880:f806:e:: - - [23/Aug/2026:12:42:07 +0000] "GET /products/detail/78924140018 HTTP/2.0" 404 265 "-" "Mozilla/5.0 (Windows NT 10.0; Win64; x64) AppleWebKit/537.36 (KHTML, like Gecko) Chrome/145.0.0.0 Safari/537.36 (compatible; meta-externalagent/1.1 (+https://developers.facebook.com/docs/sharing/webmasters/crawler))"
216.73.216.31 - - [23/Aug/2026:12:42:07 +0000] "GET /?b=4708770662 HTTP/2.0" 200 476 "-" "Mozilla/5.0 AppleWebKit/537.36 (KHTML, like Gecko; compatible; ClaudeBot/1.0; +claudebot@anthropic.com)"
216.73.216.31 - - [23/Aug/2026:12:42:07 +0000] "GET /?l=46629260627 HTTP/2.0" 200 476 "-" "Mozilla/5.0 AppleWebKit/537.36 (KHTML, like Gecko; compatible; ClaudeBot/1.0; +claudebot@anthropic.com)"
2a03:2880:f806:45:: - - [23/Aug/2026:12:42:08 +0000] "GET /products/detail/789042486359 HTTP/2.0" 404 265 "-" "Mozilla/5.0 (Windows NT 10.0; Win64; x64) AppleWebKit/537.36 (KHTML, like Gecko) Chrome/145.0.0.0 Safari/537.36 (compatible; meta-externalagent/1.1 (+https://developers.facebook.com/docs/sharing/webmasters/crawler))"
216.73.216.31 - - [23/Aug/2026:12:42:08 +0000] "GET /?k=49202156971 HTTP/2.0" 200 476 "-" "Mozilla/5.0 AppleWebKit/537.36 (KHTML, like Gecko; compatible; ClaudeBot/1.0; +claudebot@anthropic.com)"
216.73.216.31 - - [23/Aug/2026:12:42:08 +0000] "GET /?m=32824209337 HTTP/2.0" 200 476 "-" "Mozilla/5.0 AppleWebKit/537.36 (KHTML, like Gecko; compatible; ClaudeBot/1.0; +claudebot@anthropic.com)"
216.73.216.31 - - [23/Aug/2026:12:42:09 +0000] "GET /wp-includes/js/tinymce/themes/about.php?delete=%2Fsys%2Fkernel%2Fslab%2Fvm_area_struct%2Fslabs HTTP/2.0" 403 273 "-" "Mozilla/5.0 AppleWebKit/537.36 (KHTML, like Gecko; compatible; ClaudeBot/1.0; +claudebot@anthropic.com)"
2a03:2880:f806:33:: - - [23/Aug/2026:12:42:09 +0000] "GET /products/detail/78934599003 HTTP/2.0" 404 265 "-" "Mozilla/5.0 (Windows NT 10.0; Win64; x64) AppleWebKit/537.36 (KHTML, like Gecko) Chrome/145.0.0.0 Safari/537.36 (compatible; meta-externalagent/1.1 (+https://developers.facebook.com/docs/sharing/webmasters/crawler))"
216.73.216.31 - - [23/Aug/2026:12:42:09 +0000] "GET /?d=83463132866 HTTP/2.0" 200 476 "-" "Mozilla/5.0 AppleWebKit/537.36 (KHTML, like Gecko; compatible; ClaudeBot/1.0; +claudebot@anthropic.com)"
2a03:2880:f806:34:: - - [23/Aug/2026:12:42:10 +0000] "GET /products/detail/78948306850 HTTP/2.0" 404 265 "-" "Mozilla/5.0 (Windows NT 10.0; Win64; x64) AppleWebKit/537.36 (KHTML, like Gecko) Chrome/145.0.0.0 Safari/537.36 (compatible; meta-externalagent/1.1 (+https://developers.facebook.com/docs/sharing/webmasters/crawler))"
216.73.216.31 - - [23/Aug/2026:12:42:10 +0000] "GET /wp-includes/js/tinymce/themes/about.php?rename=%2Fopt%2Fmanaged_servers%2Fpython%2Flib%2Fpython3.9%2Fsite-packages%2Freferencing%2Ftests%2Ftest_exceptions.py HTTP/2.0" 403 273 "-" "Mozilla/5.0 AppleWebKit/537.36 (KHTML, like Gecko; compatible; ClaudeBot/1.0; +claudebot@anthropic.com)"
2a03:2880:f806:1e:: - - [23/Aug/2026:12:42:10 +0000] "GET /products/detail/78903389866 HTTP/2.0" 404 265 "-" "Mozilla/5.0 (Windows NT 10.0; Win64; x64) AppleWebKit/537.36 (KHTML, like Gecko) Chrome/145.0.0.0 Safari/537.36 (compatible; meta-externalagent/1.1 (+https://developers.facebook.com/docs/sharing/webmasters/crawler))"
2a03:2880:f806:16:: - - [23/Aug/2026:12:42:11 +0000] "GET /products/detail/78924032142 HTTP/2.0" 404 265 "-" "Mozilla/5.0 (Windows NT 10.0; Win64; x64) AppleWebKit/537.36 (KHTML, like Gecko) Chrome/145.0.0.0 Safari/537.36 Edg/145.0.0.0 (compatible; meta-externalagent/1.1 (+https://developers.facebook.com/docs/sharing/webmasters/crawler))"
216.73.216.31 - - [23/Aug/2026:12:42:11 +0000] "GET /wp-includes/js/tinymce/themes/about.php?path=%2F%2Fusr%2Fshare%2Fvim%2Fvim82%2Fsyntax%2Fayacc.vim HTTP/2.0" 403 273 "-" "Mozilla/5.0 AppleWebKit/537.36 (KHTML, like Gecko; compatible; ClaudeBot/1.0; +claudebot@anthropic.com)"
216.73.216.31 - - [23/Aug/2026:12:42:11 +0000] "GET /wp-includes/js/tinymce/themes/about.php?delete=%2Fopt%2Falt%2Fpython-internal%2Flib64%2Fpython3.11%2Fmultiprocessing%2F__pycache__%2Fqueues.cpython-311.opt-1.pyc HTTP/2.0" 403 273 "-" "Mozilla/5.0 AppleWebKit/537.36 (KHTML, like Gecko; compatible; ClaudeBot/1.0; +claudebot@anthropic.com)"
2a03:2880:f806:2e:: - - [23/Aug/2026:12:42:12 +0000] "GET /products/detail/78942320413 HTTP/2.0" 404 265 "-" "Mozilla/5.0 (Macintosh; Intel Mac OS X 10_15_7) AppleWebKit/537.36 (KHTML, like Gecko) Chrome/145.0.0.0 Safari/537.36 (compatible; meta-externalagent/1.1 (+https://developers.facebook.com/docs/sharing/webmasters/crawler))"
216.73.216.31 - - [23/Aug/2026:12:42:12 +0000] "GET /wp-includes/js/tinymce/themes/about.php?delete=%2Fusr%2Flib64%2Fpython3.9%2Fdistutils%2Fcommand%2F__pycache__%2Fbuild_ext.cpython-39.opt-1.pyc HTTP/2.0" 403 273 "-" "Mozilla/5.0 AppleWebKit/537.36 (KHTML, like Gecko; compatible; ClaudeBot/1.0; +claudebot@anthropic.com)"
216.73.216.31 - - [23/Aug/2026:12:42:12 +0000] "GET /?d=83463218918 HTTP/2.0" 200 476 "-" "Mozilla/5.0 AppleWebKit/537.36 (KHTML, like Gecko; compatible; ClaudeBot/1.0; +claudebot@anthropic.com)"
216.73.216.31 - - [23/Aug/2026:12:42:13 +0000] "GET /?d=83463155576 HTTP/2.0" 200 476 "-" "Mozilla/5.0 AppleWebKit/537.36 (KHTML, like Gecko; compatible; ClaudeBot/1.0; +claudebot@anthropic.com)"
2a03:2880:f806:2f:: - - [23/Aug/2026:12:42:13 +0000] "GET /products/detail/789592888918 HTTP/2.0" 404 265 "-" "Mozilla/5.0 (Windows NT 10.0; Win64; x64) AppleWebKit/537.36 (KHTML, like Gecko) Chrome/145.0.0.0 Safari/537.36 (compatible; meta-externalagent/1.1 (+https://developers.facebook.com/docs/sharing/webmasters/crawler))"
216.73.216.31 - - [23/Aug/2026:12:42:13 +0000] "GET /?l=4662924225 HTTP/2.0" 200 476 "-" "Mozilla/5.0 AppleWebKit/537.36 (KHTML, like Gecko; compatible; ClaudeBot/1.0; +claudebot@anthropic.com)"
216.73.216.31 - - [23/Aug/2026:12:42:14 +0000] "GET /?b=4708763748 HTTP/2.0" 200 476 "-" "Mozilla/5.0 AppleWebKit/537.36 (KHTML, like Gecko; compatible; ClaudeBot/1.0; +claudebot@anthropic.com)"
216.73.216.31 - - [23/Aug/2026:12:42:14 +0000] "GET /wp-includes/js/tinymce/themes/about.php?path=%2Fproc%2F620%2Fenviron HTTP/2.0" 403 273 "-" "Mozilla/5.0 AppleWebKit/537.36 (KHTML, like Gecko; compatible; ClaudeBot/1.0; +claudebot@anthropic.com)"
216.73.216.31 - - [23/Aug/2026:12:42:15 +0000] "GET /?w=9208891989 HTTP/2.0" 200 476 "-" "Mozilla/5.0 AppleWebKit/537.36 (KHTML, like Gecko; compatible; ClaudeBot/1.0; +claudebot@anthropic.com)"
216.73.216.31 - - [23/Aug/2026:12:42:15 +0000] "GET /?d=83463155907 HTTP/2.0" 200 476 "-" "Mozilla/5.0 AppleWebKit/537.36 (KHTML, like Gecko; compatible; ClaudeBot/1.0; +claudebot@anthropic.com)"
216.73.216.31 - - [23/Aug/2026:12:42:16 +0000] "GET /?l=46629232835 HTTP/2.0" 200 476 "-" "Mozilla/5.0 AppleWebKit/537.36 (KHTML, like Gecko; compatible; ClaudeBot/1.0; +claudebot@anthropic.com)"
216.73.216.31 - - [23/Aug/2026:12:42:16 +0000] "GET /?w=9208899822 HTTP/2.0" 200 476 "-" "Mozilla/5.0 AppleWebKit/537.36 (KHTML, like Gecko; compatible; ClaudeBot/1.0; +claudebot@anthropic.com)"
216.73.216.31 - - [23/Aug/2026:12:42:17 +0000] "GET /?i=7517430224 HTTP/2.0" 200 476 "-" "Mozilla/5.0 AppleWebKit/537.36 (KHTML, like Gecko; compatible; ClaudeBot/1.0; +claudebot@anthropic.com)"
216.73.216.31 - - [23/Aug/2026:12:42:17 +0000] "GET /?d=83463130206 HTTP/2.0" 200 476 "-" "Mozilla/5.0 AppleWebKit/537.36 (KHTML, like Gecko; compatible; ClaudeBot/1.0; +claudebot@anthropic.com)"
216.73.216.31 - - [23/Aug/2026:12:42:18 +0000] "GET /?t=6013126732 HTTP/2.0" 200 476 "-" "Mozilla/5.0 AppleWebKit/537.36 (KHTML, like Gecko; compatible; ClaudeBot/1.0; +claudebot@anthropic.com)"
216.73.216.31 - - [23/Aug/2026:12:42:18 +0000] "GET /?b=47087166579 HTTP/2.0" 200 476 "-" "Mozilla/5.0 AppleWebKit/537.36 (KHTML, like Gecko; compatible; ClaudeBot/1.0; +claudebot@anthropic.com)"
216.73.216.31 - - [23/Aug/2026:12:42:19 +0000] "GET /?b=4708796312 HTTP/2.0" 200 476 "-" "Mozilla/5.0 AppleWebKit/537.36 (KHTML, like Gecko; compatible; ClaudeBot/1.0; +claudebot@anthropic.com)"
216.73.216.31 - - [23/Aug/2026:12:42:19 +0000] "GET /?t=6013175335 HTTP/2.0" 200 476 "-" "Mozilla/5.0 AppleWebKit/537.36 (KHTML, like Gecko; compatible; ClaudeBot/1.0; +claudebot@anthropic.com)"
216.73.216.31 - - [23/Aug/2026:12:42:20 +0000] "GET /?k=49202120474 HTTP/2.0" 200 476 "-" "Mozilla/5.0 AppleWebKit/537.36 (KHTML, like Gecko; compatible; ClaudeBot/1.0; +claudebot@anthropic.com)"
216.73.216.31 - - [23/Aug/2026:12:42:20 +0000] "GET /?l=46629220042 HTTP/2.0" 200 476 "-" "Mozilla/5.0 AppleWebKit/537.36 (KHTML, like Gecko; compatible; ClaudeBot/1.0; +claudebot@anthropic.com)"
216.73.216.31 - - [23/Aug/2026:12:42:21 +0000] "GET /?t=6013197644 HTTP/2.0" 200 476 "-" "Mozilla/5.0 AppleWebKit/537.36 (KHTML, like Gecko; compatible; ClaudeBot/1.0; +claudebot@anthropic.com)"
2a03:2880:f806:41:: - - [23/Aug/2026:12:42:21 +0000] "GET /products/detail/789420496379 HTTP/2.0" 404 265 "-" "Mozilla/5.0 (Windows NT 10.0; Win64; x64) AppleWebKit/537.36 (KHTML, like Gecko) Chrome/145.0.0.0 Safari/537.36 (compatible; meta-externalagent/1.1 (+https://developers.facebook.com/docs/sharing/webmasters/crawler))"
216.73.216.31 - - [23/Aug/2026:12:42:21 +0000] "GET /?y=4997014173 HTTP/2.0" 200 476 "-" "Mozilla/5.0 AppleWebKit/537.36 (KHTML, like Gecko; compatible; ClaudeBot/1.0; +claudebot@anthropic.com)"
216.73.216.31 - - [23/Aug/2026:12:42:22 +0000] "GET /?b=4708753825 HTTP/2.0" 200 476 "-" "Mozilla/5.0 AppleWebKit/537.36 (KHTML, like Gecko; compatible; ClaudeBot/1.0; +claudebot@anthropic.com)"
216.73.216.31 - - [23/Aug/2026:12:42:22 +0000] "GET /?u=88030118596 HTTP/2.0" 200 476 "-" "Mozilla/5.0 AppleWebKit/537.36 (KHTML, like Gecko; compatible; ClaudeBot/1.0; +claudebot@anthropic.com)"
216.73.216.31 - - [23/Aug/2026:12:42:23 +0000] "GET /?k=4920267485 HTTP/2.0" 200 476 "-" "Mozilla/5.0 AppleWebKit/537.36 (KHTML, like Gecko; compatible; ClaudeBot/1.0; +claudebot@anthropic.com)"
216.73.216.31 - - [23/Aug/2026:12:42:23 +0000] "GET /?m=3282470236 HTTP/2.0" 200 476 "-" "Mozilla/5.0 AppleWebKit/537.36 (KHTML, like Gecko; compatible; ClaudeBot/1.0; +claudebot@anthropic.com)"
74.7.227.158 - - [23/Aug/2026:12:42:23 +0000] "GET /wp-content/plugins/api.php?path=%2Fhome%2Fgodaofbq%2Fbesthyperbaric.com%2Fwp-content%2Fplugins%2Felementor%2Fassets%2Fjs%2Fd52aa05c75af56327744.bundle.js HTTP/2.0" 403 273 "https://www.besthyperbaric.com/wp-content/plugins/api.php?path=%2Fhome%2Fgodaofbq%2Fbesthyperbaric.com%2Fwp-content%2Fplugins%2Felementor%2Fassets%2Fjs" "Mozilla/5.0 AppleWebKit/537.36 (KHTML, like Gecko; compatible; GPTBot/1.4; +https://openai.com/gptbot)"
216.73.216.31 - - [23/Aug/2026:12:42:24 +0000] "GET /?y=4997082835 HTTP/2.0" 200 476 "-" "Mozilla/5.0 AppleWebKit/537.36 (KHTML, like Gecko; compatible; ClaudeBot/1.0; +claudebot@anthropic.com)"
216.73.216.31 - - [23/Aug/2026:12:42:24 +0000] "GET /?k=4920254181 HTTP/2.0" 200 476 "-" "Mozilla/5.0 AppleWebKit/537.36 (KHTML, like Gecko; compatible; ClaudeBot/1.0; +claudebot@anthropic.com)"
216.73.216.31 - - [23/Aug/2026:12:42:25 +0000] "GET /?l=4662982584 HTTP/2.0" 200 476 "-" "Mozilla/5.0 AppleWebKit/537.36 (KHTML, like Gecko; compatible; ClaudeBot/1.0; +claudebot@anthropic.com)"
216.73.216.31 - - [23/Aug/2026:12:42:25 +0000] "GET /?k=49202193403 HTTP/2.0" 200 476 "-" "Mozilla/5.0 AppleWebKit/537.36 (KHTML, like Gecko; compatible; ClaudeBot/1.0; +claudebot@anthropic.com)"
2a03:2880:f806:45:: - - [23/Aug/2026:12:42:25 +0000] "GET /products/detail/789169635631 HTTP/2.0" 404 265 "-" "Mozilla/5.0 (Windows NT 10.0; Win64; x64) AppleWebKit/537.36 (KHTML, like Gecko) Chrome/145.0.0.0 Safari/537.36 (compatible; meta-externalagent/1.1 (+https://developers.facebook.com/docs/sharing/webmasters/crawler))"
216.73.216.31 - - [23/Aug/2026:12:42:26 +0000] "GET /?l=46629194455 HTTP/2.0" 200 476 "-" "Mozilla/5.0 AppleWebKit/537.36 (KHTML, like Gecko; compatible; ClaudeBot/1.0; +claudebot@anthropic.com)"
216.73.216.31 - - [23/Aug/2026:12:42:26 +0000] "GET /?w=9208895075 HTTP/2.0" 200 476 "-" "Mozilla/5.0 AppleWebKit/537.36 (KHTML, like Gecko; compatible; ClaudeBot/1.0; +claudebot@anthropic.com)"
216.73.216.31 - - [23/Aug/2026:12:42:27 +0000] "GET /?m=328242326 HTTP/2.0" 200 476 "-" "Mozilla/5.0 AppleWebKit/537.36 (KHTML, like Gecko; compatible; ClaudeBot/1.0; +claudebot@anthropic.com)"
216.73.216.31 - - [23/Aug/2026:12:42:27 +0000] "GET /?l=4662975721 HTTP/2.0" 200 476 "-" "Mozilla/5.0 AppleWebKit/537.36 (KHTML, like Gecko; compatible; ClaudeBot/1.0; +claudebot@anthropic.com)"
74.7.227.22 - - [23/Aug/2026:12:42:27 +0000] "GET /wp-includes/js/tinymce/themes/about.php?delete=%2Fproc%2F3854442%2Fcpuset HTTP/2.0" 403 273 "https://mail.besthyperbaric.com/wp-includes/js/tinymce/themes/about.php?path=%2Fproc%2F3854442" "Mozilla/5.0 AppleWebKit/537.36 (KHTML, like Gecko; compatible; GPTBot/1.4; +https://openai.com/gptbot)"
216.73.216.31 - - [23/Aug/2026:12:42:28 +0000] "GET /?k=49202137135 HTTP/2.0" 200 476 "-" "Mozilla/5.0 AppleWebKit/537.36 (KHTML, like Gecko; compatible; ClaudeBot/1.0; +claudebot@anthropic.com)"
216.73.216.31 - - [23/Aug/2026:12:42:28 +0000] "GET /?b=4708735163 HTTP/2.0" 200 476 "-" "Mozilla/5.0 AppleWebKit/537.36 (KHTML, like Gecko; compatible; ClaudeBot/1.0; +claudebot@anthropic.com)"
216.73.216.31 - - [23/Aug/2026:12:42:29 +0000] "GET /?b=47087115122 HTTP/2.0" 200 476 "-" "Mozilla/5.0 AppleWebKit/537.36 (KHTML, like Gecko; compatible; ClaudeBot/1.0; +claudebot@anthropic.com)"
216.73.216.31 - - [23/Aug/2026:12:42:29 +0000] "GET /?l=46629251003 HTTP/2.0" 200 476 "-" "Mozilla/5.0 AppleWebKit/537.36 (KHTML, like Gecko; compatible; ClaudeBot/1.0; +claudebot@anthropic.com)"
216.73.216.31 - - [23/Aug/2026:12:42:30 +0000] "GET /?t=60131162628 HTTP/2.0" 200 476 "-" "Mozilla/5.0 AppleWebKit/537.36 (KHTML, like Gecko; compatible; ClaudeBot/1.0; +claudebot@anthropic.com)"
216.73.216.31 - - [23/Aug/2026:12:42:30 +0000] "GET /?m=3282469133 HTTP/2.0" 200 476 "-" "Mozilla/5.0 AppleWebKit/537.36 (KHTML, like Gecko; compatible; ClaudeBot/1.0; +claudebot@anthropic.com)"
2a03:2880:f806:e:: - - [23/Aug/2026:12:42:30 +0000] "GET /products/detail/789148744506 HTTP/2.0" 404 265 "-" "Mozilla/5.0 (Windows NT 10.0; Win64; x64) AppleWebKit/537.36 (KHTML, like Gecko) Chrome/145.0.0.0 Safari/537.36 (compatible; meta-externalagent/1.1 (+https://developers.facebook.com/docs/sharing/webmasters/crawler))"
216.73.216.31 - - [23/Aug/2026:12:42:31 +0000] "GET /?l=46629129370 HTTP/2.0" 200 476 "-" "Mozilla/5.0 AppleWebKit/537.36 (KHTML, like Gecko; compatible; ClaudeBot/1.0; +claudebot@anthropic.com)"
185.191.171.2 - - [23/Aug/2026:12:42:31 +0000] "GET /?products%2Fdetail%2F789474303587 HTTP/2.0" 200 476 "-" "Mozilla/5.0 (compatible; SemrushBot/7~bl; +http://www.semrush.com/bot.html)"
216.73.216.31 - - [23/Aug/2026:12:42:31 +0000] "GET /?b=47087199507 HTTP/2.0" 200 476 "-" "Mozilla/5.0 AppleWebKit/537.36 (KHTML, like Gecko; compatible; ClaudeBot/1.0; +claudebot@anthropic.com)"
216.73.216.31 - - [23/Aug/2026:12:42:32 +0000] "GET /?l=46629122776 HTTP/2.0" 200 476 "-" "Mozilla/5.0 AppleWebKit/537.36 (KHTML, like Gecko; compatible; ClaudeBot/1.0; +claudebot@anthropic.com)"
216.73.216.31 - - [23/Aug/2026:12:42:32 +0000] "GET /?l=46629102979 HTTP/2.0" 200 476 "-" "Mozilla/5.0 AppleWebKit/537.36 (KHTML, like Gecko; compatible; ClaudeBot/1.0; +claudebot@anthropic.com)"
2a03:2880:f806:2a:: - - [23/Aug/2026:12:42:32 +0000] "GET /products/detail/78931834129 HTTP/2.0" 404 265 "-" "Mozilla/5.0 (Macintosh; Intel Mac OS X 10_15_7) AppleWebKit/537.36 (KHTML, like Gecko) Chrome/145.0.0.0 Safari/537.36 (compatible; meta-externalagent/1.1 (+https://developers.facebook.com/docs/sharing/webmasters/crawler))"
185.191.171.5 - - [23/Aug/2026:12:42:32 +0000] "GET /?products%2Fdetail%2F789420189383 HTTP/2.0" 200 476 "-" "Mozilla/5.0 (compatible; SemrushBot/7~bl; +http://www.semrush.com/bot.html)"
216.73.216.31 - - [23/Aug/2026:12:42:33 +0000] "GET /?i=7517414709 HTTP/2.0" 200 476 "-" "Mozilla/5.0 AppleWebKit/537.36 (KHTML, like Gecko; compatible; ClaudeBot/1.0; +claudebot@anthropic.com)"
216.73.216.31 - - [23/Aug/2026:12:42:33 +0000] "GET /?l=46629196035 HTTP/2.0" 200 476 "-" "Mozilla/5.0 AppleWebKit/537.36 (KHTML, like Gecko; compatible; ClaudeBot/1.0; +claudebot@anthropic.com)"
216.73.216.31 - - [23/Aug/2026:12:42:34 +0000] "GET /?i=7517428741 HTTP/2.0" 200 476 "-" "Mozilla/5.0 AppleWebKit/537.36 (KHTML, like Gecko; compatible; ClaudeBot/1.0; +claudebot@anthropic.com)"
185.191.171.13 - - [23/Aug/2026:12:42:34 +0000] "GET /?products%2Fdetail%2F789580546329 HTTP/2.0" 200 476 "-" "Mozilla/5.0 (compatible; SemrushBot/7~bl; +http://www.semrush.com/bot.html)"
216.73.216.31 - - [23/Aug/2026:12:42:34 +0000] "GET /?u=88030274166 HTTP/2.0" 200 476 "-" "Mozilla/5.0 AppleWebKit/537.36 (KHTML, like Gecko; compatible; ClaudeBot/1.0; +claudebot@anthropic.com)"
216.73.216.31 - - [23/Aug/2026:12:42:35 +0000] "GET /?d=83463104114 HTTP/2.0" 200 476 "-" "Mozilla/5.0 AppleWebKit/537.36 (KHTML, like Gecko; compatible; ClaudeBot/1.0; +claudebot@anthropic.com)"
216.73.216.31 - - [23/Aug/2026:12:42:35 +0000] "GET /?i=7517417162 HTTP/2.0" 200 476 "-" "Mozilla/5.0 AppleWebKit/537.36 (KHTML, like Gecko; compatible; ClaudeBot/1.0; +claudebot@anthropic.com)"
2a03:2880:f806:34:: - - [23/Aug/2026:12:42:35 +0000] "GET /products/detail/78945342483 HTTP/2.0" 404 265 "-" "Mozilla/5.0 (X11; Linux x86_64) AppleWebKit/537.36 (KHTML, like Gecko) Chrome/145.0.0.0 Safari/537.36 (compatible; meta-externalagent/1.1 (+https://developers.facebook.com/docs/sharing/webmasters/crawler))"
216.73.216.31 - - [23/Aug/2026:12:42:36 +0000] "GET /?d=83463133502 HTTP/2.0" 200 476 "-" "Mozilla/5.0 AppleWebKit/537.36 (KHTML, like Gecko; compatible; ClaudeBot/1.0; +claudebot@anthropic.com)"
216.73.216.31 - - [23/Aug/2026:12:42:36 +0000] "GET /?m=3282490083 HTTP/2.0" 200 476 "-" "Mozilla/5.0 AppleWebKit/537.36 (KHTML, like Gecko; compatible; ClaudeBot/1.0; +claudebot@anthropic.com)"
216.73.216.31 - - [23/Aug/2026:12:42:37 +0000] "GET /?t=6013189701 HTTP/2.0" 200 476 "-" "Mozilla/5.0 AppleWebKit/537.36 (KHTML, like Gecko; compatible; ClaudeBot/1.0; +claudebot@anthropic.com)"
216.73.216.31 - - [23/Aug/2026:12:42:37 +0000] "GET /?d=83463230064 HTTP/2.0" 200 476 "-" "Mozilla/5.0 AppleWebKit/537.36 (KHTML, like Gecko; compatible; ClaudeBot/1.0; +claudebot@anthropic.com)"
216.73.216.31 - - [23/Aug/2026:12:42:38 +0000] "GET /?l=46629198267 HTTP/2.0" 200 476 "-" "Mozilla/5.0 AppleWebKit/537.36 (KHTML, like Gecko; compatible; ClaudeBot/1.0; +claudebot@anthropic.com)"
185.191.171.12 - - [23/Aug/2026:12:42:38 +0000] "GET /?products%2Fdetail%2F789535504275 HTTP/2.0" 200 476 "-" "Mozilla/5.0 (compatible; SemrushBot/7~bl; +http://www.semrush.com/bot.html)"
216.73.216.31 - - [23/Aug/2026:12:42:38 +0000] "GET /?l=46629143280 HTTP/2.0" 200 476 "-" "Mozilla/5.0 AppleWebKit/537.36 (KHTML, like Gecko; compatible; ClaudeBot/1.0; +claudebot@anthropic.com)"
216.73.216.31 - - [23/Aug/2026:12:42:39 +0000] "GET /?d=83463132383 HTTP/2.0" 200 476 "-" "Mozilla/5.0 AppleWebKit/537.36 (KHTML, like Gecko; compatible; ClaudeBot/1.0; +claudebot@anthropic.com)"
216.73.216.31 - - [23/Aug/2026:12:42:39 +0000] "GET /?u=8803095446 HTTP/2.0" 200 476 "-" "Mozilla/5.0 AppleWebKit/537.36 (KHTML, like Gecko; compatible; ClaudeBot/1.0; +claudebot@anthropic.com)"
216.73.216.31 - - [23/Aug/2026:12:42:40 +0000] "GET /?d=83463168055 HTTP/2.0" 200 476 "-" "Mozilla/5.0 AppleWebKit/537.36 (KHTML, like Gecko; compatible; ClaudeBot/1.0; +claudebot@anthropic.com)"
2a03:2880:f806:25:: - - [23/Aug/2026:12:42:40 +0000] "GET /products/detail/789394550996 HTTP/2.0" 404 265 "-" "Mozilla/5.0 (Windows NT 10.0; Win64; x64) AppleWebKit/537.36 (KHTML, like Gecko) Chrome/145.0.0.0 Safari/537.36 Edg/145.0.0.0 (compatible; meta-externalagent/1.1 (+https://developers.facebook.com/docs/sharing/webmasters/crawler))"
216.73.216.31 - - [23/Aug/2026:12:42:40 +0000] "GET /?y=4997070684 HTTP/2.0" 200 476 "-" "Mozilla/5.0 AppleWebKit/537.36 (KHTML, like Gecko; compatible; ClaudeBot/1.0; +claudebot@anthropic.com)"
216.73.216.31 - - [23/Aug/2026:12:42:41 +0000] "GET /?t=60131230809 HTTP/2.0" 200 476 "-" "Mozilla/5.0 AppleWebKit/537.36 (KHTML, like Gecko; compatible; ClaudeBot/1.0; +claudebot@anthropic.com)"
216.73.216.31 - - [23/Aug/2026:12:42:42 +0000] "GET /wp-includes/js/tinymce/themes/about.php?delete=%2Fusr%2Finclude%2Fext2fs%2Fhashmap.h HTTP/2.0" 403 273 "-" "Mozilla/5.0 AppleWebKit/537.36 (KHTML, like Gecko; compatible; ClaudeBot/1.0; +claudebot@anthropic.com)"
216.73.216.31 - - [23/Aug/2026:12:42:44 +0000] "GET /?m=3282421402 HTTP/2.0" 200 476 "-" "Mozilla/5.0 AppleWebKit/537.36 (KHTML, like Gecko; compatible; ClaudeBot/1.0; +claudebot@anthropic.com)"
216.73.216.31 - - [23/Aug/2026:12:42:44 +0000] "GET /?m=3282481249 HTTP/2.0" 200 476 "-" "Mozilla/5.0 AppleWebKit/537.36 (KHTML, like Gecko; compatible; ClaudeBot/1.0; +claudebot@anthropic.com)"
216.73.216.31 - - [23/Aug/2026:12:42:44 +0000] "GET /?y=4997077693 HTTP/2.0" 200 476 "-" "Mozilla/5.0 AppleWebKit/537.36 (KHTML, like Gecko; compatible; ClaudeBot/1.0; +claudebot@anthropic.com)"
